{"id":724477,"date":"2025-08-27T19:35:09","date_gmt":"2025-08-27T16:35:09","guid":{"rendered":"https:\/\/roveyayinevi.com.tr\/index.php\/urun\/istedigin-bir-sey-olursa-bir-hayir-olmazsa-bin-hayir-ara\/"},"modified":"2026-04-16T02:32:21","modified_gmt":"2026-04-15T23:32:21","slug":"istedigin-bir-sey-olursa-bir-hayir-olmazsa-bin-hayir-ara","status":"publish","type":"product","link":"https:\/\/roveyayinevi.com.tr\/index.php\/urun\/istedigin-bir-sey-olursa-bir-hayir-olmazsa-bin-hayir-ara\/","title":{"rendered":"\u0130stedi\u011fin Bir \u015eey Olursa Bir Hay\u0131r, Olmazsa Bin Hay\u0131r Ara"},"content":{"rendered":"<p>\u201cA\u015fk nasip i\u015fidir, hesap i\u015fi de\u011fil. A\u015fk aday\u0131\u015ft\u0131r, aray\u0131\u015f de\u011fil. Sen adanm\u0131\u015f ve yanm\u0131\u015fsan bu u\u011furda, a\u015fk sana uzak de\u011fil.\u201d   D\u00fcnyan\u0131n en \u00e7ok okunan sufisi Mevlana, \u201cAllah\u2019a ula\u015facak pek \u00e7ok yol var. Ben A\u015fk\u2019\u0131 se\u00e7tim&#8230;\u201d derken bir \u201cadanm\u0131\u015fl\u0131k\u201d metaforu olarak a\u015fk\u0131 koyar kar\u015f\u0131m\u0131za. A\u015fk, ya\u015fam boyu s\u00fcren bir anlam aray\u0131\u015f\u0131 ve anlam deneyimidir onun a\u00e7\u0131s\u0131ndan. Mevlana\u2019ya g\u00f6re, i\u00e7inde a\u015fk bar\u0131nd\u0131rmayan bir kalp ya deliye aittir ya da \u00f6l\u00fcye&#8230; Ney enstr\u00fcman\u0131n\u0131 insano\u011flunun yarad\u0131l\u0131\u015f\u0131yla \u00f6zde\u015fle\u015ftiren b\u00fcy\u00fck sufinin Mesnevi adl\u0131 yap\u0131t\u0131n\u0131n ilk on sekiz beyti k\u00e2inat\u0131n s\u0131rlar\u0131yla dolu olmas\u0131 bak\u0131m\u0131ndan \u00e7ok k\u0131ymetlidir. Bu kitapta a\u015fkla de\u011fer bulan hayat penceresinden k\u00e2inat\u0131n sonsuz s\u0131rlar\u0131n\u0131 izliyor olacaks\u0131n\u0131z. <\/p>\n","protected":false},"excerpt":{"rendered":"<p>\u201cA\u015fk nasip i\u015fidir, hesap i\u015fi de\u011fil. A\u015fk aday\u0131\u015ft\u0131r, aray\u0131\u015f de\u011fil. Sen adanm\u0131\u015f ve yanm\u0131\u015fsan bu u\u011furda, a\u015fk sana uzak de\u011fil.\u201d D\u00fcnyan\u0131n en \u00e7ok okunan sufisi Mevlana,<span class=\"excerpt-hellip\"> [\u2026]<\/span><\/p>\n","protected":false},"featured_media":0,"template":"","meta":{"_monsterinsights_skip_tracking":false,"_monsterinsights_sitenote_active":false,"_monsterinsights_sitenote_note":"","_monsterinsights_sitenote_category":0},"product_brand":[],"product_cat":[19998,12388],"product_tag":[],"class_list":{"0":"post-724477","1":"product","2":"type-product","3":"status-publish","5":"product_cat-din-felsefesi","6":"product_cat-felsefe","7":"pa_cilt-ciltsiz","8":"pa_tur-kitap","9":"pa_yayinevi-destek-yayinlari","10":"pa_yazar-mevlana","12":"first","13":"instock","14":"sale","15":"shipping-taxable","16":"purchasable","17":"product-type-simple"},"_links":{"self":[{"href":"https:\/\/roveyayinevi.com.tr\/index.php\/wp-json\/wp\/v2\/product\/724477","targetHints":{"allow":["GET"]}}],"collection":[{"href":"https:\/\/roveyayinevi.com.tr\/index.php\/wp-json\/wp\/v2\/product"}],"about":[{"href":"https:\/\/roveyayinevi.com.tr\/index.php\/wp-json\/wp\/v2\/types\/product"}],"wp:attachment":[{"href":"https:\/\/roveyayinevi.com.tr\/index.php\/wp-json\/wp\/v2\/media?parent=724477"}],"wp:term":[{"taxonomy":"product_brand","embeddable":true,"href":"https:\/\/roveyayinevi.com.tr\/index.php\/wp-json\/wp\/v2\/product_brand?post=724477"},{"taxonomy":"product_cat","embeddable":true,"href":"https:\/\/roveyayinevi.com.tr\/index.php\/wp-json\/wp\/v2\/product_cat?post=724477"},{"taxonomy":"product_tag","embeddable":true,"href":"https:\/\/roveyayinevi.com.tr\/index.php\/wp-json\/wp\/v2\/product_tag?post=724477"}],"curies":[{"name":"wp","href":"https:\/\/api.w.org\/{rel}","templated":true}]}}