{"id":724474,"date":"2025-08-27T19:35:07","date_gmt":"2025-08-27T16:35:07","guid":{"rendered":"https:\/\/roveyayinevi.com.tr\/index.php\/urun\/kum-gibi\/"},"modified":"2026-04-16T02:32:21","modified_gmt":"2026-04-15T23:32:21","slug":"kum-gibi","status":"publish","type":"product","link":"https:\/\/roveyayinevi.com.tr\/index.php\/urun\/kum-gibi\/","title":{"rendered":"Kum Gibi"},"content":{"rendered":"<p>\u201cKad\u0131nlar gelip ge\u00e7iyordu g\u00f6z\u00fcn\u00fcn \u00f6n\u00fcnden. Sar\u0131\u015f\u0131n, renkli g\u00f6zl\u00fc kad\u0131nlar. Dara\u2019ya bakarken de\u011fi\u015fiyordu o u\u011fruna \u00f6l\u00fcnesi g\u00f6zler. K\u0131rm\u0131z\u0131, k\u0131pk\u0131rm\u0131z\u0131 alev topu olup ate\u015f sa\u00e7\u0131yordu her bir g\u00f6z. Dara o ate\u015flerin aras\u0131nda yan\u0131yor, kendini kuma at\u0131yordu ama kum da en az kad\u0131nlar kadar yak\u0131yordu gencin bedenini. Ojeli parmaklar, rujlu dudaklar, irili ufakl\u0131 memeler, uzunlu k\u0131sal\u0131 bacaklar, k\u0131ll\u0131 koltuk altlar\u0131, ya\u011fl\u0131 g\u00f6bekler, ayva g\u00f6bekler, kuru kal\u00e7alar, t\u00fcrl\u00fc t\u00fcrl\u00fc ap\u0131\u015faralar\u0131&#8230; Kad\u0131na dair her organ fosforlu \u0131\u015f\u0131klar\u0131yla Dara\u2019n\u0131n \u00e7evresinde halay \u00e7ekiyordu. B\u00fct\u00fcn kad\u0131nlardan nefret ediyordu. Kad\u0131nlar da kum gibi p\u0131r\u0131lt\u0131l\u0131yd\u0131, kad\u0131nlar da kum gibi kaygan ve kaypakt\u0131. Doludizgin bir r\u00fczg\u00e2r esiyordu Dara\u2019n\u0131n k\u0131y\u0131lar\u0131nda&#8230;\u201d Bir tarafta Delikli Da\u011f\u2019\u0131n gazab\u0131ndan ka\u00e7an Dara, di\u011fer tarafta her \u015feye ra\u011fmen d\u00fc\u015flerinden caymayan Meryem&#8230; Onlar\u0131 \u00e7aresizlikler i\u00e7inde b\u0131rakan k\u00fclt\u00fcrleri, co\u011frafyalar\u0131 ve ya\u015fam\u0131n bilinmezlikleri oldu. Ne var ki ayn\u0131 \u00e7aresizlik, bir g\u00fcn en g\u00fc\u00e7l\u00fc \u00fcmitleri olarak \u00e7\u0131kacakt\u0131 kar\u015f\u0131lar\u0131na ve felakete s\u00fcr\u00fcklenen ya\u015famlar\u0131 \u201cBitti!\u201d dedikleri yerde umulmad\u0131k \u015fekilde yeniden yaz\u0131lmaya ba\u015flayacakt\u0131. Hik\u00e2ye boyunca Ahmet Kaya\u2019n\u0131n \u201cKum Gibi\u201d \u015fark\u0131s\u0131n\u0131 dinlemeye devam ederken, imk\u00e2ns\u0131zlar\u0131n nas\u0131l da m\u00fcmk\u00fcne d\u00f6n\u00fc\u015febilece\u011fine, buruk bir tebess\u00fcmle tan\u0131kl\u0131k edeceksiniz&#8230; <\/p>\n","protected":false},"excerpt":{"rendered":"<p>\u201cKad\u0131nlar gelip ge\u00e7iyordu g\u00f6z\u00fcn\u00fcn \u00f6n\u00fcnden. Sar\u0131\u015f\u0131n, renkli g\u00f6zl\u00fc kad\u0131nlar. Dara\u2019ya bakarken de\u011fi\u015fiyordu o u\u011fruna \u00f6l\u00fcnesi g\u00f6zler. K\u0131rm\u0131z\u0131, k\u0131pk\u0131rm\u0131z\u0131 alev topu olup ate\u015f sa\u00e7\u0131yordu her bir g\u00f6z.<span class=\"excerpt-hellip\"> [\u2026]<\/span><\/p>\n","protected":false},"featured_media":0,"template":"","meta":{"_monsterinsights_skip_tracking":false,"_monsterinsights_sitenote_active":false,"_monsterinsights_sitenote_note":"","_monsterinsights_sitenote_category":0},"product_brand":[],"product_cat":[12291,12711],"product_tag":[],"class_list":{"0":"post-724474","1":"product","2":"type-product","3":"status-publish","5":"product_cat-edebiyat","6":"product_cat-roman-oyku","7":"pa_cilt-ciltsiz","8":"pa_tur-kitap","9":"pa_yayinevi-destek-yayinlari","10":"pa_yazar-hatice-dokmen","12":"first","13":"instock","14":"sale","15":"shipping-taxable","16":"purchasable","17":"product-type-simple"},"_links":{"self":[{"href":"https:\/\/roveyayinevi.com.tr\/index.php\/wp-json\/wp\/v2\/product\/724474","targetHints":{"allow":["GET"]}}],"collection":[{"href":"https:\/\/roveyayinevi.com.tr\/index.php\/wp-json\/wp\/v2\/product"}],"about":[{"href":"https:\/\/roveyayinevi.com.tr\/index.php\/wp-json\/wp\/v2\/types\/product"}],"wp:attachment":[{"href":"https:\/\/roveyayinevi.com.tr\/index.php\/wp-json\/wp\/v2\/media?parent=724474"}],"wp:term":[{"taxonomy":"product_brand","embeddable":true,"href":"https:\/\/roveyayinevi.com.tr\/index.php\/wp-json\/wp\/v2\/product_brand?post=724474"},{"taxonomy":"product_cat","embeddable":true,"href":"https:\/\/roveyayinevi.com.tr\/index.php\/wp-json\/wp\/v2\/product_cat?post=724474"},{"taxonomy":"product_tag","embeddable":true,"href":"https:\/\/roveyayinevi.com.tr\/index.php\/wp-json\/wp\/v2\/product_tag?post=724474"}],"curies":[{"name":"wp","href":"https:\/\/api.w.org\/{rel}","templated":true}]}}