{"id":724464,"date":"2025-08-27T19:34:58","date_gmt":"2025-08-27T16:34:58","guid":{"rendered":"https:\/\/roveyayinevi.com.tr\/index.php\/urun\/koprunun-ote-yani\/"},"modified":"2026-04-16T02:32:21","modified_gmt":"2026-04-15T23:32:21","slug":"koprunun-ote-yani","status":"publish","type":"product","link":"https:\/\/roveyayinevi.com.tr\/index.php\/urun\/koprunun-ote-yani\/","title":{"rendered":"K\u00f6pr\u00fcn\u00fcn \u00d6te Yan\u0131"},"content":{"rendered":"<p>G\u00d6L\u00dcN KIYISINDA&#8217;n\u0131n yazar\u0131ndan   2006 MAN BOOKER \u00d6D\u00dcL\u00dc ADAYI   &#8220;B\u00fcy\u00fck mutluluklar\u0131 ve h\u00fcz\u00fcnleri \u00e7a\u011fr\u0131\u015ft\u0131r\u0131yor.&#8221; Times   B\u00f6yle bir kayb\u0131n ac\u0131s\u0131ndan sonra art\u0131k hi\u00e7bir \u015feyin onun i\u00e7in \u00f6nemli olmayaca\u011f\u0131n\u0131 zannederdiniz ama besbelli ki i\u015fler hi\u00e7 de \u00f6yle y\u00fcr\u00fcm\u00fcyordu. Aksine \u015fimdi her konuda korkuyla doluydu. Sanki sonunda kaderin korkun\u00e7 g\u00fcc\u00fcn\u00fc, sinsili\u011fini, s\u0131rt\u0131n\u0131 yaslayabilece\u011finden emin oldu\u011fun o tek \u015feyi nas\u0131l da an\u0131nda silip yok edebilece\u011fini g\u00f6rm\u00fc\u015ft\u00fc ve art\u0131k s\u00fcrekli omzunun \u00fcst\u00fcnden arkaya bak\u0131p duruyor, bir sonraki darbenin nereye inebilece\u011fini anlamaya \u00e7al\u0131\u015f\u0131yordu. Kanada\u2019n\u0131n \u00e7a\u011fda\u015f edebiyattaki en \u00f6nemli  temsilcilerinden Mary Lawson\u2019\u0131n pek \u00e7ok dile \u00e7evrilen ve Man Booker \u00d6d\u00fcl\u00fc\u2019ne aday g\u00f6sterilen roman\u0131 K\u00f6pr\u00fcn\u00fcn \u00d6te Yan\u0131, Kuzey Kanada\u2019n\u0131n u\u00e7suz bucaks\u0131z topraklar\u0131nda  iki karde\u015fin ve iki ku\u015fa\u011f\u0131n hik\u00e2yesini anlat\u0131yor. \u0130kircikli karde\u015flik ili\u015fkileri, rekabet, saplant\u0131l\u0131 a\u015fk ve karmakar\u0131\u015f\u0131k duygular \u00fczerine yal\u0131n ve zarif bir roman. <\/p>\n","protected":false},"excerpt":{"rendered":"<p>G\u00d6L\u00dcN KIYISINDA&#8217;n\u0131n yazar\u0131ndan 2006 MAN BOOKER \u00d6D\u00dcL\u00dc ADAYI &#8220;B\u00fcy\u00fck mutluluklar\u0131 ve h\u00fcz\u00fcnleri \u00e7a\u011fr\u0131\u015ft\u0131r\u0131yor.&#8221; Times B\u00f6yle bir kayb\u0131n ac\u0131s\u0131ndan sonra art\u0131k hi\u00e7bir \u015feyin onun i\u00e7in \u00f6nemli olmayaca\u011f\u0131n\u0131<span class=\"excerpt-hellip\"> [\u2026]<\/span><\/p>\n","protected":false},"featured_media":0,"template":"","meta":{"_monsterinsights_skip_tracking":false,"_monsterinsights_sitenote_active":false,"_monsterinsights_sitenote_note":"","_monsterinsights_sitenote_category":0},"product_brand":[],"product_cat":[12291,12711],"product_tag":[],"class_list":{"0":"post-724464","1":"product","2":"type-product","3":"status-publish","5":"product_cat-edebiyat","6":"product_cat-roman-oyku","7":"pa_cilt-ciltsiz","8":"pa_tur-kitap","9":"pa_yayinevi-domingo-yayinevi","10":"pa_yazar-mary-lawson","12":"first","13":"instock","14":"sale","15":"shipping-taxable","16":"purchasable","17":"product-type-simple"},"_links":{"self":[{"href":"https:\/\/roveyayinevi.com.tr\/index.php\/wp-json\/wp\/v2\/product\/724464","targetHints":{"allow":["GET"]}}],"collection":[{"href":"https:\/\/roveyayinevi.com.tr\/index.php\/wp-json\/wp\/v2\/product"}],"about":[{"href":"https:\/\/roveyayinevi.com.tr\/index.php\/wp-json\/wp\/v2\/types\/product"}],"wp:attachment":[{"href":"https:\/\/roveyayinevi.com.tr\/index.php\/wp-json\/wp\/v2\/media?parent=724464"}],"wp:term":[{"taxonomy":"product_brand","embeddable":true,"href":"https:\/\/roveyayinevi.com.tr\/index.php\/wp-json\/wp\/v2\/product_brand?post=724464"},{"taxonomy":"product_cat","embeddable":true,"href":"https:\/\/roveyayinevi.com.tr\/index.php\/wp-json\/wp\/v2\/product_cat?post=724464"},{"taxonomy":"product_tag","embeddable":true,"href":"https:\/\/roveyayinevi.com.tr\/index.php\/wp-json\/wp\/v2\/product_tag?post=724464"}],"curies":[{"name":"wp","href":"https:\/\/api.w.org\/{rel}","templated":true}]}}