{"id":724461,"date":"2025-08-27T19:34:55","date_gmt":"2025-08-27T16:34:55","guid":{"rendered":"https:\/\/roveyayinevi.com.tr\/index.php\/urun\/0202-aycicegi-karnavali-ciltli\/"},"modified":"2026-04-16T02:32:21","modified_gmt":"2026-04-15T23:32:21","slug":"0202-aycicegi-karnavali-ciltli","status":"publish","type":"product","link":"https:\/\/roveyayinevi.com.tr\/index.php\/urun\/0202-aycicegi-karnavali-ciltli\/","title":{"rendered":"02:02 Ay\u00e7i\u00e7e\u011fi Karnaval\u0131 (Ciltli)"},"content":{"rendered":"<p>Dolunay y\u0131llar sonra buldu\u011fu ikiz karde\u015fi i\u00e7in \u00e7ok heyecanl\u0131d\u0131r. Ancak d\u0131\u015f g\u00f6r\u00fcn\u00fc\u015fleri ne kadar benzese de b\u00fcy\u00fctt\u00fckleri hayaller birbirinden \u00e7ok farkl\u0131d\u0131r. Ya\u015famlar\u0131 hakk\u0131nda hi\u00e7bir \u015fey bilmeyen iki karde\u015fin hayat\u0131, bordo bir s\u0131rt \u00e7antas\u0131yla geri d\u00f6n\u00fclemez \u015fekilde de\u011fi\u015fir. Bir s\u00fcre, karde\u015finin tahmin etti\u011finden daha zor olan hayat\u0131n\u0131 ya\u015famaya karar veren Dolunay, kendini bamba\u015fka bir d\u00fcnyaya savrulmu\u015f bulur. Burada tan\u0131k oldu\u011fu fedak\u00e2rl\u0131klar, dostluklar ve y\u00fcre\u011finde ilk kez beliren a\u015fk k\u0131v\u0131lc\u0131m\u0131 onun i\u00e7in zamanla bir karnavala d\u00f6n\u00fc\u015f\u00fcr.Peki, Dolunay ay\u00e7i\u00e7e\u011fi gibi y\u00fcz\u00fcn\u00fc g\u00fcne\u015fe d\u00f6nebilecek midir?Yoksa ka\u00e7t\u0131\u011f\u0131 hayata geri d\u00f6n\u00fcp bu oyuna bir son mu verecektir?\u201cG\u00fcvenli kozamdan \u00e7\u0131km\u0131\u015ft\u0131m, kanatlar\u0131m arkamda b\u00fcy\u00fcyordu ve u\u00e7maya haz\u0131r oldu\u011fumu biliyordum.\u201d<\/p>\n","protected":false},"excerpt":{"rendered":"<p>Dolunay y\u0131llar sonra buldu\u011fu ikiz karde\u015fi i\u00e7in \u00e7ok heyecanl\u0131d\u0131r. Ancak d\u0131\u015f g\u00f6r\u00fcn\u00fc\u015fleri ne kadar benzese de b\u00fcy\u00fctt\u00fckleri hayaller birbirinden \u00e7ok farkl\u0131d\u0131r. Ya\u015famlar\u0131 hakk\u0131nda hi\u00e7bir \u015fey bilmeyen<span class=\"excerpt-hellip\"> [\u2026]<\/span><\/p>\n","protected":false},"featured_media":0,"template":"","meta":{"_monsterinsights_skip_tracking":false,"_monsterinsights_sitenote_active":false,"_monsterinsights_sitenote_note":"","_monsterinsights_sitenote_category":0},"product_brand":[],"product_cat":[12291,12711],"product_tag":[],"class_list":{"0":"post-724461","1":"product","2":"type-product","3":"status-publish","5":"product_cat-edebiyat","6":"product_cat-roman-oyku","7":"pa_cilt-ciltli","8":"pa_tur-kitap","9":"pa_yayinevi-ephesus-yayinlari","10":"pa_yazar-n-g-kabal","12":"first","13":"instock","14":"sale","15":"shipping-taxable","16":"purchasable","17":"product-type-simple"},"_links":{"self":[{"href":"https:\/\/roveyayinevi.com.tr\/index.php\/wp-json\/wp\/v2\/product\/724461","targetHints":{"allow":["GET"]}}],"collection":[{"href":"https:\/\/roveyayinevi.com.tr\/index.php\/wp-json\/wp\/v2\/product"}],"about":[{"href":"https:\/\/roveyayinevi.com.tr\/index.php\/wp-json\/wp\/v2\/types\/product"}],"wp:attachment":[{"href":"https:\/\/roveyayinevi.com.tr\/index.php\/wp-json\/wp\/v2\/media?parent=724461"}],"wp:term":[{"taxonomy":"product_brand","embeddable":true,"href":"https:\/\/roveyayinevi.com.tr\/index.php\/wp-json\/wp\/v2\/product_brand?post=724461"},{"taxonomy":"product_cat","embeddable":true,"href":"https:\/\/roveyayinevi.com.tr\/index.php\/wp-json\/wp\/v2\/product_cat?post=724461"},{"taxonomy":"product_tag","embeddable":true,"href":"https:\/\/roveyayinevi.com.tr\/index.php\/wp-json\/wp\/v2\/product_tag?post=724461"}],"curies":[{"name":"wp","href":"https:\/\/api.w.org\/{rel}","templated":true}]}}