{"id":724453,"date":"2025-08-27T19:34:48","date_gmt":"2025-08-27T16:34:48","guid":{"rendered":"https:\/\/roveyayinevi.com.tr\/index.php\/urun\/zuzu-ile-allahin-guzel-isimlerini-ogreniyorum-2-kirmizi-baslikli-kiz\/"},"modified":"2026-04-16T02:32:21","modified_gmt":"2026-04-15T23:32:21","slug":"zuzu-ile-allahin-guzel-isimlerini-ogreniyorum-2-kirmizi-baslikli-kiz","status":"publish","type":"product","link":"https:\/\/roveyayinevi.com.tr\/index.php\/urun\/zuzu-ile-allahin-guzel-isimlerini-ogreniyorum-2-kirmizi-baslikli-kiz\/","title":{"rendered":"Zuzu ile Allah\u2019\u0131n G\u00fczel \u0130simlerini \u00d6\u011freniyorum-2 K\u0131rm\u0131z\u0131 Ba\u015fl\u0131kl\u0131 K\u0131z"},"content":{"rendered":"<p>Zuzu, botanik bah\u00e7esinde \u00e7i\u00e7eklerin d\u00fcnyas\u0131na do\u011fru bir yolculu\u011fa \u00e7\u0131k\u0131yor. Bu reng\u00e2renk d\u00fcnya bakal\u0131m O\u2019na Allah\u2019\u0131n hangi isimlerini \u00f6\u011fretiyor.   K\u00fc\u00e7\u00fck yavrular\u0131m\u0131za Allah\u2019\u0131n 3 g\u00fczel ismini anlatan bu s\u0131cac\u0131k \u00f6yk\u00fcye davetlisiniz.   \u2018El-Bari, El-Muhsi, El-Cemil\u2019 <\/p>\n","protected":false},"excerpt":{"rendered":"<p>Zuzu, botanik bah\u00e7esinde \u00e7i\u00e7eklerin d\u00fcnyas\u0131na do\u011fru bir yolculu\u011fa \u00e7\u0131k\u0131yor. Bu reng\u00e2renk d\u00fcnya bakal\u0131m O\u2019na Allah\u2019\u0131n hangi isimlerini \u00f6\u011fretiyor. K\u00fc\u00e7\u00fck yavrular\u0131m\u0131za Allah\u2019\u0131n 3 g\u00fczel ismini anlatan bu<span class=\"excerpt-hellip\"> [\u2026]<\/span><\/p>\n","protected":false},"featured_media":0,"template":"","meta":{"_monsterinsights_skip_tracking":false,"_monsterinsights_sitenote_active":false,"_monsterinsights_sitenote_note":"","_monsterinsights_sitenote_category":0},"product_brand":[],"product_cat":[12274,18802],"product_tag":[],"class_list":{"0":"post-724453","1":"product","2":"type-product","3":"status-publish","5":"product_cat-cocuk-ve-genclik-kitaplari","6":"product_cat-din-egitimi","7":"pa_cilt-ciltsiz","8":"pa_tur-kitap","9":"pa_yayinevi-hayykitap","10":"pa_yazar-hatice-kubra-tongar","12":"first","13":"instock","14":"sale","15":"shipping-taxable","16":"purchasable","17":"product-type-simple"},"_links":{"self":[{"href":"https:\/\/roveyayinevi.com.tr\/index.php\/wp-json\/wp\/v2\/product\/724453","targetHints":{"allow":["GET"]}}],"collection":[{"href":"https:\/\/roveyayinevi.com.tr\/index.php\/wp-json\/wp\/v2\/product"}],"about":[{"href":"https:\/\/roveyayinevi.com.tr\/index.php\/wp-json\/wp\/v2\/types\/product"}],"wp:attachment":[{"href":"https:\/\/roveyayinevi.com.tr\/index.php\/wp-json\/wp\/v2\/media?parent=724453"}],"wp:term":[{"taxonomy":"product_brand","embeddable":true,"href":"https:\/\/roveyayinevi.com.tr\/index.php\/wp-json\/wp\/v2\/product_brand?post=724453"},{"taxonomy":"product_cat","embeddable":true,"href":"https:\/\/roveyayinevi.com.tr\/index.php\/wp-json\/wp\/v2\/product_cat?post=724453"},{"taxonomy":"product_tag","embeddable":true,"href":"https:\/\/roveyayinevi.com.tr\/index.php\/wp-json\/wp\/v2\/product_tag?post=724453"}],"curies":[{"name":"wp","href":"https:\/\/api.w.org\/{rel}","templated":true}]}}