{"id":724446,"date":"2025-08-27T19:34:41","date_gmt":"2025-08-27T16:34:41","guid":{"rendered":"https:\/\/roveyayinevi.com.tr\/index.php\/urun\/isteme-ve-tasavvur-olarak-dunya\/"},"modified":"2026-04-16T02:32:20","modified_gmt":"2026-04-15T23:32:20","slug":"isteme-ve-tasavvur-olarak-dunya","status":"publish","type":"product","link":"https:\/\/roveyayinevi.com.tr\/index.php\/urun\/isteme-ve-tasavvur-olarak-dunya\/","title":{"rendered":"\u0130steme ve Tasavvur  Olarak D\u00fcnya"},"content":{"rendered":"<p>Schopenhauer\u2019\u0131n Einstein\u2019dan Schr\u00f6dinger\u2019e, Nietzsche\u2019den Wittgenstein\u2019a, Wagner\u2019den Mahler\u2019e, Tolstoy\u2019dan Beckett\u2019a g\u00fcn\u00fcm\u00fcz k\u00fclt\u00fcr d\u00fcnyas\u0131n\u0131 \u015fekillendiren pek \u00e7ok ki\u015fiyi etkileyen ve felsefe tarihinin ba\u015fyap\u0131tlar\u0131ndan biri olan \u0130steme ve Tasavvur Olarak D\u00fcnya\u2019s\u0131, birinci bas\u0131m\u0131n\u0131n ard\u0131ndan iki y\u00fczy\u0131l sonra nihayet ilk kez tam metin \u00e7evirisiyle T\u00fcrk\u00e7ede yeniden do\u011fuyor.   G\u00f6rkemli bir manzaraya \u015fahit olmak i\u00e7in insan\u0131n t\u0131rmanmay\u0131 g\u00f6ze ald\u0131\u011f\u0131 y\u00fccelikler vard\u0131r. Bu yolculukta y\u00fckseklere \u00e7\u0131kt\u0131k\u00e7a havan\u0131n gitgide daha ince bir hal alarak keskinle\u015fip serinlemesi ki\u015fiyi canland\u0131r\u0131r ve manzara da ona yava\u015f yava\u015f a\u00e7\u0131lmaya ba\u015flar. Art\u0131k a\u015fa\u011f\u0131larda kalan \u00e7ar\u015f\u0131 pazarlar\u0131n ve hesap \u00e7\u0131karlar\u0131n d\u00fcnyas\u0131n\u0131n g\u00fcr\u00fclt\u00fcs\u00fc buraya ula\u015famaz; zirvede ise \u2013s\u00fck\u00fbnet, huzur ve anlay\u0131\u015f\u0131 da beraberinde getiren\u2013 tanr\u0131sal bir g\u00f6zden manzaraya \u015fahit olunur. Schopenhauer felsefesinin merkezindeki \u0130steme ve Tasavvur Olarak D\u00fcnya\u2019y\u0131 okumak da aynen bu \u015fekilde d\u00f6rt ara a\u015famal\u0131 bir t\u0131rman\u0131\u015f g\u00fczerg\u00e2h\u0131nda olmak gibidir. Her ad\u0131mda d\u00fcnyay\u0131 deneyimin ve bilimin nesnesi olarak idrak edi\u015f, akl\u0131n ba\u015farabileceklerinin s\u0131n\u0131rlar\u0131, beden ve d\u00fcnya ba\u011f\u0131, d\u00fcnyaya arzu temelli ba\u011flar\u0131n sanatta ve varl\u0131\u011fa b\u00fct\u00fcnc\u00fcl bak\u0131\u015f yoluyla \u00e7\u00f6z\u00fclme imk\u00e2n\u0131 a\u00e7\u0131l\u0131r ve kitab\u0131n \u015fahikas\u0131na da son c\u00fcmleye varmakla ula\u015f\u0131l\u0131r.   T\u00fcm bunlar\u0131n yan\u0131nda Kant felsefesinin tamam\u0131n\u0131n en kapsaml\u0131 ele\u015ftirisi de mevcuttur.   A. Onur Akta\u015f, not d\u00fc\u015ft\u00fc\u011f\u00fc a\u00e7\u0131klamalar\u0131yla ve \u00e7eviride se\u00e7ti\u011fi her kavram i\u00e7in hesap veri\u015fiyle okuru Schopenhauer\u2019\u0131n ger\u00e7ek felsefesiyle bulu\u015fturmaktad\u0131r. <\/p>\n","protected":false},"excerpt":{"rendered":"<p>Schopenhauer\u2019\u0131n Einstein\u2019dan Schr\u00f6dinger\u2019e, Nietzsche\u2019den Wittgenstein\u2019a, Wagner\u2019den Mahler\u2019e, Tolstoy\u2019dan Beckett\u2019a g\u00fcn\u00fcm\u00fcz k\u00fclt\u00fcr d\u00fcnyas\u0131n\u0131 \u015fekillendiren pek \u00e7ok ki\u015fiyi etkileyen ve felsefe tarihinin ba\u015fyap\u0131tlar\u0131ndan biri olan \u0130steme ve Tasavvur<span class=\"excerpt-hellip\"> [\u2026]<\/span><\/p>\n","protected":false},"featured_media":0,"template":"","meta":{"_monsterinsights_skip_tracking":false,"_monsterinsights_sitenote_active":false,"_monsterinsights_sitenote_note":"","_monsterinsights_sitenote_category":0},"product_brand":[],"product_cat":[20351,12388],"product_tag":[],"class_list":{"0":"post-724446","1":"product","2":"type-product","3":"status-publish","5":"product_cat-dusunce","6":"product_cat-felsefe","7":"pa_cilt-ciltsiz","8":"pa_tur-kitap","9":"pa_yayinevi-dogu-bati-yayinlari","10":"pa_yazar-arthur-schopenhauer","12":"first","13":"instock","14":"sale","15":"shipping-taxable","16":"purchasable","17":"product-type-simple"},"_links":{"self":[{"href":"https:\/\/roveyayinevi.com.tr\/index.php\/wp-json\/wp\/v2\/product\/724446","targetHints":{"allow":["GET"]}}],"collection":[{"href":"https:\/\/roveyayinevi.com.tr\/index.php\/wp-json\/wp\/v2\/product"}],"about":[{"href":"https:\/\/roveyayinevi.com.tr\/index.php\/wp-json\/wp\/v2\/types\/product"}],"wp:attachment":[{"href":"https:\/\/roveyayinevi.com.tr\/index.php\/wp-json\/wp\/v2\/media?parent=724446"}],"wp:term":[{"taxonomy":"product_brand","embeddable":true,"href":"https:\/\/roveyayinevi.com.tr\/index.php\/wp-json\/wp\/v2\/product_brand?post=724446"},{"taxonomy":"product_cat","embeddable":true,"href":"https:\/\/roveyayinevi.com.tr\/index.php\/wp-json\/wp\/v2\/product_cat?post=724446"},{"taxonomy":"product_tag","embeddable":true,"href":"https:\/\/roveyayinevi.com.tr\/index.php\/wp-json\/wp\/v2\/product_tag?post=724446"}],"curies":[{"name":"wp","href":"https:\/\/api.w.org\/{rel}","templated":true}]}}