{"id":724434,"date":"2025-08-27T19:34:30","date_gmt":"2025-08-27T16:34:30","guid":{"rendered":"https:\/\/roveyayinevi.com.tr\/index.php\/urun\/kralicenin-pireleri\/"},"modified":"2026-04-16T02:32:20","modified_gmt":"2026-04-15T23:32:20","slug":"kralicenin-pireleri","status":"publish","type":"product","link":"https:\/\/roveyayinevi.com.tr\/index.php\/urun\/kralicenin-pireleri\/","title":{"rendered":"Krali\u00e7enin Pireleri"},"content":{"rendered":"<p>T\u00fcrkiye edebiyat\u0131n\u0131n son y\u0131llardaki \u00f6nemli kalemlerinden Tar\u0131k Tufan t\u00fcm kitaplar\u0131yla art\u0131k Do\u011fan Kitap\u2019ta.   Tar\u0131k Tufan ge\u00e7mi\u015ften bug\u00fcne, sokak sokak, oda oda yaralar\u0131m\u0131za dokunuyor.   Krali\u00e7enin Pireleri, bo\u011fucu bir d\u00fcnyada mahsur kalm\u0131\u015f yazar\u0131n \u00e7\u0131k\u0131\u015f aray\u0131\u015flar\u0131; d\u00fcnyaya ve T\u00fcrkiye\u2019ye hem i\u00e7eriden hem d\u0131\u015far\u0131dan bak\u0131\u015f denemeleri; \u015fehrine dair, tutkulu, yal\u0131n ve isyank\u00e2r sat\u0131rlar\u0131\u2026   \u201cKentin \u00fcst\u00fc ba\u015f\u0131 bak\u0131ms\u0131z sokaklar\u0131n\u0131 merhametli kad\u0131nlar emzirip, b\u00fcy\u00fct\u00fcyor.Sa\u00e7lar\u0131ndan g\u00f6\u00e7 etmeyi becerememi\u015f, zay\u0131f k\u0131rlang\u0131\u00e7lar da\u011f\u0131l\u0131yor sokaklar\u0131m\u0131za. G\u00f6zkapaklar\u0131na gizlenmi\u015f bereketli bulutlar ya\u011fmurlar\u0131n\u0131 sa\u00e7\u0131yorlar \u00fczerimize. Bizim sokaklar\u0131m\u0131z\u0131 kad\u0131nlar\u0131m\u0131z teselli ediyor.\u201d <\/p>\n","protected":false},"excerpt":{"rendered":"<p>T\u00fcrkiye edebiyat\u0131n\u0131n son y\u0131llardaki \u00f6nemli kalemlerinden Tar\u0131k Tufan t\u00fcm kitaplar\u0131yla art\u0131k Do\u011fan Kitap\u2019ta. Tar\u0131k Tufan ge\u00e7mi\u015ften bug\u00fcne, sokak sokak, oda oda yaralar\u0131m\u0131za dokunuyor. Krali\u00e7enin Pireleri, bo\u011fucu<span class=\"excerpt-hellip\"> [\u2026]<\/span><\/p>\n","protected":false},"featured_media":0,"template":"","meta":{"_monsterinsights_skip_tracking":false,"_monsterinsights_sitenote_active":false,"_monsterinsights_sitenote_note":"","_monsterinsights_sitenote_category":0},"product_brand":[],"product_cat":[12291,12711],"product_tag":[],"class_list":{"0":"post-724434","1":"product","2":"type-product","3":"status-publish","5":"product_cat-edebiyat","6":"product_cat-roman-oyku","7":"pa_cilt-ciltsiz","8":"pa_tur-kitap","9":"pa_yayinevi-dogan-kitap","10":"pa_yazar-tarik-tufan","12":"first","13":"instock","14":"sale","15":"shipping-taxable","16":"purchasable","17":"product-type-simple"},"_links":{"self":[{"href":"https:\/\/roveyayinevi.com.tr\/index.php\/wp-json\/wp\/v2\/product\/724434","targetHints":{"allow":["GET"]}}],"collection":[{"href":"https:\/\/roveyayinevi.com.tr\/index.php\/wp-json\/wp\/v2\/product"}],"about":[{"href":"https:\/\/roveyayinevi.com.tr\/index.php\/wp-json\/wp\/v2\/types\/product"}],"wp:attachment":[{"href":"https:\/\/roveyayinevi.com.tr\/index.php\/wp-json\/wp\/v2\/media?parent=724434"}],"wp:term":[{"taxonomy":"product_brand","embeddable":true,"href":"https:\/\/roveyayinevi.com.tr\/index.php\/wp-json\/wp\/v2\/product_brand?post=724434"},{"taxonomy":"product_cat","embeddable":true,"href":"https:\/\/roveyayinevi.com.tr\/index.php\/wp-json\/wp\/v2\/product_cat?post=724434"},{"taxonomy":"product_tag","embeddable":true,"href":"https:\/\/roveyayinevi.com.tr\/index.php\/wp-json\/wp\/v2\/product_tag?post=724434"}],"curies":[{"name":"wp","href":"https:\/\/api.w.org\/{rel}","templated":true}]}}