{"id":724433,"date":"2025-08-27T19:34:29","date_gmt":"2025-08-27T16:34:29","guid":{"rendered":"https:\/\/roveyayinevi.com.tr\/index.php\/urun\/hayal-meyal\/"},"modified":"2026-04-16T02:32:20","modified_gmt":"2026-04-15T23:32:20","slug":"hayal-meyal","status":"publish","type":"product","link":"https:\/\/roveyayinevi.com.tr\/index.php\/urun\/hayal-meyal\/","title":{"rendered":"Hayal Meyal"},"content":{"rendered":"<p>T\u00fcrkiye edebiyat\u0131n\u0131n son y\u0131llardaki \u00f6nemli kalemlerinden Tar\u0131k Tufan t\u00fcm kitaplar\u0131yla art\u0131k Do\u011fan Kitap\u2019ta.   Tar\u0131k Tufan kaybolu\u015flar\u0131m\u0131zda, kendimizi arad\u0131\u011f\u0131m\u0131z dehlizlerde yol g\u00f6steriyor, \u0131\u015f\u0131k oluyor.   Ge\u00e7mi\u015fin a\u011f\u0131rl\u0131\u011f\u0131, bir kad\u0131n\u0131n sessizli\u011fi ve kom\u015fular\u0131n delici bak\u0131\u015flar\u0131 h\u00e2l\u00e2 \u00fczerindeyse neden d\u00f6nmek istersin o mahalleye?   \u201c\u0130nsan bir kere \u00e2\u015f\u0131k olmaya g\u00f6rs\u00fcn. Her \u015feyi sevdi\u011fine yormaya ba\u015fl\u0131yor. Azald\u0131k\u00e7a, sonbahar uzuyor. Sonbahar\u0131 sana yormak, belki de bu y\u00fczden d\u00fcnyan\u0131n en yorucu i\u015fi gibi geliyor.\u201d <\/p>\n","protected":false},"excerpt":{"rendered":"<p>T\u00fcrkiye edebiyat\u0131n\u0131n son y\u0131llardaki \u00f6nemli kalemlerinden Tar\u0131k Tufan t\u00fcm kitaplar\u0131yla art\u0131k Do\u011fan Kitap\u2019ta. Tar\u0131k Tufan kaybolu\u015flar\u0131m\u0131zda, kendimizi arad\u0131\u011f\u0131m\u0131z dehlizlerde yol g\u00f6steriyor, \u0131\u015f\u0131k oluyor. Ge\u00e7mi\u015fin a\u011f\u0131rl\u0131\u011f\u0131, bir<span class=\"excerpt-hellip\"> [\u2026]<\/span><\/p>\n","protected":false},"featured_media":0,"template":"","meta":{"_monsterinsights_skip_tracking":false,"_monsterinsights_sitenote_active":false,"_monsterinsights_sitenote_note":"","_monsterinsights_sitenote_category":0},"product_brand":[],"product_cat":[12291,12711],"product_tag":[],"class_list":{"0":"post-724433","1":"product","2":"type-product","3":"status-publish","5":"product_cat-edebiyat","6":"product_cat-roman-oyku","7":"pa_cilt-ciltsiz","8":"pa_tur-kitap","9":"pa_yayinevi-dogan-kitap","10":"pa_yazar-tarik-tufan","12":"first","13":"instock","14":"sale","15":"shipping-taxable","16":"purchasable","17":"product-type-simple"},"_links":{"self":[{"href":"https:\/\/roveyayinevi.com.tr\/index.php\/wp-json\/wp\/v2\/product\/724433","targetHints":{"allow":["GET"]}}],"collection":[{"href":"https:\/\/roveyayinevi.com.tr\/index.php\/wp-json\/wp\/v2\/product"}],"about":[{"href":"https:\/\/roveyayinevi.com.tr\/index.php\/wp-json\/wp\/v2\/types\/product"}],"wp:attachment":[{"href":"https:\/\/roveyayinevi.com.tr\/index.php\/wp-json\/wp\/v2\/media?parent=724433"}],"wp:term":[{"taxonomy":"product_brand","embeddable":true,"href":"https:\/\/roveyayinevi.com.tr\/index.php\/wp-json\/wp\/v2\/product_brand?post=724433"},{"taxonomy":"product_cat","embeddable":true,"href":"https:\/\/roveyayinevi.com.tr\/index.php\/wp-json\/wp\/v2\/product_cat?post=724433"},{"taxonomy":"product_tag","embeddable":true,"href":"https:\/\/roveyayinevi.com.tr\/index.php\/wp-json\/wp\/v2\/product_tag?post=724433"}],"curies":[{"name":"wp","href":"https:\/\/api.w.org\/{rel}","templated":true}]}}