{"id":724425,"date":"2025-08-27T19:34:15","date_gmt":"2025-08-27T16:34:15","guid":{"rendered":"https:\/\/roveyayinevi.com.tr\/index.php\/urun\/kum\/"},"modified":"2026-04-08T02:40:29","modified_gmt":"2026-04-07T23:40:29","slug":"kum","status":"publish","type":"product","link":"https:\/\/roveyayinevi.com.tr\/index.php\/urun\/kum\/","title":{"rendered":"Kum"},"content":{"rendered":"<p>Son y\u0131llar\u0131n en \u00f6nemli bilimkurgu serilerinden WOOL\u2019un yazar\u0131 Hugh Howey\u2019den yepyeni bir k\u0131yamet sonras\u0131 roman.   \u201cK\u0130MSE B\u0130Z\u0130M \u0130\u00c7\u0130N GELMEYECEK. K\u0130MSE B\u0130Z\u0130 KURTARMAYACAK. BU, B\u0130Z\u0130M HAYATIMIZ.\u201d   Eski d\u00fcnya kumlar\u0131n alt\u0131nda kald\u0131. Hareket eden, yer de\u011fi\u015ftiren, \u00e7\u00f6ken kumlar\u0131n \u00fcst\u00fcndeki vah\u015fi yeni d\u00fcnyaysa eskisinden daha zalim. Dinmeyen r\u00fczg\u00e2rlar\u0131n ve korkun\u00e7 kumlar\u0131n ya\u015fam\u0131 kontrol etti\u011fi kasabalar\u0131nda d\u00f6rt karde\u015f, anne ve babalar\u0131n\u0131n onlar\u0131 terk etmesinden sonra tek ba\u015flar\u0131na. B\u00f6yle bir d\u00fcnyan\u0131n en sayg\u0131 duyulan mesle\u011fi ise babalar\u0131n\u0131n da yapt\u0131\u011f\u0131 \u201ckum dalg\u0131\u00e7l\u0131\u011f\u0131\u201d.   D\u00f6rt karde\u015ften biri olan Palmer, kendini kan\u0131tlamak ve hayat\u0131n\u0131 kazanmak i\u00e7in ya\u015f\u0131na g\u00f6re olduk\u00e7a tehlikeli bir g\u00f6reve haz\u0131rlan\u0131yor: Kumullar\u0131n alt\u0131na dalarak \u00e7ok derinde oldu\u011funa inan\u0131lan efsanevi, eski d\u00fcnya \u015fehrini ke\u015ffetmek. Fakat bu zorlu dal\u0131\u015f sadece Palmer\u2019\u0131n de\u011fil ya\u015fad\u0131\u011f\u0131 t\u00fcm kasaban\u0131n d\u00fcnyas\u0131n\u0131 yerle bir edecek.   Kum, kanunsuzlu\u011fu, g\u00f6z ard\u0131 edilmi\u015fli\u011fi, kendi ba\u015f\u0131nal\u0131\u011f\u0131 ke\u015ffe \u00e7\u0131kan soluksuz bir macera.   \u201cKum, Hugh Howey&#8217;nin WOOL serisinin ba\u015far\u0131s\u0131n\u0131n tesad\u00fcf olmad\u0131\u011f\u0131n\u0131 g\u00f6steren nitelikli bir bilimkurgugerilim kitab\u0131.\u201d \u2013Financial Times   \u201cHugh Howey bu i\u015fi biliyor.\u201d \u2013SFX   \u201cCapcanl\u0131 ve m\u00fckemmel yarat\u0131lm\u0131\u015f bu d\u00fcnyan\u0131n arka plan\u0131nda aile ve toplum hakk\u0131nda olduk\u00e7a duygu dolu bir hik\u00e2ye yat\u0131yor.\u201d \u2013Morning Star <\/p>\n","protected":false},"excerpt":{"rendered":"<p>Son y\u0131llar\u0131n en \u00f6nemli bilimkurgu serilerinden WOOL\u2019un yazar\u0131 Hugh Howey\u2019den yepyeni bir k\u0131yamet sonras\u0131 roman. \u201cK\u0130MSE B\u0130Z\u0130M \u0130\u00c7\u0130N GELMEYECEK. K\u0130MSE B\u0130Z\u0130 KURTARMAYACAK. BU, B\u0130Z\u0130M HAYATIMIZ.\u201d Eski<span class=\"excerpt-hellip\"> [\u2026]<\/span><\/p>\n","protected":false},"featured_media":0,"template":"","meta":{"_monsterinsights_skip_tracking":false,"_monsterinsights_sitenote_active":false,"_monsterinsights_sitenote_note":"","_monsterinsights_sitenote_category":0},"product_brand":[],"product_cat":[12540,12291],"product_tag":[],"class_list":{"0":"post-724425","1":"product","2":"type-product","3":"status-publish","5":"product_cat-bilim-kurgu","6":"product_cat-edebiyat","7":"pa_cilt-ciltsiz","8":"pa_tur-kitap","9":"pa_yayinevi-ithaki-yayinlari","10":"pa_yazar-hugh-howey","12":"first","13":"instock","14":"sale","15":"shipping-taxable","16":"purchasable","17":"product-type-simple"},"_links":{"self":[{"href":"https:\/\/roveyayinevi.com.tr\/index.php\/wp-json\/wp\/v2\/product\/724425","targetHints":{"allow":["GET"]}}],"collection":[{"href":"https:\/\/roveyayinevi.com.tr\/index.php\/wp-json\/wp\/v2\/product"}],"about":[{"href":"https:\/\/roveyayinevi.com.tr\/index.php\/wp-json\/wp\/v2\/types\/product"}],"wp:attachment":[{"href":"https:\/\/roveyayinevi.com.tr\/index.php\/wp-json\/wp\/v2\/media?parent=724425"}],"wp:term":[{"taxonomy":"product_brand","embeddable":true,"href":"https:\/\/roveyayinevi.com.tr\/index.php\/wp-json\/wp\/v2\/product_brand?post=724425"},{"taxonomy":"product_cat","embeddable":true,"href":"https:\/\/roveyayinevi.com.tr\/index.php\/wp-json\/wp\/v2\/product_cat?post=724425"},{"taxonomy":"product_tag","embeddable":true,"href":"https:\/\/roveyayinevi.com.tr\/index.php\/wp-json\/wp\/v2\/product_tag?post=724425"}],"curies":[{"name":"wp","href":"https:\/\/api.w.org\/{rel}","templated":true}]}}