{"id":724407,"date":"2025-08-27T19:34:01","date_gmt":"2025-08-27T16:34:01","guid":{"rendered":"https:\/\/roveyayinevi.com.tr\/index.php\/urun\/gomlegi-yalniz\/"},"modified":"2026-04-16T02:32:19","modified_gmt":"2026-04-15T23:32:19","slug":"gomlegi-yalniz","status":"publish","type":"product","link":"https:\/\/roveyayinevi.com.tr\/index.php\/urun\/gomlegi-yalniz\/","title":{"rendered":"G\u00f6mle\u011fi Yaln\u0131z"},"content":{"rendered":"<p>\u201c\u00d6znem, nesnem, y\u00fcklemim belli de\u011fil. Ders kitaplar\u0131na girecek sa\u011flam bir c\u00fcmle olaca\u011f\u0131ma, tamamlanm\u0131\u015f bir s\u00f6z olarak ya\u011faca\u011f\u0131ma, kendime, r\u00fcyalar\u0131ma sarkan bir bulut oluyorum. Ya\u011fam\u0131yorum, ama daha \u00f6nemlisi g\u00fcrleyemiyorum.\u201d   Yap\u0131 Kredi Yay\u0131nlar\u0131 edebiyat dizisinden \u00e7\u0131kan yeni \u00f6yk\u00fc kitab\u0131 G\u00f6mle\u011fi Yaln\u0131z\u2019da Mustafa \u015eahin, a\u015f\u0131nm\u0131\u015f duygular\u0131n\u0131, bozulmu\u015f r\u00fcyalar\u0131n\u0131 g\u00f6zden ge\u00e7iren bireyin kederini \u00f6yk\u00fcle\u015ftiriyor. Hi\u00e7bir Nisan, Kapand\u0131m, Ref\u00fcj, G\u00f6mle\u011fi Yaln\u0131z, K\u00f6rd\u00fc\u011f\u00fcm, \u00d6nce S\u00f6z Yand\u0131, Say\u0131n Efendim, Emret Toprak, D\u00fczel\u00fc, Benzinsiz, G\u00f6n\u00fcl, Buradan Gidiyorum adl\u0131 \u00f6yk\u00fclerden olu\u015fan kitap, ge\u00e7mi\u015f g\u00fcnler \u00fcst\u00fcne bir uyumsuzun notlar\u0131 bi\u00e7iminde yaz\u0131lm\u0131\u015f. \u00c7o\u011fu kent ya\u015fam\u0131n\u0131n yaratt\u0131\u011f\u0131 \u00e7aresizlik, b\u00fcrokrasinin t\u00fcketti\u011fi idealler, yabanc\u0131la\u015fma, insani erdemlerin yitimi gibi bir dizi mesele etraf\u0131nda d\u00f6n\u00fcyor. Giderek denemeye, g\u00fcnl\u00fc\u011fe, yer yer \u015fiire kayan G\u00f6mle\u011fi Yaln\u0131z\u2019da alayc\u0131 bir ne\u015fe, \u00e7eli\u015fkilere ince bir \u00e7er\u00e7eve atan ironi \u00f6ne \u00e7\u0131k\u0131yor.   Mustafa \u015eahin 1962\u2019de Malatya\u2019da do\u011fdu. Ankara DTCF Urdu Dili ve Edebiyat\u0131 mezunu. \u0130lk yaz\u0131s\u0131 Yeni Devir gazetesinde \u00e7\u0131kt\u0131. Gazete ve dergilerde \u00e7al\u0131\u015ft\u0131; uzun s\u00fcre metin yazarl\u0131\u011f\u0131 yapt\u0131. Mavera, Derg\u00e2h, Hece, Tezkire, \u0130zlenim, \u00dclke, Ger\u00e7ek Hayat dergilerinde, Haberiyat.com adl\u0131 haber portal\u0131nda \u00f6yk\u00fcler, denemeler yay\u0131mlad\u0131. G\u00f6mle\u011fi Yaln\u0131z yazar\u0131n ilk kitab\u0131d\u0131r. <\/p>\n","protected":false},"excerpt":{"rendered":"<p>\u201c\u00d6znem, nesnem, y\u00fcklemim belli de\u011fil. Ders kitaplar\u0131na girecek sa\u011flam bir c\u00fcmle olaca\u011f\u0131ma, tamamlanm\u0131\u015f bir s\u00f6z olarak ya\u011faca\u011f\u0131ma, kendime, r\u00fcyalar\u0131ma sarkan bir bulut oluyorum. Ya\u011fam\u0131yorum, ama daha<span class=\"excerpt-hellip\"> [\u2026]<\/span><\/p>\n","protected":false},"featured_media":0,"template":"","meta":{"_monsterinsights_skip_tracking":false,"_monsterinsights_sitenote_active":false,"_monsterinsights_sitenote_note":"","_monsterinsights_sitenote_category":0},"product_brand":[],"product_cat":[12291,12711],"product_tag":[],"class_list":{"0":"post-724407","1":"product","2":"type-product","3":"status-publish","5":"product_cat-edebiyat","6":"product_cat-roman-oyku","7":"pa_cilt-ciltsiz","8":"pa_tur-kitap","9":"pa_yayinevi-yapi-kredi-yayinlari","10":"pa_yazar-mustafa-sahin","12":"first","13":"instock","14":"sale","15":"shipping-taxable","16":"purchasable","17":"product-type-simple"},"_links":{"self":[{"href":"https:\/\/roveyayinevi.com.tr\/index.php\/wp-json\/wp\/v2\/product\/724407","targetHints":{"allow":["GET"]}}],"collection":[{"href":"https:\/\/roveyayinevi.com.tr\/index.php\/wp-json\/wp\/v2\/product"}],"about":[{"href":"https:\/\/roveyayinevi.com.tr\/index.php\/wp-json\/wp\/v2\/types\/product"}],"wp:attachment":[{"href":"https:\/\/roveyayinevi.com.tr\/index.php\/wp-json\/wp\/v2\/media?parent=724407"}],"wp:term":[{"taxonomy":"product_brand","embeddable":true,"href":"https:\/\/roveyayinevi.com.tr\/index.php\/wp-json\/wp\/v2\/product_brand?post=724407"},{"taxonomy":"product_cat","embeddable":true,"href":"https:\/\/roveyayinevi.com.tr\/index.php\/wp-json\/wp\/v2\/product_cat?post=724407"},{"taxonomy":"product_tag","embeddable":true,"href":"https:\/\/roveyayinevi.com.tr\/index.php\/wp-json\/wp\/v2\/product_tag?post=724407"}],"curies":[{"name":"wp","href":"https:\/\/api.w.org\/{rel}","templated":true}]}}