{"id":724392,"date":"2025-08-27T19:33:48","date_gmt":"2025-08-27T16:33:48","guid":{"rendered":"https:\/\/roveyayinevi.com.tr\/index.php\/urun\/baraganin-dikenleri\/"},"modified":"2026-04-16T02:32:19","modified_gmt":"2026-04-15T23:32:19","slug":"baraganin-dikenleri","status":"publish","type":"product","link":"https:\/\/roveyayinevi.com.tr\/index.php\/urun\/baraganin-dikenleri\/","title":{"rendered":"Baragan\u2019in Dikenleri"},"content":{"rendered":"<p>Panait Istrati\u2019nin 1928 y\u0131l\u0131nda Frans\u0131zca kaleme ald\u0131\u011f\u0131, olgunluk d\u00f6nemi yap\u0131tlar\u0131ndan Baragan\u2019\u0131n Dikenleri, yirminci y\u00fczy\u0131l ba\u015f\u0131nda yaln\u0131zca Romanya\u2019n\u0131n de\u011fil, b\u00fct\u00fcn Balkanlar\u0131n, hatta T\u00fcrkiye\u2019nin de ya\u015fad\u0131\u011f\u0131 bir sosyal \u00e7eli\u015fkinin anlat\u0131s\u0131d\u0131r. Bir yanda serpilen modern ekonomi ve kurumlar ile n\u00fcfusun b\u00fcy\u00fck b\u00f6l\u00fcm\u00fcn\u00fcn, k\u0131r yoksullar\u0131n\u0131n pay\u0131na d\u00fc\u015fen sefalet aras\u0131ndaki tezatt\u0131r bu. A\u011f\u0131r ya\u015fam ko\u015fullar\u0131, modern devletle i\u00e7 i\u00e7e ge\u00e7mi\u015f orta\u00e7a\u011f kal\u0131nt\u0131s\u0131 toprak a\u011fal\u0131\u011f\u0131 ve tabii isyan, kozas\u0131n\u0131 k\u0131r\u0131p \u00e7\u0131kmak isteyen bir yoksul gencin co\u011frafyayla m\u00fccadelesine e\u015flik eder. Istrati, kendi ya\u015fam \u00f6yk\u00fcs\u00fcnden kesitleri de katt\u0131\u011f\u0131 bu novellas\u0131n\u0131 1907 y\u0131l\u0131nda h\u00fck\u00fcmet ve toprak a\u011fal\u0131\u011f\u0131na ba\u015fkald\u0131rd\u0131klar\u0131 i\u00e7in topa tutulmu\u015f St\u0103nile\u015fti, B\u0103ile\u015fti, Hodivoaia k\u00f6yl\u00fclerine adam\u0131\u015ft\u0131r. <\/p>\n","protected":false},"excerpt":{"rendered":"<p>Panait Istrati\u2019nin 1928 y\u0131l\u0131nda Frans\u0131zca kaleme ald\u0131\u011f\u0131, olgunluk d\u00f6nemi yap\u0131tlar\u0131ndan Baragan\u2019\u0131n Dikenleri, yirminci y\u00fczy\u0131l ba\u015f\u0131nda yaln\u0131zca Romanya\u2019n\u0131n de\u011fil, b\u00fct\u00fcn Balkanlar\u0131n, hatta T\u00fcrkiye\u2019nin de ya\u015fad\u0131\u011f\u0131 bir sosyal<span class=\"excerpt-hellip\"> [\u2026]<\/span><\/p>\n","protected":false},"featured_media":0,"template":"","meta":{"_monsterinsights_skip_tracking":false,"_monsterinsights_sitenote_active":false,"_monsterinsights_sitenote_note":"","_monsterinsights_sitenote_category":0},"product_brand":[],"product_cat":[12291,12711],"product_tag":[],"class_list":{"0":"post-724392","1":"product","2":"type-product","3":"status-publish","5":"product_cat-edebiyat","6":"product_cat-roman-oyku","7":"pa_cilt-ciltsiz","8":"pa_tur-kitap","9":"pa_yayinevi-is-bankasi-kultur-yayinlari","10":"pa_yazar-panait-istrati","12":"first","13":"instock","14":"sale","15":"shipping-taxable","16":"purchasable","17":"product-type-simple"},"_links":{"self":[{"href":"https:\/\/roveyayinevi.com.tr\/index.php\/wp-json\/wp\/v2\/product\/724392","targetHints":{"allow":["GET"]}}],"collection":[{"href":"https:\/\/roveyayinevi.com.tr\/index.php\/wp-json\/wp\/v2\/product"}],"about":[{"href":"https:\/\/roveyayinevi.com.tr\/index.php\/wp-json\/wp\/v2\/types\/product"}],"wp:attachment":[{"href":"https:\/\/roveyayinevi.com.tr\/index.php\/wp-json\/wp\/v2\/media?parent=724392"}],"wp:term":[{"taxonomy":"product_brand","embeddable":true,"href":"https:\/\/roveyayinevi.com.tr\/index.php\/wp-json\/wp\/v2\/product_brand?post=724392"},{"taxonomy":"product_cat","embeddable":true,"href":"https:\/\/roveyayinevi.com.tr\/index.php\/wp-json\/wp\/v2\/product_cat?post=724392"},{"taxonomy":"product_tag","embeddable":true,"href":"https:\/\/roveyayinevi.com.tr\/index.php\/wp-json\/wp\/v2\/product_tag?post=724392"}],"curies":[{"name":"wp","href":"https:\/\/api.w.org\/{rel}","templated":true}]}}