{"id":724387,"date":"2025-08-27T19:33:43","date_gmt":"2025-08-27T16:33:43","guid":{"rendered":"https:\/\/roveyayinevi.com.tr\/index.php\/urun\/national-geographic-kids-ilk-kitaplarim-serisi-6-kitap\/"},"modified":"2026-04-16T02:32:19","modified_gmt":"2026-04-15T23:32:19","slug":"national-geographic-kids-ilk-kitaplarim-serisi-6-kitap","status":"publish","type":"product","link":"https:\/\/roveyayinevi.com.tr\/index.php\/urun\/national-geographic-kids-ilk-kitaplarim-serisi-6-kitap\/","title":{"rendered":"National Geographic Kids-\u0130lk Kitaplar\u0131m Serisi 6 Kitap"},"content":{"rendered":"<p>National Geographic Kids \u0130lk Kitaplar\u0131m Serisi 3+ Ya\u015f kitaplar\u0131n\u0131 bir sette toplad\u0131k. -National Geographic Kids &#8211; \u0130lk Nedenler Kitab\u0131m -National Geographic Kids &#8211; \u0130lk Hayvanlar Kitab\u0131m -National Geographic Kids &#8211; \u0130lk Dinozor Kitab\u0131m -National Geographic Kids &#8211; \u0130lk Uzay Kitab\u0131m -National Geographic Kids &#8211; \u0130lk Nas\u0131llar Kitab\u0131m -National Geographic Kids \u2013 \u0130lk B\u00f6cekler Kitab\u0131m <\/p>\n","protected":false},"excerpt":{"rendered":"<p>National Geographic Kids \u0130lk Kitaplar\u0131m Serisi 3+ Ya\u015f kitaplar\u0131n\u0131 bir sette toplad\u0131k. -National Geographic Kids &#8211; \u0130lk Nedenler Kitab\u0131m -National Geographic Kids &#8211; \u0130lk Hayvanlar Kitab\u0131m<span class=\"excerpt-hellip\"> [\u2026]<\/span><\/p>\n","protected":false},"featured_media":0,"template":"","meta":{"_monsterinsights_skip_tracking":false,"_monsterinsights_sitenote_active":false,"_monsterinsights_sitenote_note":"","_monsterinsights_sitenote_category":0},"product_brand":[],"product_cat":[12274,15842],"product_tag":[],"class_list":{"0":"post-724387","1":"product","2":"type-product","3":"status-publish","5":"product_cat-cocuk-ve-genclik-kitaplari","6":"product_cat-egitici-kitaplar","7":"pa_cilt-ciltsiz","8":"pa_tur-kitap","9":"pa_yayinevi-beta-kids","10":"pa_yazar-kolektif","12":"first","13":"instock","14":"sale","15":"shipping-taxable","16":"purchasable","17":"product-type-simple"},"_links":{"self":[{"href":"https:\/\/roveyayinevi.com.tr\/index.php\/wp-json\/wp\/v2\/product\/724387","targetHints":{"allow":["GET"]}}],"collection":[{"href":"https:\/\/roveyayinevi.com.tr\/index.php\/wp-json\/wp\/v2\/product"}],"about":[{"href":"https:\/\/roveyayinevi.com.tr\/index.php\/wp-json\/wp\/v2\/types\/product"}],"wp:attachment":[{"href":"https:\/\/roveyayinevi.com.tr\/index.php\/wp-json\/wp\/v2\/media?parent=724387"}],"wp:term":[{"taxonomy":"product_brand","embeddable":true,"href":"https:\/\/roveyayinevi.com.tr\/index.php\/wp-json\/wp\/v2\/product_brand?post=724387"},{"taxonomy":"product_cat","embeddable":true,"href":"https:\/\/roveyayinevi.com.tr\/index.php\/wp-json\/wp\/v2\/product_cat?post=724387"},{"taxonomy":"product_tag","embeddable":true,"href":"https:\/\/roveyayinevi.com.tr\/index.php\/wp-json\/wp\/v2\/product_tag?post=724387"}],"curies":[{"name":"wp","href":"https:\/\/api.w.org\/{rel}","templated":true}]}}