{"id":724386,"date":"2025-08-27T19:33:43","date_gmt":"2025-08-27T16:33:43","guid":{"rendered":"https:\/\/roveyayinevi.com.tr\/index.php\/urun\/das-alte-haus-eski-ev\/"},"modified":"2026-04-16T02:32:19","modified_gmt":"2026-04-15T23:32:19","slug":"das-alte-haus-eski-ev","status":"publish","type":"product","link":"https:\/\/roveyayinevi.com.tr\/index.php\/urun\/das-alte-haus-eski-ev\/","title":{"rendered":"Das Alte Haus (Eski Ev)"},"content":{"rendered":"<p>Dru\u0308ben in der Stra\u00dfe stand ein altes, altes Haus, das war fast dreihundert Jahr alt, so konnte man an einem Balken lesen, an dem die Jahreszahl zugleich mit Tulpen und Hopfenranken einge- kerbt war. Da standen ganze Verse in der Schreib- weise alter Tage, und u\u0308ber jedem Fenster war ein fratzenhaftes Gesicht in den Balken eingeschnitten.Soka\u011f\u0131n kar\u015f\u0131s\u0131nda eski, \u00e7ok eski bir ev vard\u0131. Kiri\u015flerinin birinde, lalelerle ve sarma\u015f\u0131klarla kapl\u0131 olan kiri\u015flerinin birine kaz\u0131nm\u0131\u015f tarih okunabiliyordu. Orada eski zamanlar\u0131n yaz\u0131s\u0131yla yaz\u0131lm\u0131\u015f b\u00fct\u00fcn bir dize de yaz\u0131l\u0131yd\u0131 ve her pencerenin \u00fczerinde kiri\u015flere kaz\u0131nm\u0131\u015f grotesk suratlar vard\u0131.<\/p>\n","protected":false},"excerpt":{"rendered":"<p>Dru\u0308ben in der Stra\u00dfe stand ein altes, altes Haus, das war fast dreihundert Jahr alt, so konnte man an einem Balken lesen, an dem die Jahreszahl<span class=\"excerpt-hellip\"> [\u2026]<\/span><\/p>\n","protected":false},"featured_media":0,"template":"","meta":{"_monsterinsights_skip_tracking":false,"_monsterinsights_sitenote_active":false,"_monsterinsights_sitenote_note":"","_monsterinsights_sitenote_category":0},"product_brand":[],"product_cat":[12472],"product_tag":[],"class_list":{"0":"post-724386","1":"product","2":"type-product","3":"status-publish","5":"product_cat-yabanci-dilde-kitaplar","6":"pa_cilt-ciltsiz","7":"pa_tur-kitap","8":"pa_yayinevi-dorlion-yayinevi","9":"pa_yazar-h-c-andersen","11":"first","12":"instock","13":"sale","14":"shipping-taxable","15":"purchasable","16":"product-type-simple"},"_links":{"self":[{"href":"https:\/\/roveyayinevi.com.tr\/index.php\/wp-json\/wp\/v2\/product\/724386","targetHints":{"allow":["GET"]}}],"collection":[{"href":"https:\/\/roveyayinevi.com.tr\/index.php\/wp-json\/wp\/v2\/product"}],"about":[{"href":"https:\/\/roveyayinevi.com.tr\/index.php\/wp-json\/wp\/v2\/types\/product"}],"wp:attachment":[{"href":"https:\/\/roveyayinevi.com.tr\/index.php\/wp-json\/wp\/v2\/media?parent=724386"}],"wp:term":[{"taxonomy":"product_brand","embeddable":true,"href":"https:\/\/roveyayinevi.com.tr\/index.php\/wp-json\/wp\/v2\/product_brand?post=724386"},{"taxonomy":"product_cat","embeddable":true,"href":"https:\/\/roveyayinevi.com.tr\/index.php\/wp-json\/wp\/v2\/product_cat?post=724386"},{"taxonomy":"product_tag","embeddable":true,"href":"https:\/\/roveyayinevi.com.tr\/index.php\/wp-json\/wp\/v2\/product_tag?post=724386"}],"curies":[{"name":"wp","href":"https:\/\/api.w.org\/{rel}","templated":true}]}}