{"id":724385,"date":"2025-08-27T19:33:42","date_gmt":"2025-08-27T16:33:42","guid":{"rendered":"https:\/\/roveyayinevi.com.tr\/index.php\/urun\/baslangic-2\/"},"modified":"2026-04-08T02:40:28","modified_gmt":"2026-04-07T23:40:28","slug":"baslangic-2","status":"publish","type":"product","link":"https:\/\/roveyayinevi.com.tr\/index.php\/urun\/baslangic-2\/","title":{"rendered":"Ba\u015flang\u0131\u00e7"},"content":{"rendered":"<p>\u015eiir yazmak gerekD\u00f6rt bir yana,DuvarlaraVe hatta t\u00fcm evrene.Ormanlar,\u00c7ocuklarVe kad\u0131nlar ad\u0131na.Resim yapmak gerek.T\u00fcm renkler dolusu canl\u0131,Siyah dolusu asil.\u015eark\u0131 s\u00f6ylemek gerekHayatta.Sol anahtar\u0131 olabilmek.A\u015f\u0131k olmak gerek,\u00c7ocuk kalmak.SafVe ilk g\u00fcnk\u00fc gibi&#8230;<\/p>\n","protected":false},"excerpt":{"rendered":"<p>\u015eiir yazmak gerekD\u00f6rt bir yana,DuvarlaraVe hatta t\u00fcm evrene.Ormanlar,\u00c7ocuklarVe kad\u0131nlar ad\u0131na.Resim yapmak gerek.T\u00fcm renkler dolusu canl\u0131,Siyah dolusu asil.\u015eark\u0131 s\u00f6ylemek gerekHayatta.Sol anahtar\u0131 olabilmek.A\u015f\u0131k olmak gerek,\u00c7ocuk kalmak.SafVe ilk g\u00fcnk\u00fc<span class=\"excerpt-hellip\"> [\u2026]<\/span><\/p>\n","protected":false},"featured_media":0,"template":"","meta":{"_monsterinsights_skip_tracking":false,"_monsterinsights_sitenote_active":false,"_monsterinsights_sitenote_note":"","_monsterinsights_sitenote_category":0},"product_brand":[],"product_cat":[12291,12509],"product_tag":[],"class_list":{"0":"post-724385","1":"product","2":"type-product","3":"status-publish","5":"product_cat-edebiyat","6":"product_cat-siir","7":"pa_cilt-ciltsiz","8":"pa_tur-kitap","9":"pa_yayinevi-herdem-kitap","10":"pa_yazar-su-sesim-sahin","12":"first","13":"instock","14":"sale","15":"shipping-taxable","16":"purchasable","17":"product-type-simple"},"_links":{"self":[{"href":"https:\/\/roveyayinevi.com.tr\/index.php\/wp-json\/wp\/v2\/product\/724385","targetHints":{"allow":["GET"]}}],"collection":[{"href":"https:\/\/roveyayinevi.com.tr\/index.php\/wp-json\/wp\/v2\/product"}],"about":[{"href":"https:\/\/roveyayinevi.com.tr\/index.php\/wp-json\/wp\/v2\/types\/product"}],"wp:attachment":[{"href":"https:\/\/roveyayinevi.com.tr\/index.php\/wp-json\/wp\/v2\/media?parent=724385"}],"wp:term":[{"taxonomy":"product_brand","embeddable":true,"href":"https:\/\/roveyayinevi.com.tr\/index.php\/wp-json\/wp\/v2\/product_brand?post=724385"},{"taxonomy":"product_cat","embeddable":true,"href":"https:\/\/roveyayinevi.com.tr\/index.php\/wp-json\/wp\/v2\/product_cat?post=724385"},{"taxonomy":"product_tag","embeddable":true,"href":"https:\/\/roveyayinevi.com.tr\/index.php\/wp-json\/wp\/v2\/product_tag?post=724385"}],"curies":[{"name":"wp","href":"https:\/\/api.w.org\/{rel}","templated":true}]}}