{"id":724379,"date":"2025-08-27T19:33:36","date_gmt":"2025-08-27T16:33:36","guid":{"rendered":"https:\/\/roveyayinevi.com.tr\/index.php\/urun\/karanlik-hikaye\/"},"modified":"2026-04-16T02:32:19","modified_gmt":"2026-04-15T23:32:19","slug":"karanlik-hikaye","status":"publish","type":"product","link":"https:\/\/roveyayinevi.com.tr\/index.php\/urun\/karanlik-hikaye\/","title":{"rendered":"Karanl\u0131k Hikaye"},"content":{"rendered":"<p>Bir hik\u00e2yenin karanl\u0131\u011f\u0131 kahramanlar\u0131n\u0131n karanl\u0131\u011f\u0131yla ba\u015flar\u2026 Ger\u00e7ek hayatta ve yazd\u0131\u011f\u0131 romanlarda t\u00fcm kahramanlar\u0131 \u00fckenmi\u015f, t\u00fcm \u00f6yk\u00fcleri eksik kalm\u0131\u015f bir yazar; Haldun Ergin. Yeninin pe\u015finde bir adam. Yeni bir hayat\u0131n, yeni bir hik\u00e2yenin, hatta yeni bir a\u015fk\u0131n\u2026 Y\u0131llar evvelki a\u015fk\u0131 Derin\u2019in a\u00e7t\u0131\u011f\u0131 yaralar\u0131 kapatmak isterken Haldun\u2019un kar\u015f\u0131s\u0131na, onu bamba\u015fka bir a\u015fka, ak\u0131l tutulmas\u0131na s\u00fcr\u00fckleyecek bir kad\u0131n \u00e7\u0131kacakt\u0131r: Defne. Defne ile Haldun\u2019un yak\u0131nl\u0131\u011f\u0131 artt\u0131k\u00e7a s\u0131rlar da \u00e7o\u011falacak, bir\u00e7o\u011fu Haldun\u2019un ge\u00e7mi\u015fiyle kesi\u015fecektir. Yola \u00e7\u0131karken foto\u011fraftaki adam olmay\u0131 de\u011fil, foto\u011fraf\u0131 \u00e7eken adam olmay\u0131 tasarlayan Haldun, bir hik\u00e2ye ararken fark\u0131nda olmadan hik\u00e2yenin kahramanlar\u0131ndan olur\u2026 \u00c7\u00fcnk\u00fc her zaman oldu\u011fu gibi, oyunun kurallar\u0131n\u0131 hayat koyacakt\u0131r\u2026  Bir ba\u015fka yeni girmi\u015fti hayat\u0131na \u015fimdi. S\u00f6zleri yeniydi&#8230; Elleri yeniydi&#8230; Dili yeniydi&#8230; Sevmesi yeniydi. Ya\u015fanacak yeni \u015feyler belli ki art\u0131k \u00e7ok uzakta de\u011fildi. Vakit yakla\u015f\u0131yordu. <\/p>\n","protected":false},"excerpt":{"rendered":"<p>Bir hik\u00e2yenin karanl\u0131\u011f\u0131 kahramanlar\u0131n\u0131n karanl\u0131\u011f\u0131yla ba\u015flar\u2026 Ger\u00e7ek hayatta ve yazd\u0131\u011f\u0131 romanlarda t\u00fcm kahramanlar\u0131 \u00fckenmi\u015f, t\u00fcm \u00f6yk\u00fcleri eksik kalm\u0131\u015f bir yazar; Haldun Ergin. Yeninin pe\u015finde bir adam.<span class=\"excerpt-hellip\"> [\u2026]<\/span><\/p>\n","protected":false},"featured_media":0,"template":"","meta":{"_monsterinsights_skip_tracking":false,"_monsterinsights_sitenote_active":false,"_monsterinsights_sitenote_note":"","_monsterinsights_sitenote_category":0},"product_brand":[],"product_cat":[12291,12711],"product_tag":[],"class_list":{"0":"post-724379","1":"product","2":"type-product","3":"status-publish","5":"product_cat-edebiyat","6":"product_cat-roman-oyku","7":"pa_cilt-ciltsiz","8":"pa_tur-kitap","9":"pa_yayinevi-kirmizi-kedi-yayinevi","10":"pa_yazar-murat-ongun","12":"first","13":"instock","14":"sale","15":"shipping-taxable","16":"purchasable","17":"product-type-simple"},"_links":{"self":[{"href":"https:\/\/roveyayinevi.com.tr\/index.php\/wp-json\/wp\/v2\/product\/724379","targetHints":{"allow":["GET"]}}],"collection":[{"href":"https:\/\/roveyayinevi.com.tr\/index.php\/wp-json\/wp\/v2\/product"}],"about":[{"href":"https:\/\/roveyayinevi.com.tr\/index.php\/wp-json\/wp\/v2\/types\/product"}],"wp:attachment":[{"href":"https:\/\/roveyayinevi.com.tr\/index.php\/wp-json\/wp\/v2\/media?parent=724379"}],"wp:term":[{"taxonomy":"product_brand","embeddable":true,"href":"https:\/\/roveyayinevi.com.tr\/index.php\/wp-json\/wp\/v2\/product_brand?post=724379"},{"taxonomy":"product_cat","embeddable":true,"href":"https:\/\/roveyayinevi.com.tr\/index.php\/wp-json\/wp\/v2\/product_cat?post=724379"},{"taxonomy":"product_tag","embeddable":true,"href":"https:\/\/roveyayinevi.com.tr\/index.php\/wp-json\/wp\/v2\/product_tag?post=724379"}],"curies":[{"name":"wp","href":"https:\/\/api.w.org\/{rel}","templated":true}]}}