{"id":724372,"date":"2025-08-27T19:33:31","date_gmt":"2025-08-27T16:33:31","guid":{"rendered":"https:\/\/roveyayinevi.com.tr\/index.php\/urun\/kuranin-kalbine-yolculuk\/"},"modified":"2026-04-16T02:32:19","modified_gmt":"2026-04-15T23:32:19","slug":"kuranin-kalbine-yolculuk","status":"publish","type":"product","link":"https:\/\/roveyayinevi.com.tr\/index.php\/urun\/kuranin-kalbine-yolculuk\/","title":{"rendered":"Kuran\u2019\u0131n Kalbine Yolculuk"},"content":{"rendered":"<p>Kur&#8217;an bir hakikat \u00e7a\u011fr\u0131s\u0131; bir hidayet rehberidir. Kur&#8217;an Allah&#8217;\u0131n sesidir, nefesidir; Allah&#8217;\u0131n kelam\u0131d\u0131r; onunla ne kadar i\u00e7 i\u00e7e girersen Allah&#8217;\u0131n sesini, nefesini, solu\u011funu o kadar i\u00e7inde hissedersin. O soluk insan\u0131 pi\u015firir; o soluk insan\u0131 olgunla\u015ft\u0131r\u0131r; bamba\u015fka bir noktaya ula\u015ft\u0131r\u0131r.Ne var akla gelen, g\u00f6kteki G\u00fcne\u015f, gezegenler, yerin i\u00e7indeki kar\u0131nca, yerin \u00fcst\u00fcndeki ta\u015f, ne geliyorsa akl\u0131na, ne varsa her \u015feyin y\u00f6netimi, m\u00fclk\u00fc, g\u00fcc\u00fc, kudreti Allah\u2019\u0131n elindedir ve ey insanlar, siz O\u2019na d\u00f6nd\u00fcr\u00fcleceksiniz.Allah&#8217;\u0131n r\u0131zas\u0131, bu insan\u0131n g\u00f6nl\u00fcnde, kalbinde bir meleke haline gelirse, \u015feytan ona di\u015f ge\u00e7iremez.S\u0131\u011fl\u0131\u011f\u0131m\u0131z, Kur&#8217;an&#8217;dan uzakl\u0131\u011f\u0131m\u0131zdand\u0131r. Lakaytl\u0131\u011f\u0131m\u0131z\u0131n, ald\u0131r\u0131\u015fs\u0131zl\u0131\u011f\u0131m\u0131z\u0131n, gams\u0131zl\u0131\u011f\u0131m\u0131z\u0131n, d\u00fcnyevile\u015fmemizin sebebi Kur&#8217;an&#8217;dan uzak kalmam\u0131zd\u0131r.Kur&#8217;an duygu durumumuzu dengeler. D\u00fcnya ile ahireti, bedenle ruhu, ak\u0131lla kalbi, g\u00f6r\u00fcnen ve g\u00f6r\u00fcnmeyeni dengeler Kur&#8217;an.\u0130man ki\u015fili\u011fin birle\u015ftirici g\u00fcc\u00fcd\u00fcr. \u0130nsan\u0131n b\u00fct\u00fcn benli\u011fini as\u0131l hedefe, as\u0131l gayeye do\u011fru odaklar. \u0130man\u0131n kayb\u0131, ki\u015filik par\u00e7alanmas\u0131 demektir.Zaman bizi \u00f6l\u00fcme; \u00f6l\u00fcm bizi Allah&#8217;a ta\u015f\u0131yor.Gemileri yakt\u0131ran bu Kitap\u2019t\u0131r. Gemileri karadan y\u00fcr\u00fcten bu Kitap\u2019t\u0131r. Da\u011flar\u0131 bay\u0131rlar\u0131 a\u015ft\u0131ran bu Kitap\u2019t\u0131r. Deryalar\u0131 a\u015ft\u0131ran bu Kitap\u2019t\u0131r. Aziz k\u0131lar bu Kitap ve bir insan Kur&#8217;an&#8217;dan uzakla\u015ft\u0131\u011f\u0131nda, g\u00fcc\u00fcn\u00fc, \u015ferefini ve izzetini kaybeder.Besmele bizim g\u00fcnl\u00fck, s\u0131radan i\u015flerimizi amel haline getiren bir niyet deklerasyonudur. Besmele \u00e7ekti\u011fimiz zaman art\u0131k o i\u015f Allah\u2019\u0131n r\u0131zas\u0131 i\u00e7in yap\u0131lan bir ibadete d\u00f6n\u00fc\u015fm\u00fc\u015f olur.Efendimizi anlamak isteyen, Hz. Musa\u2019ya baks\u0131n, Hz. \u0130sa\u2019ya baks\u0131n. Hz. S\u00fcleyman\u2019a baks\u0131n, Hz. Yakub\u2019a baks\u0131n. Hz. \u0130brahim\u2019e baks\u0131n, en ba\u015fta Hz. Adem\u2019e baks\u0131n.Allah yolu, yolcu ile tan\u0131ml\u0131yor; \u00e7\u00fcnk\u00fc yolcu yolun ruhudur. Peygambere uymayan istikamette de\u011fildir. Ashab-\u0131 kirama ittiba etmeyen istikamette de\u011fildir. Salih insanlara muhabbet duymayan, iyi insanlarla birlikte olmayan istikamet \u00fczere de\u011fildir. \u015eehitlerin yoluna burun k\u0131v\u0131ran istikamet \u00fczere de\u011fildir.Bu yol Musa\u2019n\u0131n (as) yoludur, \u0130sa\u2019n\u0131n (as) yoludur, \u0130brahim\u2019in (as) yoludur, S\u00fcleyman\u2019\u0131n (as) yoludur, Adem\u2019in (as) yoludur, hepsinin yoludur. Bu yol Efendimizin yoludur. Ashab\u0131n\u0131n yoludur. Salihlerin yoludur. S\u0131ddiklerin yoludur. \u015eehitlerin yoludur\u2026Dirili\u015fin merkezi Medine ise dirili\u015fin e\u015fi\u011fi Mekke&#8217;dir.Namaz\u0131n bizim karakter \u00f6zelli\u011fimiz olmas\u0131 laz\u0131m, ibadetin karakter \u00f6zelli\u011fimiz olmas\u0131 laz\u0131m, ezan\u0131n bizim karakter \u00f6zelli\u011fimiz olmas\u0131 laz\u0131m. Hayr\u0131n, hikmetin, iyiliklerin, salih amellerin, karakter \u00f6zelli\u011fimiz olmas\u0131 laz\u0131m.Bu Kitap umumiyetle ki\u015fileri anlatmaz, ki\u015filikleri anlat\u0131r; \u015fah\u0131slar\u0131 anlatmaz, \u015fahsiyetleri anlat\u0131r; insan\u0131 anlatmaz, karakteri anlat\u0131r. \u00c7\u00fcnk\u00fc insan \u00f6l\u00fcr, ki\u015filik kal\u0131r. \u00d6len ki\u015fidir, ki\u015filik ise k\u0131yamete kadar bakidir. \u00d6len \u015fah\u0131st\u0131r, \u015fahsiyet k\u0131yamete kadar bakidir.Sen ilk defa ortaya \u00e7\u0131km\u0131\u015f, tarih boyunca e\u015fi benzeri olmayan, ha\u015fa sonradan t\u00fcreyen bir peygamber de\u011filsin. Senin gibi pek \u00e7ok peygamber geldi ge\u00e7ti, sen onlar\u0131n devam\u0131s\u0131n.<\/p>\n","protected":false},"excerpt":{"rendered":"<p>Kur&#8217;an bir hakikat \u00e7a\u011fr\u0131s\u0131; bir hidayet rehberidir. Kur&#8217;an Allah&#8217;\u0131n sesidir, nefesidir; Allah&#8217;\u0131n kelam\u0131d\u0131r; onunla ne kadar i\u00e7 i\u00e7e girersen Allah&#8217;\u0131n sesini, nefesini, solu\u011funu o kadar i\u00e7inde<span class=\"excerpt-hellip\"> [\u2026]<\/span><\/p>\n","protected":false},"featured_media":0,"template":"","meta":{"_monsterinsights_skip_tracking":false,"_monsterinsights_sitenote_active":false,"_monsterinsights_sitenote_note":"","_monsterinsights_sitenote_category":0},"product_brand":[],"product_cat":[12718,12719,45552],"product_tag":[],"class_list":{"0":"post-724372","1":"product","2":"type-product","3":"status-publish","5":"product_cat-din","6":"product_cat-islam","7":"product_cat-meal-tefsir-hadis","8":"pa_cilt-ciltsiz","9":"pa_tur-kitap","10":"pa_yayinevi-timas-yayinlari","11":"pa_yazar-yasin-pisgin","13":"first","14":"instock","15":"sale","16":"shipping-taxable","17":"purchasable","18":"product-type-simple"},"_links":{"self":[{"href":"https:\/\/roveyayinevi.com.tr\/index.php\/wp-json\/wp\/v2\/product\/724372","targetHints":{"allow":["GET"]}}],"collection":[{"href":"https:\/\/roveyayinevi.com.tr\/index.php\/wp-json\/wp\/v2\/product"}],"about":[{"href":"https:\/\/roveyayinevi.com.tr\/index.php\/wp-json\/wp\/v2\/types\/product"}],"wp:attachment":[{"href":"https:\/\/roveyayinevi.com.tr\/index.php\/wp-json\/wp\/v2\/media?parent=724372"}],"wp:term":[{"taxonomy":"product_brand","embeddable":true,"href":"https:\/\/roveyayinevi.com.tr\/index.php\/wp-json\/wp\/v2\/product_brand?post=724372"},{"taxonomy":"product_cat","embeddable":true,"href":"https:\/\/roveyayinevi.com.tr\/index.php\/wp-json\/wp\/v2\/product_cat?post=724372"},{"taxonomy":"product_tag","embeddable":true,"href":"https:\/\/roveyayinevi.com.tr\/index.php\/wp-json\/wp\/v2\/product_tag?post=724372"}],"curies":[{"name":"wp","href":"https:\/\/api.w.org\/{rel}","templated":true}]}}