{"id":724366,"date":"2025-08-27T19:33:26","date_gmt":"2025-08-27T16:33:26","guid":{"rendered":"https:\/\/roveyayinevi.com.tr\/index.php\/urun\/hayalet-oykuleri-3\/"},"modified":"2026-04-16T02:32:19","modified_gmt":"2026-04-15T23:32:19","slug":"hayalet-oykuleri-3","status":"publish","type":"product","link":"https:\/\/roveyayinevi.com.tr\/index.php\/urun\/hayalet-oykuleri-3\/","title":{"rendered":"Hayalet \u00d6yk\u00fcleri"},"content":{"rendered":"<p>M.R. James, I\u0307ngiliz edebiyat\u0131n\u0131n en o\u0308nemli korku yazarlar\u0131ndan biri, modern hayalet anlat\u0131s\u0131n\u0131n babas\u0131. Stephen King, H.P. Lovecraft ve Clark Ashton Smith gibi ustalar\u0131 derinden etkilemis\u0327 bir isim olan James\u2019in yazd\u0131klar\u0131, yirminci yu\u0308zy\u0131l hayalet o\u0308yku\u0308cu\u0308lu\u0308g\u0306u\u0308nu\u0308n doruk noktas\u0131 oldug\u0306u kadar sonras\u0131nda gelen, bu tu\u0308rde yaz\u0131lm\u0131s\u0327 eserlerin de temelini atar.   Hayalet O\u0308yku\u0308leri\u2019nde antika bir du\u0308du\u0308g\u0306u\u0308n du\u0308nyaya c\u0327ag\u0306\u0131rd\u0131g\u0306\u0131 korkutucu ruhlar\u0131n, o\u0308lu\u0308mcu\u0308l bir lanetten kurtulmaya c\u0327al\u0131s\u0327an insanlar\u0131n, kasabaya dehs\u0327et salan yarat\u0131klar\u0131n, gu\u0308ndu\u0308z kaybolup gece ortaya c\u0327\u0131kan odalar\u0131n ve intikam ic\u0327in geri do\u0308nen cad\u0131lar\u0131n anlat\u0131ld\u0131g\u0306\u0131 karanl\u0131k o\u0308yku\u0308lerle kars\u0327\u0131las\u0327acaks\u0131n\u0131z.   HAYALETLER U\u0308ZER\u0130M\u0130ZDE KOL GEZMEYE DEVAM ED\u0130YOR.   David Stuart Davies\u2019in \u00f6ns\u00f6z\u00fcyle   \u201cEn iyi hayalet o\u0308yku\u0308lerini M.R. James yazm\u0131s\u0327t\u0131r.\u201d \u2013Neil Gaiman   \u201cJames\u2019in k\u00f6t\u00fcc\u00fcl yarat\u0131klar\u0131 benimkilerden \u00e7ok daha korkun\u00e7 \u00e7\u00fcnk\u00fc onlar insan ger\u00e7ekli\u011fine hem \u00e7ok yak\u0131n hem de bir o kadar uzak.\u201d \u2013Stephen King   \u201cBirinci s\u0131n\u0131f bir tuhaf kurgu ustas\u0131.\u201d \u2013H. P. Lovecraft   \u201c\u00d6zg\u00fcnl\u00fckte kimse M. R. James\u2019in eline su d\u00f6kemez.\u201d \u2013Clark Ashton Smith  <\/p>\n","protected":false},"excerpt":{"rendered":"<p>M.R. James, I\u0307ngiliz edebiyat\u0131n\u0131n en o\u0308nemli korku yazarlar\u0131ndan biri, modern hayalet anlat\u0131s\u0131n\u0131n babas\u0131. Stephen King, H.P. Lovecraft ve Clark Ashton Smith gibi ustalar\u0131 derinden etkilemis\u0327 bir<span class=\"excerpt-hellip\"> [\u2026]<\/span><\/p>\n","protected":false},"featured_media":0,"template":"","meta":{"_monsterinsights_skip_tracking":false,"_monsterinsights_sitenote_active":false,"_monsterinsights_sitenote_note":"","_monsterinsights_sitenote_category":0},"product_brand":[],"product_cat":[12291,17033],"product_tag":[],"class_list":{"0":"post-724366","1":"product","2":"type-product","3":"status-publish","5":"product_cat-edebiyat","6":"product_cat-korku-gerilim","7":"pa_cilt-ciltsiz","8":"pa_tur-kitap","9":"pa_yayinevi-ithaki-yayinlari","10":"pa_yazar-m-r-james","12":"first","13":"instock","14":"sale","15":"shipping-taxable","16":"purchasable","17":"product-type-simple"},"_links":{"self":[{"href":"https:\/\/roveyayinevi.com.tr\/index.php\/wp-json\/wp\/v2\/product\/724366","targetHints":{"allow":["GET"]}}],"collection":[{"href":"https:\/\/roveyayinevi.com.tr\/index.php\/wp-json\/wp\/v2\/product"}],"about":[{"href":"https:\/\/roveyayinevi.com.tr\/index.php\/wp-json\/wp\/v2\/types\/product"}],"wp:attachment":[{"href":"https:\/\/roveyayinevi.com.tr\/index.php\/wp-json\/wp\/v2\/media?parent=724366"}],"wp:term":[{"taxonomy":"product_brand","embeddable":true,"href":"https:\/\/roveyayinevi.com.tr\/index.php\/wp-json\/wp\/v2\/product_brand?post=724366"},{"taxonomy":"product_cat","embeddable":true,"href":"https:\/\/roveyayinevi.com.tr\/index.php\/wp-json\/wp\/v2\/product_cat?post=724366"},{"taxonomy":"product_tag","embeddable":true,"href":"https:\/\/roveyayinevi.com.tr\/index.php\/wp-json\/wp\/v2\/product_tag?post=724366"}],"curies":[{"name":"wp","href":"https:\/\/api.w.org\/{rel}","templated":true}]}}