{"id":724346,"date":"2025-08-27T19:33:10","date_gmt":"2025-08-27T16:33:10","guid":{"rendered":"https:\/\/roveyayinevi.com.tr\/index.php\/urun\/gumusuyku\/"},"modified":"2025-11-21T06:03:22","modified_gmt":"2025-11-21T03:03:22","slug":"gumusuyku","status":"publish","type":"product","link":"https:\/\/roveyayinevi.com.tr\/index.php\/urun\/gumusuyku\/","title":{"rendered":"G\u00fcm\u00fc\u015fuyku"},"content":{"rendered":"<p>\u0130nce s\u00f6z\u00fcm E\u011fmi\u015f boynunu Nakka\u015f unutmu\u015f nedenini.   Sesim Pahal\u0131 oyunca\u011f\u0131m Bileyle kendini.   A\u011f\u0131lar\u0131 s\u00fcz de i\u00e7 Kanat \u00e7\u0131rpan sular Berrak sana.   G\u00fcm\u00fc\u015f uykulardan s\u00fcz\u00fclen Nefesim, zor nefesim Umar ol kendine. <\/p>\n","protected":false},"excerpt":{"rendered":"<p>\u0130nce s\u00f6z\u00fcm E\u011fmi\u015f boynunu Nakka\u015f unutmu\u015f nedenini. Sesim Pahal\u0131 oyunca\u011f\u0131m Bileyle kendini. A\u011f\u0131lar\u0131 s\u00fcz de i\u00e7 Kanat \u00e7\u0131rpan sular Berrak sana. G\u00fcm\u00fc\u015f uykulardan s\u00fcz\u00fclen Nefesim, zor<span class=\"excerpt-hellip\"> [\u2026]<\/span><\/p>\n","protected":false},"featured_media":0,"template":"","meta":{"_monsterinsights_skip_tracking":false,"_monsterinsights_sitenote_active":false,"_monsterinsights_sitenote_note":"","_monsterinsights_sitenote_category":0},"product_brand":[],"product_cat":[12291,12509],"product_tag":[],"class_list":{"0":"post-724346","1":"product","2":"type-product","3":"status-publish","5":"product_cat-edebiyat","6":"product_cat-siir","7":"pa_cilt-ciltsiz","8":"pa_tur-kitap","9":"pa_yayinevi-favori-yayinlari","10":"pa_yazar-hasan-sertkaya","12":"first","13":"instock","14":"sale","15":"shipping-taxable","16":"purchasable","17":"product-type-simple"},"_links":{"self":[{"href":"https:\/\/roveyayinevi.com.tr\/index.php\/wp-json\/wp\/v2\/product\/724346","targetHints":{"allow":["GET"]}}],"collection":[{"href":"https:\/\/roveyayinevi.com.tr\/index.php\/wp-json\/wp\/v2\/product"}],"about":[{"href":"https:\/\/roveyayinevi.com.tr\/index.php\/wp-json\/wp\/v2\/types\/product"}],"wp:attachment":[{"href":"https:\/\/roveyayinevi.com.tr\/index.php\/wp-json\/wp\/v2\/media?parent=724346"}],"wp:term":[{"taxonomy":"product_brand","embeddable":true,"href":"https:\/\/roveyayinevi.com.tr\/index.php\/wp-json\/wp\/v2\/product_brand?post=724346"},{"taxonomy":"product_cat","embeddable":true,"href":"https:\/\/roveyayinevi.com.tr\/index.php\/wp-json\/wp\/v2\/product_cat?post=724346"},{"taxonomy":"product_tag","embeddable":true,"href":"https:\/\/roveyayinevi.com.tr\/index.php\/wp-json\/wp\/v2\/product_tag?post=724346"}],"curies":[{"name":"wp","href":"https:\/\/api.w.org\/{rel}","templated":true}]}}