{"id":724333,"date":"2025-08-27T19:33:01","date_gmt":"2025-08-27T16:33:01","guid":{"rendered":"https:\/\/roveyayinevi.com.tr\/index.php\/urun\/anayasa-mahkemesi-iptal-kararlarinin-geriye-yurumezligi-sorunu\/"},"modified":"2026-04-16T02:32:17","modified_gmt":"2026-04-15T23:32:17","slug":"anayasa-mahkemesi-iptal-kararlarinin-geriye-yurumezligi-sorunu","status":"publish","type":"product","link":"https:\/\/roveyayinevi.com.tr\/index.php\/urun\/anayasa-mahkemesi-iptal-kararlarinin-geriye-yurumezligi-sorunu\/","title":{"rendered":"Anayasa Mahkemesi \u0130ptal Kararlar\u0131n\u0131n Geriye Y\u00fcr\u00fcmezli\u011fi Sorunu"},"content":{"rendered":"<p>Anayasa Mahkemesinin Anayasaya uygunluk denetimi sonucunda vermi\u015f oldu\u011fu iptal kararlar\u0131n\u0131n geriye y\u00fcr\u00fcmeyece\u011fine ili\u015fkin, gerek 1961 Anayasas\u0131n\u0131n 152. maddesinin \u00fc\u00e7\u00fcnc\u00fc f\u0131kras\u0131nda, gerekse 1982 Anayasas\u0131n\u0131n 153. maddesinin be\u015finci f\u0131kras\u0131nda yer alan kural; iptal karar\u0131 sonras\u0131nda ortaya \u00e7\u0131kan yasal bo\u015flu\u011fun nas\u0131l ve hangi zaman diliminde doldurulaca\u011f\u0131, bu s\u00fcre\u00e7te hangi kural\u0131n uygulanaca\u011f\u0131, ki\u015filer a\u00e7\u0131s\u0131ndan hukuki g\u00fcvenli\u011fin nas\u0131l tesis edilece\u011fi, i\u00e7timai huzur m\u00fcl\u00e2hazas\u0131yla ortaya \u00e7\u0131kan uygulaman\u0131n kazan\u0131lm\u0131\u015f haklara nas\u0131l etki edece\u011fi, di\u011fer taraftan \u00e7e\u015fitli davalarda dava t\u00fcr\u00fcne ve uygulanan h\u00fckme g\u00f6re iptal karar\u0131n\u0131n nas\u0131l etki do\u011furaca\u011f\u0131 yolundaki sorularla ge\u00e7mi\u015fte oldu\u011fu gibi bug\u00fcn de uygulamada birtak\u0131m sorunlara yol a\u00e7maktad\u0131r.\u00c7al\u0131\u015fmam\u0131z, s\u00f6z konusu sorunlara dayanak mevzuat\u0131n incelenmesi, ilgili d\u00fczenlemelerin somut olaylarda nas\u0131l uyguland\u0131\u011f\u0131n\u0131n tespit edilmesi ve uygulamada kar\u015f\u0131la\u015f\u0131lan bu sorunlara \u00e7\u00f6z\u00fcm bulunabilmesi \u00e7abas\u0131d\u0131r.<\/p>\n","protected":false},"excerpt":{"rendered":"<p>Anayasa Mahkemesinin Anayasaya uygunluk denetimi sonucunda vermi\u015f oldu\u011fu iptal kararlar\u0131n\u0131n geriye y\u00fcr\u00fcmeyece\u011fine ili\u015fkin, gerek 1961 Anayasas\u0131n\u0131n 152. maddesinin \u00fc\u00e7\u00fcnc\u00fc f\u0131kras\u0131nda, gerekse 1982 Anayasas\u0131n\u0131n 153. maddesinin be\u015finci<span class=\"excerpt-hellip\"> [\u2026]<\/span><\/p>\n","protected":false},"featured_media":0,"template":"","meta":{"_monsterinsights_skip_tracking":false,"_monsterinsights_sitenote_active":false,"_monsterinsights_sitenote_note":"","_monsterinsights_sitenote_category":0},"product_brand":[],"product_cat":[15350,17602],"product_tag":[],"class_list":{"0":"post-724333","1":"product","2":"type-product","3":"status-publish","5":"product_cat-hukuk","6":"product_cat-hukuk-uzerine","7":"pa_cilt-ciltsiz","8":"pa_tur-kitap","9":"pa_yayinevi-astana-yayinlari","10":"pa_yazar-mehtap-demirors","12":"first","13":"instock","14":"sale","15":"shipping-taxable","16":"purchasable","17":"product-type-simple"},"_links":{"self":[{"href":"https:\/\/roveyayinevi.com.tr\/index.php\/wp-json\/wp\/v2\/product\/724333","targetHints":{"allow":["GET"]}}],"collection":[{"href":"https:\/\/roveyayinevi.com.tr\/index.php\/wp-json\/wp\/v2\/product"}],"about":[{"href":"https:\/\/roveyayinevi.com.tr\/index.php\/wp-json\/wp\/v2\/types\/product"}],"wp:attachment":[{"href":"https:\/\/roveyayinevi.com.tr\/index.php\/wp-json\/wp\/v2\/media?parent=724333"}],"wp:term":[{"taxonomy":"product_brand","embeddable":true,"href":"https:\/\/roveyayinevi.com.tr\/index.php\/wp-json\/wp\/v2\/product_brand?post=724333"},{"taxonomy":"product_cat","embeddable":true,"href":"https:\/\/roveyayinevi.com.tr\/index.php\/wp-json\/wp\/v2\/product_cat?post=724333"},{"taxonomy":"product_tag","embeddable":true,"href":"https:\/\/roveyayinevi.com.tr\/index.php\/wp-json\/wp\/v2\/product_tag?post=724333"}],"curies":[{"name":"wp","href":"https:\/\/api.w.org\/{rel}","templated":true}]}}