{"id":724332,"date":"2025-08-27T19:33:00","date_gmt":"2025-08-27T16:33:00","guid":{"rendered":"https:\/\/roveyayinevi.com.tr\/index.php\/urun\/holakrasi\/"},"modified":"2026-04-16T02:32:17","modified_gmt":"2026-04-15T23:32:17","slug":"holakrasi","status":"publish","type":"product","link":"https:\/\/roveyayinevi.com.tr\/index.php\/urun\/holakrasi\/","title":{"rendered":"Holakrasi"},"content":{"rendered":"<p>\u00d6rg\u00fctlerin y\u00f6netimi konusu g\u00fcncelli\u011fini hep korumaktad\u0131r. Bu noktada, insani geli\u015fim, \u00e7evresel unsurlar\u0131n say\u0131s\u0131n\u0131n artmas\u0131, bu unsurlar\u0131n de\u011fi\u015fim h\u0131z\u0131n\u0131n y\u00fckselmesi ve sonu\u00e7ta ortaya \u00e7evresel karma\u015f\u0131kl\u0131k, \u00f6rg\u00fctlerin bu duruma yan\u0131t verme y\u00f6ntemlerinin de d\u00f6n\u00fc\u015f\u00fcm\u00fcn\u00fc zorunlu k\u0131lmaktad\u0131r. \u0130\u015fte, holakrasi, \u00e7evresel karma\u015f\u0131kl\u0131\u011fa yan\u0131t olarak ortaya \u00e7\u0131kan bu \u00f6rg\u00fctsel y\u00f6ntemlerden biridir. Holakrasi, \u00f6rg\u00fctte yetkinin b\u00fct\u00fcn \u00fcyelerce payla\u015f\u0131m\u0131n\u0131 esas alan,  bu \u00e7er\u00e7evede, kat\u0131l\u0131m\u0131 ve \u00f6zerkli\u011fi \u00f6ne \u00e7\u0131karan bir y\u00f6ntemdir. Ku\u015fkusuz, b\u00f6yle bir y\u00f6netsel y\u00f6ntemin uygulanmas\u0131, geli\u015fmi\u015f, temel ihtiya\u00e7lar\u0131 yarat\u0131c\u0131l\u0131k olan ya da \u00fcst d\u00fczey sorumluluk duygusu ile hareket eden bireylerin varl\u0131\u011f\u0131yla olanakl\u0131d\u0131r.    Otoriteyi kurulu\u015fa da\u011f\u0131tan, insanlar\u0131 hiyerar\u015fi ve unvanlara de\u011fil rollere g\u00f6re tan\u0131tan bu y\u00f6netim \u015feklini uygulayan \u015firket say\u0131s\u0131 her ge\u00e7en g\u00fcn artarken, agresif rekabet ko\u015fullar\u0131 i\u00e7erisinde kaybolmak istemeyen her \u015firketin de holakrasi ile tan\u0131\u015fmas\u0131 gerekmektedir.   <\/p>\n","protected":false},"excerpt":{"rendered":"<p>\u00d6rg\u00fctlerin y\u00f6netimi konusu g\u00fcncelli\u011fini hep korumaktad\u0131r. Bu noktada, insani geli\u015fim, \u00e7evresel unsurlar\u0131n say\u0131s\u0131n\u0131n artmas\u0131, bu unsurlar\u0131n de\u011fi\u015fim h\u0131z\u0131n\u0131n y\u00fckselmesi ve sonu\u00e7ta ortaya \u00e7evresel karma\u015f\u0131kl\u0131k, \u00f6rg\u00fctlerin bu<span class=\"excerpt-hellip\"> [\u2026]<\/span><\/p>\n","protected":false},"featured_media":0,"template":"","meta":{"_monsterinsights_skip_tracking":false,"_monsterinsights_sitenote_active":false,"_monsterinsights_sitenote_note":"","_monsterinsights_sitenote_category":0},"product_brand":[],"product_cat":[13043,19008],"product_tag":[],"class_list":{"0":"post-724332","1":"product","2":"type-product","3":"status-publish","5":"product_cat-ekonomi","6":"product_cat-yonetim","7":"pa_cilt-ciltsiz","8":"pa_tur-kitap","9":"pa_yayinevi-astana-yayinlari","10":"pa_yazar-gonca-gur-kurtulus-yilmaz-genc","12":"first","13":"instock","14":"sale","15":"shipping-taxable","16":"purchasable","17":"product-type-simple"},"_links":{"self":[{"href":"https:\/\/roveyayinevi.com.tr\/index.php\/wp-json\/wp\/v2\/product\/724332","targetHints":{"allow":["GET"]}}],"collection":[{"href":"https:\/\/roveyayinevi.com.tr\/index.php\/wp-json\/wp\/v2\/product"}],"about":[{"href":"https:\/\/roveyayinevi.com.tr\/index.php\/wp-json\/wp\/v2\/types\/product"}],"wp:attachment":[{"href":"https:\/\/roveyayinevi.com.tr\/index.php\/wp-json\/wp\/v2\/media?parent=724332"}],"wp:term":[{"taxonomy":"product_brand","embeddable":true,"href":"https:\/\/roveyayinevi.com.tr\/index.php\/wp-json\/wp\/v2\/product_brand?post=724332"},{"taxonomy":"product_cat","embeddable":true,"href":"https:\/\/roveyayinevi.com.tr\/index.php\/wp-json\/wp\/v2\/product_cat?post=724332"},{"taxonomy":"product_tag","embeddable":true,"href":"https:\/\/roveyayinevi.com.tr\/index.php\/wp-json\/wp\/v2\/product_tag?post=724332"}],"curies":[{"name":"wp","href":"https:\/\/api.w.org\/{rel}","templated":true}]}}