{"id":724311,"date":"2025-08-27T19:32:41","date_gmt":"2025-08-27T16:32:41","guid":{"rendered":"https:\/\/roveyayinevi.com.tr\/index.php\/urun\/endise\/"},"modified":"2026-04-16T02:32:16","modified_gmt":"2026-04-15T23:32:16","slug":"endise","status":"publish","type":"product","link":"https:\/\/roveyayinevi.com.tr\/index.php\/urun\/endise\/","title":{"rendered":"Endi\u015fe"},"content":{"rendered":"<p>Endi\u015fe, Y\u0131lmaz G\u00fcney\u2019in \u00c7ukurova insan\u0131n\u0131, pamuk i\u015f\u00e7ilerini ve onlar\u0131n ya\u015fad\u0131klar\u0131n\u0131 bir belgesel gibi t\u00fcm \u00e7\u0131plakl\u0131\u011f\u0131yla anlatt\u0131\u011f\u0131 en \u00f6nemli eserlerinden biri. T\u00fcrkiye\u2019de halk\u0131n aras\u0131na girerek yap\u0131lan ara\u015ft\u0131rmalardan sonra kaleme al\u0131nm\u0131\u015f ilk senaryo olma \u00f6zelli\u011fini ta\u015f\u0131yan Endi\u015fe, a\u00e7l\u0131\u011f\u0131n ve t\u00f6relerin k\u0131skac\u0131 alt\u0131nda ezilen insanlar\u0131n hik\u00e2yesini anlat\u0131yor.   Y\u0131lmaz G\u00fcney, Endi\u015fe\u2019de sadece sorunun foto\u011fraf\u0131n\u0131 \u00e7ekmekle kalm\u0131yor, \u00e7\u00f6z\u00fcm yollar\u0131na da i\u015faret ediyor. Mevsimlik i\u015f\u00e7iler, alacaklar\u0131 \u00fccreti bilmeden yollara d\u00fc\u015fenler, kan paras\u0131 i\u00e7in umutlar\u0131n\u0131 pamu\u011fa ba\u011flayanlar, zenginle\u015ftik\u00e7e zalimle\u015fen a\u011falar, a\u00e7l\u0131\u011fa mahk\u00fbm edilen aileler, onlar\u0131n endi\u015feleri ve bir se\u00e7enek: Direni\u015f. <\/p>\n","protected":false},"excerpt":{"rendered":"<p>Endi\u015fe, Y\u0131lmaz G\u00fcney\u2019in \u00c7ukurova insan\u0131n\u0131, pamuk i\u015f\u00e7ilerini ve onlar\u0131n ya\u015fad\u0131klar\u0131n\u0131 bir belgesel gibi t\u00fcm \u00e7\u0131plakl\u0131\u011f\u0131yla anlatt\u0131\u011f\u0131 en \u00f6nemli eserlerinden biri. T\u00fcrkiye\u2019de halk\u0131n aras\u0131na girerek yap\u0131lan ara\u015ft\u0131rmalardan<span class=\"excerpt-hellip\"> [\u2026]<\/span><\/p>\n","protected":false},"featured_media":0,"template":"","meta":{"_monsterinsights_skip_tracking":false,"_monsterinsights_sitenote_active":false,"_monsterinsights_sitenote_note":"","_monsterinsights_sitenote_category":0},"product_brand":[],"product_cat":[18545,12291],"product_tag":[],"class_list":{"0":"post-724311","1":"product","2":"type-product","3":"status-publish","5":"product_cat-anlati","6":"product_cat-edebiyat","7":"pa_cilt-ciltsiz","8":"pa_tur-kitap","9":"pa_yayinevi-ithaki-yayinlari","10":"pa_yazar-yilmaz-guney","12":"first","13":"instock","14":"sale","15":"shipping-taxable","16":"purchasable","17":"product-type-simple"},"_links":{"self":[{"href":"https:\/\/roveyayinevi.com.tr\/index.php\/wp-json\/wp\/v2\/product\/724311","targetHints":{"allow":["GET"]}}],"collection":[{"href":"https:\/\/roveyayinevi.com.tr\/index.php\/wp-json\/wp\/v2\/product"}],"about":[{"href":"https:\/\/roveyayinevi.com.tr\/index.php\/wp-json\/wp\/v2\/types\/product"}],"wp:attachment":[{"href":"https:\/\/roveyayinevi.com.tr\/index.php\/wp-json\/wp\/v2\/media?parent=724311"}],"wp:term":[{"taxonomy":"product_brand","embeddable":true,"href":"https:\/\/roveyayinevi.com.tr\/index.php\/wp-json\/wp\/v2\/product_brand?post=724311"},{"taxonomy":"product_cat","embeddable":true,"href":"https:\/\/roveyayinevi.com.tr\/index.php\/wp-json\/wp\/v2\/product_cat?post=724311"},{"taxonomy":"product_tag","embeddable":true,"href":"https:\/\/roveyayinevi.com.tr\/index.php\/wp-json\/wp\/v2\/product_tag?post=724311"}],"curies":[{"name":"wp","href":"https:\/\/api.w.org\/{rel}","templated":true}]}}