{"id":724303,"date":"2025-08-27T19:32:34","date_gmt":"2025-08-27T16:32:34","guid":{"rendered":"https:\/\/roveyayinevi.com.tr\/index.php\/urun\/bitmemis-insa-postmodernizm\/"},"modified":"2026-04-16T02:32:16","modified_gmt":"2026-04-15T23:32:16","slug":"bitmemis-insa-postmodernizm","status":"publish","type":"product","link":"https:\/\/roveyayinevi.com.tr\/index.php\/urun\/bitmemis-insa-postmodernizm\/","title":{"rendered":"Bitmemi\u015f \u0130n\u015fa: Postmodernizm"},"content":{"rendered":"<p>Bitmemi\u015f \u0130n\u015fa, \u00fc\u00e7 b\u00f6l\u00fcmden olu\u015fuyor, bu b\u00f6l\u00fcmler espice, adspice, prodpice. S\u0131ras\u0131yla arkana bak, \u00f6n\u00fcne bak, ileriye bak\u2026 Birinci b\u00f6l\u00fcmde postmodern felsefenin d\u00fcn\u00fc ve bug\u00fcn\u00fc \u00fczerinden modernizm, postmodernizm, hakikat-sonras\u0131, kitsch gibi kavramlar\u0131n yerli yerine koyuldu\u011fu bir tart\u0131\u015fma y\u00fcr\u00fct\u00fcl\u00fcyor. \u0130kinci b\u00f6l\u00fcmde postmodernitenin sanat dallar\u0131ndaki etki ve d\u00f6n\u00fc\u015f\u00fcmlerinin ne oldu\u011fu konusuna odaklan\u0131l\u0131yor. Kitab\u0131n son b\u00f6l\u00fcm\u00fc ise 2019 y\u0131l\u0131nda Post \u00d6yk\u00fc dergisinde yap\u0131lan \u201cPostmodernizm \u00d6ld\u00fc m\u00fc?\u201d dosyas\u0131n\u0131n ek yaz\u0131larla geni\u015fletilmi\u015f h\u00e2lini i\u00e7eriyor. Ahmet Melih Karau\u011fuz\u2019un yay\u0131na haz\u0131rlad\u0131\u011f\u0131 Bitmemi\u015f \u0130n\u015fa: Postmodernizm; her biri ilgili alanlarda \u00e7al\u0131\u015fan felsefeciler, akademisyenler, sanat\u00e7\u0131lar taraf\u0131ndan kaleme al\u0131nan yaz\u0131larla edebiyat, resim, sinema, m\u00fczik, tiyatro gibi pek \u00e7ok sanat t\u00fcr\u00fcn\u00fcn kuramsal serencam\u0131na, g\u00fcncel durumuna ve muhtemel gelece\u011fine \u0131\u015f\u0131k tutan kapsaml\u0131 bir ba\u015fvuru kayna\u011f\u0131. <\/p>\n","protected":false},"excerpt":{"rendered":"<p>Bitmemi\u015f \u0130n\u015fa, \u00fc\u00e7 b\u00f6l\u00fcmden olu\u015fuyor, bu b\u00f6l\u00fcmler espice, adspice, prodpice. S\u0131ras\u0131yla arkana bak, \u00f6n\u00fcne bak, ileriye bak\u2026 Birinci b\u00f6l\u00fcmde postmodern felsefenin d\u00fcn\u00fc ve bug\u00fcn\u00fc \u00fczerinden modernizm,<span class=\"excerpt-hellip\"> [\u2026]<\/span><\/p>\n","protected":false},"featured_media":0,"template":"","meta":{"_monsterinsights_skip_tracking":false,"_monsterinsights_sitenote_active":false,"_monsterinsights_sitenote_note":"","_monsterinsights_sitenote_category":0},"product_brand":[],"product_cat":[12388,15309],"product_tag":[],"class_list":{"0":"post-724303","1":"product","2":"type-product","3":"status-publish","5":"product_cat-felsefe","6":"product_cat-felsefi-akimlar","7":"pa_cilt-ciltsiz","8":"pa_tur-kitap","9":"pa_yayinevi-ketebe-yayinlari","10":"pa_yazar-ahmet-melih-karauguz","12":"first","13":"instock","14":"sale","15":"shipping-taxable","16":"purchasable","17":"product-type-simple"},"_links":{"self":[{"href":"https:\/\/roveyayinevi.com.tr\/index.php\/wp-json\/wp\/v2\/product\/724303","targetHints":{"allow":["GET"]}}],"collection":[{"href":"https:\/\/roveyayinevi.com.tr\/index.php\/wp-json\/wp\/v2\/product"}],"about":[{"href":"https:\/\/roveyayinevi.com.tr\/index.php\/wp-json\/wp\/v2\/types\/product"}],"wp:attachment":[{"href":"https:\/\/roveyayinevi.com.tr\/index.php\/wp-json\/wp\/v2\/media?parent=724303"}],"wp:term":[{"taxonomy":"product_brand","embeddable":true,"href":"https:\/\/roveyayinevi.com.tr\/index.php\/wp-json\/wp\/v2\/product_brand?post=724303"},{"taxonomy":"product_cat","embeddable":true,"href":"https:\/\/roveyayinevi.com.tr\/index.php\/wp-json\/wp\/v2\/product_cat?post=724303"},{"taxonomy":"product_tag","embeddable":true,"href":"https:\/\/roveyayinevi.com.tr\/index.php\/wp-json\/wp\/v2\/product_tag?post=724303"}],"curies":[{"name":"wp","href":"https:\/\/api.w.org\/{rel}","templated":true}]}}