{"id":724298,"date":"2025-08-27T19:32:30","date_gmt":"2025-08-27T16:32:30","guid":{"rendered":"https:\/\/roveyayinevi.com.tr\/index.php\/urun\/kis-bahcesi-2\/"},"modified":"2026-04-16T02:32:16","modified_gmt":"2026-04-15T23:32:16","slug":"kis-bahcesi-2","status":"publish","type":"product","link":"https:\/\/roveyayinevi.com.tr\/index.php\/urun\/kis-bahcesi-2\/","title":{"rendered":"K\u0131\u015f Bah\u00e7esi"},"content":{"rendered":"<p>Birbirine dokunmadan ya\u015fanan hayatlar\u0131 anlat\u0131yor K\u0131\u015f Bah\u00e7esi. Hik\u00e2yenin d\u0131\u015far\u0131da de\u011fil i\u00e7eride oldu\u011funu anlat\u0131yor. Ge\u00e7mi\u015fin ge\u00e7mek bilmedi\u011fini, buna ra\u011fmen as\u0131l y\u00fck\u00fcn ge\u00e7mi\u015fte de\u011fil gelecekte oldu\u011funu anlat\u0131yor. \u0130stanbul\u2019un yoksul sokaklar\u0131, sur i\u00e7inde ya\u015fanamayan hayatlar, masumiyete d\u00f6nme arzusu, \u00f6l\u00fcms\u00fcz olma arzusu, huzurla \u00f6lme arzusu birbirine kar\u0131\u015f\u0131yor. Bir kutuya saklanm\u0131\u015f \u00f6m\u00fcrler ate\u015fe veriliyor, yeni bir sayfan\u0131n \u00fczerinde hayat daha b\u00fcy\u00fck ve daha sert bir y\u0131k\u0131m i\u00e7in yeniden ba\u015fl\u0131yor. <\/p>\n","protected":false},"excerpt":{"rendered":"<p>Birbirine dokunmadan ya\u015fanan hayatlar\u0131 anlat\u0131yor K\u0131\u015f Bah\u00e7esi. Hik\u00e2yenin d\u0131\u015far\u0131da de\u011fil i\u00e7eride oldu\u011funu anlat\u0131yor. Ge\u00e7mi\u015fin ge\u00e7mek bilmedi\u011fini, buna ra\u011fmen as\u0131l y\u00fck\u00fcn ge\u00e7mi\u015fte de\u011fil gelecekte oldu\u011funu anlat\u0131yor. \u0130stanbul\u2019un<span class=\"excerpt-hellip\"> [\u2026]<\/span><\/p>\n","protected":false},"featured_media":0,"template":"","meta":{"_monsterinsights_skip_tracking":false,"_monsterinsights_sitenote_active":false,"_monsterinsights_sitenote_note":"","_monsterinsights_sitenote_category":0},"product_brand":[],"product_cat":[12291,12711],"product_tag":[],"class_list":{"0":"post-724298","1":"product","2":"type-product","3":"status-publish","5":"product_cat-edebiyat","6":"product_cat-roman-oyku","7":"pa_cilt-ciltsiz","8":"pa_tur-kitap","9":"pa_yayinevi-ketebe-yayinlari","10":"pa_yazar-guray-sungu","12":"first","13":"instock","14":"sale","15":"shipping-taxable","16":"purchasable","17":"product-type-simple"},"_links":{"self":[{"href":"https:\/\/roveyayinevi.com.tr\/index.php\/wp-json\/wp\/v2\/product\/724298","targetHints":{"allow":["GET"]}}],"collection":[{"href":"https:\/\/roveyayinevi.com.tr\/index.php\/wp-json\/wp\/v2\/product"}],"about":[{"href":"https:\/\/roveyayinevi.com.tr\/index.php\/wp-json\/wp\/v2\/types\/product"}],"wp:attachment":[{"href":"https:\/\/roveyayinevi.com.tr\/index.php\/wp-json\/wp\/v2\/media?parent=724298"}],"wp:term":[{"taxonomy":"product_brand","embeddable":true,"href":"https:\/\/roveyayinevi.com.tr\/index.php\/wp-json\/wp\/v2\/product_brand?post=724298"},{"taxonomy":"product_cat","embeddable":true,"href":"https:\/\/roveyayinevi.com.tr\/index.php\/wp-json\/wp\/v2\/product_cat?post=724298"},{"taxonomy":"product_tag","embeddable":true,"href":"https:\/\/roveyayinevi.com.tr\/index.php\/wp-json\/wp\/v2\/product_tag?post=724298"}],"curies":[{"name":"wp","href":"https:\/\/api.w.org\/{rel}","templated":true}]}}