{"id":724295,"date":"2025-08-27T19:32:29","date_gmt":"2025-08-27T16:32:29","guid":{"rendered":"https:\/\/roveyayinevi.com.tr\/index.php\/urun\/sanatta-ruhsallik-uzerine\/"},"modified":"2026-04-16T02:32:16","modified_gmt":"2026-04-15T23:32:16","slug":"sanatta-ruhsallik-uzerine","status":"publish","type":"product","link":"https:\/\/roveyayinevi.com.tr\/index.php\/urun\/sanatta-ruhsallik-uzerine\/","title":{"rendered":"Sanatta Ruhsall\u0131k \u00dczerine"},"content":{"rendered":"<p>\u201cB\u00fct\u00fcn maddesel nesneleri terk edip yaln\u0131zca soyut olan\u0131 m\u0131 resmetmeliyiz? Bu sorunun cevab\u0131n\u0131 her iki form unsurunun (somut ve soyut olan\u0131n) uyumu meselesinde bulabiliriz. S\u00f6ylenen her bir s\u00f6zc\u00fck (a\u011fa\u00e7, g\u00f6ky\u00fcz\u00fc, insan) gibi resmedilen her bir nesnenin g\u00f6r\u00fcnt\u00fcs\u00fc de i\u00e7sel bir titre\u015fim uyand\u0131r\u0131r. Kendimizi bu titre\u015fimden mahrum b\u0131rakmak ifade g\u00fcc\u00fcm\u00fcz\u00fc s\u0131n\u0131rlamak demektir. \u015e\u00fcphesiz bug\u00fcn bu durumday\u0131z. Ancak bu sorunun yan\u0131 s\u0131ra sanat\u0131n \u2018zorunluluk\u2019 kipi ile ba\u015flayan her soruya verebilece\u011fi bir cevap daha vard\u0131r: Sanatta zorunluluk yoktur \u00e7\u00fcnk\u00fc sanat \u00f6zg\u00fcrd\u00fcr. G\u00fcnd\u00fcz\u00fcn gece ile bir araya gelememesi gibi sanat da zorunluluk ile bir araya gelemez.\u201d <\/p>\n","protected":false},"excerpt":{"rendered":"<p>\u201cB\u00fct\u00fcn maddesel nesneleri terk edip yaln\u0131zca soyut olan\u0131 m\u0131 resmetmeliyiz? Bu sorunun cevab\u0131n\u0131 her iki form unsurunun (somut ve soyut olan\u0131n) uyumu meselesinde bulabiliriz. S\u00f6ylenen her<span class=\"excerpt-hellip\"> [\u2026]<\/span><\/p>\n","protected":false},"featured_media":0,"template":"","meta":{"_monsterinsights_skip_tracking":false,"_monsterinsights_sitenote_active":false,"_monsterinsights_sitenote_note":"","_monsterinsights_sitenote_category":0},"product_brand":[],"product_cat":[12408],"product_tag":[],"class_list":{"0":"post-724295","1":"product","2":"type-product","3":"status-publish","5":"product_cat-sanat","6":"pa_cilt-ciltsiz","7":"pa_tur-kitap","8":"pa_yayinevi-ketebe-yayinlari","9":"pa_yazar-wassily-kandinsky","11":"first","12":"instock","13":"sale","14":"shipping-taxable","15":"purchasable","16":"product-type-simple"},"_links":{"self":[{"href":"https:\/\/roveyayinevi.com.tr\/index.php\/wp-json\/wp\/v2\/product\/724295","targetHints":{"allow":["GET"]}}],"collection":[{"href":"https:\/\/roveyayinevi.com.tr\/index.php\/wp-json\/wp\/v2\/product"}],"about":[{"href":"https:\/\/roveyayinevi.com.tr\/index.php\/wp-json\/wp\/v2\/types\/product"}],"wp:attachment":[{"href":"https:\/\/roveyayinevi.com.tr\/index.php\/wp-json\/wp\/v2\/media?parent=724295"}],"wp:term":[{"taxonomy":"product_brand","embeddable":true,"href":"https:\/\/roveyayinevi.com.tr\/index.php\/wp-json\/wp\/v2\/product_brand?post=724295"},{"taxonomy":"product_cat","embeddable":true,"href":"https:\/\/roveyayinevi.com.tr\/index.php\/wp-json\/wp\/v2\/product_cat?post=724295"},{"taxonomy":"product_tag","embeddable":true,"href":"https:\/\/roveyayinevi.com.tr\/index.php\/wp-json\/wp\/v2\/product_tag?post=724295"}],"curies":[{"name":"wp","href":"https:\/\/api.w.org\/{rel}","templated":true}]}}