{"id":724283,"date":"2025-08-27T19:32:18","date_gmt":"2025-08-27T16:32:18","guid":{"rendered":"https:\/\/roveyayinevi.com.tr\/index.php\/urun\/bir-anlam-arayisi\/"},"modified":"2025-12-30T10:30:33","modified_gmt":"2025-12-30T07:30:33","slug":"bir-anlam-arayisi","status":"publish","type":"product","link":"https:\/\/roveyayinevi.com.tr\/index.php\/urun\/bir-anlam-arayisi\/","title":{"rendered":"Bir Anlam Aray\u0131\u015f\u0131"},"content":{"rendered":"<p>Post modernlik sonras\u0131 Post-Truth bir \u00e7a\u011fda ya\u015f\u0131yoruz. Bu \u00e7a\u011f t\u00fcm \u201canlam de\u011ferlerimizi\u201d y\u0131kt\u0131. Hakikat kayboldu. Belirsizlik ve s\u0131radanl\u0131k, hakikat sonras\u0131n\u0131n yerini ald\u0131. Do\u011fruluk de\u011ferleri, yalan\u0131n zehri ile birlikte t\u00fcmden \u2018g\u00f6reli\u2019 hale geldi. Anlamlar kayboldu. \u0130yi ve k\u00f6t\u00fc birbirine kar\u0131\u015ft\u0131&#8230; Neden b\u00f6yle olmu\u015ftur?  Kaybedilmi\u015f de\u011ferlerin geriye d\u00f6nd\u00fcr\u00fclmesi m\u00fcmk\u00fcn m\u00fcd\u00fcr?  Bilemiyorum&#8230; Ama hi\u00e7 de\u011filse tarihin bir d\u00f6nemine tan\u0131kl\u0131k etmek i\u00e7in bu kitab\u0131 derlemeyi kendimce uygun g\u00f6rd\u00fcm. 90\u2019l\u0131 y\u0131llardan 2010\u2019lu y\u0131llara kadar d\u00fc\u015f\u00fcnce d\u00fcnyamdan olu\u015fan anlam ve de\u011ferleri hat\u0131rlatmak istedim. Evet, ge\u00e7mi\u015f zaman, ge\u00e7mi\u015fte kald\u0131. Gelece\u011fin kurgusu, \u015fimdiki gen\u00e7lerin yeni d\u00fc\u015f\u00fcnceleriyle olu\u015facak ama ge\u00e7mi\u015fteki \u2018anlamlar\u0131n\u2019, gelecek zamana \u2018\u00f6nc\u00fcl\u00fck etmesi\u2019 benim beklentim. Bu eserin yaz\u0131lma nedeni de budur zaten&#8230; Zaman\u0131 yakalay\u0131p, bana g\u00f6re eskinin de\u011fer dolu anlamlar\u0131yla, yenilenen d\u00fcnyan\u0131n d\u00fc\u015f\u00fcncelerini ve de\u011ferlerini bulu\u015fturmak&#8230; Bu d\u00fc\u015f\u00fcnsel \u00e7aban\u0131n neticesini ise okurlara b\u0131rak\u0131yorum&#8230; <\/p>\n","protected":false},"excerpt":{"rendered":"<p>Post modernlik sonras\u0131 Post-Truth bir \u00e7a\u011fda ya\u015f\u0131yoruz. Bu \u00e7a\u011f t\u00fcm \u201canlam de\u011ferlerimizi\u201d y\u0131kt\u0131. Hakikat kayboldu. Belirsizlik ve s\u0131radanl\u0131k, hakikat sonras\u0131n\u0131n yerini ald\u0131. Do\u011fruluk de\u011ferleri, yalan\u0131n zehri<span class=\"excerpt-hellip\"> [\u2026]<\/span><\/p>\n","protected":false},"featured_media":0,"template":"","meta":{"_monsterinsights_skip_tracking":false,"_monsterinsights_sitenote_active":false,"_monsterinsights_sitenote_note":"","_monsterinsights_sitenote_category":0},"product_brand":[],"product_cat":[12777,12291],"product_tag":[],"class_list":{"0":"post-724283","1":"product","2":"type-product","3":"status-publish","5":"product_cat-deneme","6":"product_cat-edebiyat","7":"pa_cilt-ciltsiz","8":"pa_tur-kitap","9":"pa_yayinevi-gulnar-yayinlari","10":"pa_yazar-metin-kazan","12":"first","13":"instock","14":"sale","15":"shipping-taxable","16":"purchasable","17":"product-type-simple"},"_links":{"self":[{"href":"https:\/\/roveyayinevi.com.tr\/index.php\/wp-json\/wp\/v2\/product\/724283","targetHints":{"allow":["GET"]}}],"collection":[{"href":"https:\/\/roveyayinevi.com.tr\/index.php\/wp-json\/wp\/v2\/product"}],"about":[{"href":"https:\/\/roveyayinevi.com.tr\/index.php\/wp-json\/wp\/v2\/types\/product"}],"wp:attachment":[{"href":"https:\/\/roveyayinevi.com.tr\/index.php\/wp-json\/wp\/v2\/media?parent=724283"}],"wp:term":[{"taxonomy":"product_brand","embeddable":true,"href":"https:\/\/roveyayinevi.com.tr\/index.php\/wp-json\/wp\/v2\/product_brand?post=724283"},{"taxonomy":"product_cat","embeddable":true,"href":"https:\/\/roveyayinevi.com.tr\/index.php\/wp-json\/wp\/v2\/product_cat?post=724283"},{"taxonomy":"product_tag","embeddable":true,"href":"https:\/\/roveyayinevi.com.tr\/index.php\/wp-json\/wp\/v2\/product_tag?post=724283"}],"curies":[{"name":"wp","href":"https:\/\/api.w.org\/{rel}","templated":true}]}}