{"id":724263,"date":"2025-08-27T19:32:03","date_gmt":"2025-08-27T16:32:03","guid":{"rendered":"https:\/\/roveyayinevi.com.tr\/index.php\/urun\/is-aile-catismasi-ve-onculleri\/"},"modified":"2026-04-16T02:32:15","modified_gmt":"2026-04-15T23:32:15","slug":"is-aile-catismasi-ve-onculleri","status":"publish","type":"product","link":"https:\/\/roveyayinevi.com.tr\/index.php\/urun\/is-aile-catismasi-ve-onculleri\/","title":{"rendered":"\u0130\u015f &#8211; Aile \u00c7at\u0131\u015fmas\u0131 ve \u00d6nc\u00fclleri"},"content":{"rendered":"<p>\u0130\u015f Aile \u00c7at\u0131\u015fmas\u0131 ve \u00d6nc\u00fclleri Kavramlar Kuramlar D\u00fczenleyici Arac\u0131l\u0131k Modeli<\/p>\n","protected":false},"excerpt":{"rendered":"<p>\u0130\u015f Aile \u00c7at\u0131\u015fmas\u0131 ve \u00d6nc\u00fclleri Kavramlar Kuramlar D\u00fczenleyici Arac\u0131l\u0131k Modeli<\/p>\n","protected":false},"featured_media":0,"template":"","meta":{"_monsterinsights_skip_tracking":false,"_monsterinsights_sitenote_active":false,"_monsterinsights_sitenote_note":"","_monsterinsights_sitenote_category":0},"product_brand":[],"product_cat":[14787,13488],"product_tag":[],"class_list":{"0":"post-724263","1":"product","2":"type-product","3":"status-publish","5":"product_cat-diger-toplum-ve-insan","6":"product_cat-toplum-ve-insan","7":"pa_cilt-ciltsiz","8":"pa_tur-kitap","9":"pa_yayinevi-gazi-kitabevi","10":"pa_yazar-aynur-tas","12":"first","13":"instock","14":"sale","15":"shipping-taxable","16":"purchasable","17":"product-type-simple"},"_links":{"self":[{"href":"https:\/\/roveyayinevi.com.tr\/index.php\/wp-json\/wp\/v2\/product\/724263","targetHints":{"allow":["GET"]}}],"collection":[{"href":"https:\/\/roveyayinevi.com.tr\/index.php\/wp-json\/wp\/v2\/product"}],"about":[{"href":"https:\/\/roveyayinevi.com.tr\/index.php\/wp-json\/wp\/v2\/types\/product"}],"wp:attachment":[{"href":"https:\/\/roveyayinevi.com.tr\/index.php\/wp-json\/wp\/v2\/media?parent=724263"}],"wp:term":[{"taxonomy":"product_brand","embeddable":true,"href":"https:\/\/roveyayinevi.com.tr\/index.php\/wp-json\/wp\/v2\/product_brand?post=724263"},{"taxonomy":"product_cat","embeddable":true,"href":"https:\/\/roveyayinevi.com.tr\/index.php\/wp-json\/wp\/v2\/product_cat?post=724263"},{"taxonomy":"product_tag","embeddable":true,"href":"https:\/\/roveyayinevi.com.tr\/index.php\/wp-json\/wp\/v2\/product_tag?post=724263"}],"curies":[{"name":"wp","href":"https:\/\/api.w.org\/{rel}","templated":true}]}}