{"id":724257,"date":"2025-08-27T19:31:58","date_gmt":"2025-08-27T16:31:58","guid":{"rendered":"https:\/\/roveyayinevi.com.tr\/index.php\/urun\/kozadaki-kadinin-adasi\/"},"modified":"2026-04-16T02:32:15","modified_gmt":"2026-04-15T23:32:15","slug":"kozadaki-kadinin-adasi","status":"publish","type":"product","link":"https:\/\/roveyayinevi.com.tr\/index.php\/urun\/kozadaki-kadinin-adasi\/","title":{"rendered":"Kozadaki Kad\u0131n\u0131n Ada&#8217;s\u0131"},"content":{"rendered":"<p>#adaneredeBazen a\u015fk; gecenin, g\u00fcnd\u00fcze; ate\u015fin, suya; b\u00fclb\u00fcl\u00fcn, g\u00fcle kavu\u015famamas\u0131 gibi imk\u00e2ns\u0131zd\u0131r. A\u015fk imk\u00e2ns\u0131zl\u0131kta daha \u00e7ok ate\u015flenir. Ferhat\u2019\u0131n da\u011flar\u0131 delmesi, Mecnun\u2019un \u00e7\u00f6l\u00fc ge\u00e7mesi gibi; olmaz\u0131 oldurur, zaman\u0131 durdurur, asra meydan okur!Oysa herkes sadece kaderini ya\u015far. Akl\u0131n ermedi\u011fi yerde kader a\u011flar\u0131n\u0131 \u00e7oktan \u00f6rm\u00fc\u015ft\u00fcr.Ve insan korkular\u0131n\u0131n tutsa\u011f\u0131d\u0131r. Neyden korkuyorsa ondan sak\u0131n\u0131r, ka\u00e7ar, kaybolur. Ne kadar ka\u00e7arsa o kadar korkusuna teslim olur. Nefret ise sahteli\u011fi olmayan tek duygudur. Yalandan sevebilirsin, yalanlar s\u00f6yleyebilirsin, yalandan kahraman bile olabilirsin ama nefretin asla yalandan olmaz. Ve nefret \u00e7ok b\u00fcy\u00fck a\u015fktan, sevgiden do\u011far, durup dururken nefret etmez insan. Herhangi birinden, bir \u015feyden de nefret etmez. Ya can\u0131 \u00e7ok yanm\u0131\u015ft\u0131r, ya kalbi \u00e7ok k\u0131r\u0131lm\u0131\u015ft\u0131r ya da\u2026Hayal-hayaller ger\u00e7eklere at\u0131lan k\u00f6pr\u00fcd\u00fcr. Olmas\u0131 i\u00e7in dilenen duad\u0131r. Kozadaki Kad\u0131n\u0131n ise saklad\u0131\u011f\u0131 ger\u00e7ek, korudu\u011fu sevgi, kozas\u0131ndaki tek varl\u0131\u011f\u0131d\u0131r.  Var m\u0131s\u0131n\u0131z a\u015fk\u0131n varl\u0131\u011f\u0131na, biti\u015fine, g\u00fcc\u00fcne; ac\u0131n\u0131n, nefretin, \u015fiddetin k\u00f6t\u00fcl\u00fc\u011f\u00fcne, heyecan\u0131n, korkunun \u00f6l\u00fcm\u00fcne ya\u015fanmas\u0131na ve ger\u00e7eklere tan\u0131k olmaya.Hi\u00e7 kimse, hi\u00e7 bir \u015fey bazen g\u00f6r\u00fcnd\u00fc\u011f\u00fc gibi de\u011fildir. G\u00f6rmek, bakmak, bilmek aras\u0131ndaki fark\u0131 ya\u015famaya ba\u015fl\u0131yorsunuz! Ve yapboz tamamlan\u0131yor.Yine yeniden y\u00fcrek dolusu sevgiler. Sadece AzeM C..<\/p>\n","protected":false},"excerpt":{"rendered":"<p>#adaneredeBazen a\u015fk; gecenin, g\u00fcnd\u00fcze; ate\u015fin, suya; b\u00fclb\u00fcl\u00fcn, g\u00fcle kavu\u015famamas\u0131 gibi imk\u00e2ns\u0131zd\u0131r. A\u015fk imk\u00e2ns\u0131zl\u0131kta daha \u00e7ok ate\u015flenir. Ferhat\u2019\u0131n da\u011flar\u0131 delmesi, Mecnun\u2019un \u00e7\u00f6l\u00fc ge\u00e7mesi gibi; olmaz\u0131 oldurur, zaman\u0131<span class=\"excerpt-hellip\"> [\u2026]<\/span><\/p>\n","protected":false},"featured_media":0,"template":"","meta":{"_monsterinsights_skip_tracking":false,"_monsterinsights_sitenote_active":false,"_monsterinsights_sitenote_note":"","_monsterinsights_sitenote_category":0},"product_brand":[],"product_cat":[12291,12711],"product_tag":[],"class_list":{"0":"post-724257","1":"product","2":"type-product","3":"status-publish","5":"product_cat-edebiyat","6":"product_cat-roman-oyku","7":"pa_cilt-ciltsiz","8":"pa_tur-kitap","9":"pa_yayinevi-vaveyla-yayincilik","10":"pa_yazar-azem-c","12":"first","13":"instock","14":"sale","15":"shipping-taxable","16":"purchasable","17":"product-type-simple"},"_links":{"self":[{"href":"https:\/\/roveyayinevi.com.tr\/index.php\/wp-json\/wp\/v2\/product\/724257","targetHints":{"allow":["GET"]}}],"collection":[{"href":"https:\/\/roveyayinevi.com.tr\/index.php\/wp-json\/wp\/v2\/product"}],"about":[{"href":"https:\/\/roveyayinevi.com.tr\/index.php\/wp-json\/wp\/v2\/types\/product"}],"wp:attachment":[{"href":"https:\/\/roveyayinevi.com.tr\/index.php\/wp-json\/wp\/v2\/media?parent=724257"}],"wp:term":[{"taxonomy":"product_brand","embeddable":true,"href":"https:\/\/roveyayinevi.com.tr\/index.php\/wp-json\/wp\/v2\/product_brand?post=724257"},{"taxonomy":"product_cat","embeddable":true,"href":"https:\/\/roveyayinevi.com.tr\/index.php\/wp-json\/wp\/v2\/product_cat?post=724257"},{"taxonomy":"product_tag","embeddable":true,"href":"https:\/\/roveyayinevi.com.tr\/index.php\/wp-json\/wp\/v2\/product_tag?post=724257"}],"curies":[{"name":"wp","href":"https:\/\/api.w.org\/{rel}","templated":true}]}}