{"id":724256,"date":"2025-08-27T19:31:57","date_gmt":"2025-08-27T16:31:57","guid":{"rendered":"https:\/\/roveyayinevi.com.tr\/index.php\/urun\/cok-acayip-bir-macera\/"},"modified":"2026-04-16T02:32:15","modified_gmt":"2026-04-15T23:32:15","slug":"cok-acayip-bir-macera","status":"publish","type":"product","link":"https:\/\/roveyayinevi.com.tr\/index.php\/urun\/cok-acayip-bir-macera\/","title":{"rendered":"\u00c7ok Acayip Bir Macera"},"content":{"rendered":"<p>\u00c7ok acayip ke\u015fiflere yelken a\u00e7ma zaman\u0131&#8230; Adada her \u015fey, dev kanatl\u0131 albatroslar\u0131n kanat \u00e7\u0131rpmas\u0131yla ba\u015fl\u0131yor. Yery\u00fcz\u00fcne, &#8220;Merhaba,&#8221; diyen Siyah Ayak&#8217;\u0131n katetmesi gereken nice yol, a\u015fmas\u0131 gereken nice engel g\u00f6r\u00fcn\u00fcyor. B\u00fcy\u00fcme ser\u00fcveni boyunca g\u00f6klerde ama\u00e7s\u0131zca s\u00fcz\u00fcl\u00fcp dalgalarla bo\u011fu\u015fan kahraman\u0131m\u0131z\u0131, denizin tam ortas\u0131nda hem gizemli hem de tehlikeli, &#8220;acayip&#8221; bir macera bekliyor! \u0130kilemeler ve \u00e7e\u015fitli uyak oyunlar\u0131yla renklenen bu heyecan verici hik\u00e2ye, a\u00e7\u0131k denizlerde cirit atan korsanlarla \u00e7evrili; ama \u00f6te yandan, g\u00f6z\u00fc pek albatroslarla da yak\u0131ndan ilgili. Ke\u015fif gemisini ku\u015fatan korsanlar kendinden emin, fakat Kaptan Cir&#8217;in plan\u0131 d\u00fc\u015fman\u0131 geri p\u00fcsk\u00fcrtecek kadar derin. Peki, Siyah Ayak hi\u00e7 bo\u015f durur mu? Elbet vard\u0131r onun da kurnazca bir oyunu&#8230;  A\u00e7\u0131k denizlerin dev kanatl\u0131, destans\u0131 ku\u015flar\u0131 albatroslar\u0131n ya\u015famlar\u0131ndan ilham alan \u00c7ok Acayip Bir Macera, do\u011fduktan sonra be\u015f y\u0131l karaya hi\u00e7 \u00e7\u0131kmadan denizde vakit ge\u00e7iren bu ilgin\u00e7 ku\u015flara dair \u015fa\u015f\u0131rt\u0131c\u0131 ve ger\u00e7ek bilgilere yer veriyor. Do\u011fadaki canl\u0131lar\u0131n ya\u015fam d\u00f6ng\u00fcs\u00fc hakk\u0131nda de\u011ferli payla\u015f\u0131mlarda da bulunan kitap, \u00e7ocuklar\u0131 hayat\u0131n anlam\u0131, iyi-k\u00f6t\u00fc kavramlar\u0131 ve insan\u0131n ya\u015fama amac\u0131 \u00fczerine d\u00fc\u015f\u00fcnmeye davet ediyor. Mavisel Yener ile Anastasia Kurtulu\u015f&#8217;un ortak imzas\u0131n\u0131 ta\u015f\u0131yan \u00c7ok Acayip Bir Macera, Tudem&#8217;in, okumaya isteksiz ve okuma g\u00fc\u00e7l\u00fc\u011f\u00fc \u00e7eken \u00e7ocuklar i\u00e7in \u00f6zel olarak haz\u0131rlad\u0131\u011f\u0131 SEN de OKU koleksiyonunun T\u00fcrk yazarlar serisindeki yerini al\u0131yor! Kelimelerle m\u00fccadele eden \u00e7ocuklar, dev kanatl\u0131 albatroslarla mutlulu\u011fa kanat \u00e7\u0131rparken, a\u00e7\u0131k denizlerde ge\u00e7en \u00e7ok acayip bir maceran\u0131n tam ortas\u0131na bal\u0131klama dalarak okuma sevgisi kazan\u0131yor!<\/p>\n","protected":false},"excerpt":{"rendered":"<p>\u00c7ok acayip ke\u015fiflere yelken a\u00e7ma zaman\u0131&#8230; Adada her \u015fey, dev kanatl\u0131 albatroslar\u0131n kanat \u00e7\u0131rpmas\u0131yla ba\u015fl\u0131yor. Yery\u00fcz\u00fcne, &#8220;Merhaba,&#8221; diyen Siyah Ayak&#8217;\u0131n katetmesi gereken nice yol, a\u015fmas\u0131 gereken<span class=\"excerpt-hellip\"> [\u2026]<\/span><\/p>\n","protected":false},"featured_media":0,"template":"","meta":{"_monsterinsights_skip_tracking":false,"_monsterinsights_sitenote_active":false,"_monsterinsights_sitenote_note":"","_monsterinsights_sitenote_category":0},"product_brand":[],"product_cat":[12274,12284],"product_tag":[],"class_list":{"0":"post-724256","1":"product","2":"type-product","3":"status-publish","5":"product_cat-cocuk-ve-genclik-kitaplari","6":"product_cat-hikayeler","7":"pa_cilt-ciltsiz","8":"pa_tur-kitap","9":"pa_yayinevi-tudem-yayinlari","10":"pa_yazar-mavisel-yener","12":"first","13":"instock","14":"sale","15":"shipping-taxable","16":"purchasable","17":"product-type-simple"},"_links":{"self":[{"href":"https:\/\/roveyayinevi.com.tr\/index.php\/wp-json\/wp\/v2\/product\/724256","targetHints":{"allow":["GET"]}}],"collection":[{"href":"https:\/\/roveyayinevi.com.tr\/index.php\/wp-json\/wp\/v2\/product"}],"about":[{"href":"https:\/\/roveyayinevi.com.tr\/index.php\/wp-json\/wp\/v2\/types\/product"}],"wp:attachment":[{"href":"https:\/\/roveyayinevi.com.tr\/index.php\/wp-json\/wp\/v2\/media?parent=724256"}],"wp:term":[{"taxonomy":"product_brand","embeddable":true,"href":"https:\/\/roveyayinevi.com.tr\/index.php\/wp-json\/wp\/v2\/product_brand?post=724256"},{"taxonomy":"product_cat","embeddable":true,"href":"https:\/\/roveyayinevi.com.tr\/index.php\/wp-json\/wp\/v2\/product_cat?post=724256"},{"taxonomy":"product_tag","embeddable":true,"href":"https:\/\/roveyayinevi.com.tr\/index.php\/wp-json\/wp\/v2\/product_tag?post=724256"}],"curies":[{"name":"wp","href":"https:\/\/api.w.org\/{rel}","templated":true}]}}