{"id":724232,"date":"2025-08-27T19:31:40","date_gmt":"2025-08-27T16:31:40","guid":{"rendered":"https:\/\/roveyayinevi.com.tr\/index.php\/urun\/dinozorlar-hakkinda-inanilmaz-ama-gercek-bir-hikaye-ciltli\/"},"modified":"2026-04-16T02:32:15","modified_gmt":"2026-04-15T23:32:15","slug":"dinozorlar-hakkinda-inanilmaz-ama-gercek-bir-hikaye-ciltli","status":"publish","type":"product","link":"https:\/\/roveyayinevi.com.tr\/index.php\/urun\/dinozorlar-hakkinda-inanilmaz-ama-gercek-bir-hikaye-ciltli\/","title":{"rendered":"Dinozorlar Hakk\u0131nda \u0130nan\u0131lmaz Ama Ger\u00e7ek Bir Hikaye (Ciltli)"},"content":{"rendered":"<p>Bu dinozorlarla ilgili bir hik\u00e2ye.\u00d6yleyse neden kapakta bir tavuk var?\u00c7ok yak\u0131nda \u00f6\u011frenece\u011fiz&#8230;Dinozorlar\u0131n d\u00fcnyas\u0131nda komik ama ayd\u0131nlat\u0131c\u0131 bir tura \u00e7\u0131kmaya ne dersiniz?Herkes, ya\u015f\u0131 150 milyon olsa bile, bu tura kat\u0131labilir!<\/p>\n","protected":false},"excerpt":{"rendered":"<p>Bu dinozorlarla ilgili bir hik\u00e2ye.\u00d6yleyse neden kapakta bir tavuk var?\u00c7ok yak\u0131nda \u00f6\u011frenece\u011fiz&#8230;Dinozorlar\u0131n d\u00fcnyas\u0131nda komik ama ayd\u0131nlat\u0131c\u0131 bir tura \u00e7\u0131kmaya ne dersiniz?Herkes, ya\u015f\u0131 150 milyon olsa bile,<span class=\"excerpt-hellip\"> [\u2026]<\/span><\/p>\n","protected":false},"featured_media":0,"template":"","meta":{"_monsterinsights_skip_tracking":false,"_monsterinsights_sitenote_active":false,"_monsterinsights_sitenote_note":"","_monsterinsights_sitenote_category":0},"product_brand":[],"product_cat":[12274,12518],"product_tag":[],"class_list":{"0":"post-724232","1":"product","2":"type-product","3":"status-publish","5":"product_cat-cocuk-ve-genclik-kitaplari","6":"product_cat-okul-oncesi-kitaplar","7":"pa_cilt-ciltli","8":"pa_tur-kitap","9":"pa_yayinevi-abm-yayinevi","10":"pa_yazar-guido-van-genechten","12":"first","13":"instock","14":"sale","15":"shipping-taxable","16":"purchasable","17":"product-type-simple"},"_links":{"self":[{"href":"https:\/\/roveyayinevi.com.tr\/index.php\/wp-json\/wp\/v2\/product\/724232","targetHints":{"allow":["GET"]}}],"collection":[{"href":"https:\/\/roveyayinevi.com.tr\/index.php\/wp-json\/wp\/v2\/product"}],"about":[{"href":"https:\/\/roveyayinevi.com.tr\/index.php\/wp-json\/wp\/v2\/types\/product"}],"wp:attachment":[{"href":"https:\/\/roveyayinevi.com.tr\/index.php\/wp-json\/wp\/v2\/media?parent=724232"}],"wp:term":[{"taxonomy":"product_brand","embeddable":true,"href":"https:\/\/roveyayinevi.com.tr\/index.php\/wp-json\/wp\/v2\/product_brand?post=724232"},{"taxonomy":"product_cat","embeddable":true,"href":"https:\/\/roveyayinevi.com.tr\/index.php\/wp-json\/wp\/v2\/product_cat?post=724232"},{"taxonomy":"product_tag","embeddable":true,"href":"https:\/\/roveyayinevi.com.tr\/index.php\/wp-json\/wp\/v2\/product_tag?post=724232"}],"curies":[{"name":"wp","href":"https:\/\/api.w.org\/{rel}","templated":true}]}}