{"id":724221,"date":"2025-08-27T19:30:57","date_gmt":"2025-08-27T16:30:57","guid":{"rendered":"https:\/\/roveyayinevi.com.tr\/index.php\/urun\/milli-mecmua-sayi-13-mart-nisan-2020\/"},"modified":"2026-04-16T02:32:15","modified_gmt":"2026-04-15T23:32:15","slug":"milli-mecmua-sayi-13-mart-nisan-2020","status":"publish","type":"product","link":"https:\/\/roveyayinevi.com.tr\/index.php\/urun\/milli-mecmua-sayi-13-mart-nisan-2020\/","title":{"rendered":"Milli Mecmua Say\u0131 13 \/ Mart &#8211; Nisan 2020"},"content":{"rendered":"<p>Eski T\u00fcrk Devletlerinde Meclis ve Hakimiyetin S\u0131n\u0131rlar\u0131 \/ Ali Ahmetbeyo\u011flu Kenge\u015f\u2019ten Vezarete O\u011fuzlarda Dan\u0131\u015fma \/ Yasin Usta Ali Suav\u00ee\u2019nin H\u00fcrriyet ve Demokrasi Anlay\u0131\u015f\u0131 \/ Dr. Necati \u00c7avdar T\u00fcrk Demokrasi Tarihinde Halk\u0131n R\u00fc\u015ft\u2019\u00fc Tart\u0131\u015fmas\u0131 \u00dczerine Notlar \/ Cezmi Eraslan T\u00fcrk Siyasi Tarihinde \u0130lk \u00c7ok Partili Siyaset Tecr\u00fcbesi \/ H\u00fcseyin \u00d6zdemir J\u00f6n T\u00fcrklerde H\u00fcrriyet D\u00fc\u015f\u00fcncesi \/ Do\u011fukan Oru\u00e7 Tarih\u00ee \u015eahsiyetten Siyas\u00ee Simgeye Ali \u015e\u00fckr\u00fc Bey \/ Murat Y\u0131lmaz H\u00fcrriyet &#8211; Libert\u00e9 -Me\u015frutiyet\u2019in \u0130lan\u0131 Yahut \u0130lgas\u0131- \/ Yunus Emre Tekinsoy Adalet Parti Tarihi ve \u0130deolojisi \/ Elmas \u015eim\u015fek 12 Mart Muht\u0131ras\u0131 S\u00fcrecinde Siyas\u00ee \u0130stikrar\u0131n Sa\u011flanmas\u0131 S\u00fcrecinde Bir Reform Aray\u0131\u015f\u0131: Toprak Reformu \/ \u0130smet T\u00fcrkmen Demografi ve Milli Kimlik Ba\u011flam\u0131nda Kazakistan\u2019\u0131n Demokrasi Politikalar\u0131 \/ Osman Kepenek Ebulfez El\u00e7ibey\u2019in, Mill\u00ee Azatl\u0131k Hareketindeki Rol\u00fc ve Demokrasi Anlay\u0131\u015f\u0131 \/ \u00d6mer Burak Sert  Devrimci \u201cY\u00f6n\u201dden \u201cCumhuriyet\u00e7i G\u00fcven\u201de Kemalizmin Yorumlar\u0131 ve Uygulamalar\u0131 (1960-1980) \/ Enes Bahad\u0131r K\u0131zak Demokrasi ve Adem-i Merkeziyet \/ Charles Crozat Cemil Sena\u2019n\u0131n Bat\u0131 ve Demokrasi \u00dczerine G\u00f6r\u00fc\u015fleri: Garpl\u0131yla \u015eime ve Demokrasi \/ B\u00fcnyamin Tan<\/p>\n","protected":false},"excerpt":{"rendered":"<p>Eski T\u00fcrk Devletlerinde Meclis ve Hakimiyetin S\u0131n\u0131rlar\u0131 \/ Ali Ahmetbeyo\u011flu Kenge\u015f\u2019ten Vezarete O\u011fuzlarda Dan\u0131\u015fma \/ Yasin Usta Ali Suav\u00ee\u2019nin H\u00fcrriyet ve Demokrasi Anlay\u0131\u015f\u0131 \/ Dr. Necati<span class=\"excerpt-hellip\"> [\u2026]<\/span><\/p>\n","protected":false},"featured_media":0,"template":"","meta":{"_monsterinsights_skip_tracking":false,"_monsterinsights_sitenote_active":false,"_monsterinsights_sitenote_note":"","_monsterinsights_sitenote_category":0},"product_brand":[],"product_cat":[13527,14356],"product_tag":[],"class_list":{"0":"post-724221","1":"product","2":"type-product","3":"status-publish","5":"product_cat-sureli-yayinlar","6":"product_cat-tarih-sureli-yayinlar","7":"pa_cilt-ciltsiz","8":"pa_tur-dergi","9":"pa_yayinevi-otuken-nesriyat","10":"pa_yazar-kolektif","12":"first","13":"instock","14":"sale","15":"shipping-taxable","16":"purchasable","17":"product-type-simple"},"_links":{"self":[{"href":"https:\/\/roveyayinevi.com.tr\/index.php\/wp-json\/wp\/v2\/product\/724221","targetHints":{"allow":["GET"]}}],"collection":[{"href":"https:\/\/roveyayinevi.com.tr\/index.php\/wp-json\/wp\/v2\/product"}],"about":[{"href":"https:\/\/roveyayinevi.com.tr\/index.php\/wp-json\/wp\/v2\/types\/product"}],"wp:attachment":[{"href":"https:\/\/roveyayinevi.com.tr\/index.php\/wp-json\/wp\/v2\/media?parent=724221"}],"wp:term":[{"taxonomy":"product_brand","embeddable":true,"href":"https:\/\/roveyayinevi.com.tr\/index.php\/wp-json\/wp\/v2\/product_brand?post=724221"},{"taxonomy":"product_cat","embeddable":true,"href":"https:\/\/roveyayinevi.com.tr\/index.php\/wp-json\/wp\/v2\/product_cat?post=724221"},{"taxonomy":"product_tag","embeddable":true,"href":"https:\/\/roveyayinevi.com.tr\/index.php\/wp-json\/wp\/v2\/product_tag?post=724221"}],"curies":[{"name":"wp","href":"https:\/\/api.w.org\/{rel}","templated":true}]}}

Milli Mecmua Sayı 13 / Mart &#8211; Nisan 2020

<p>Eski Türk Devletlerinde Meclis ve Hakimiyetin Sınırları / Ali Ahmetbeyoğlu Kengeş’ten Vezarete Oğuzlarda Danışma / Yasin Usta Ali Suavî’nin Hürriyet ve Demokrasi Anlayışı / Dr. Necati Çavdar Türk Demokrasi Tarihinde Halkın Rüşt’ü Tartışması Üzerine Notlar / Cezmi Eraslan Türk Siyasi Tarihinde İlk Çok Partili Siyaset Tecrübesi / Hüseyin Özdemir Jön Türklerde Hürriyet Düşüncesi / Doğukan Oruç Tarihî Şahsiyetten Siyasî Simgeye Ali Şükrü Bey / Murat Yılmaz Hürriyet &#8211; Liberté -Meşrutiyet’in İlanı Yahut İlgası- / Yunus Emre Tekinsoy Adalet Parti Tarihi ve İdeolojisi / Elmas Şimşek 12 Mart Muhtırası Sürecinde Siyasî İstikrarın Sağlanması Sürecinde Bir Reform Arayışı: Toprak Reformu / İsmet Türkmen Demografi ve Milli Kimlik Bağlamında Kazakistan’ın Demokrasi Politikaları / Osman Kepenek Ebulfez Elçibey’in, Millî Azatlık Hareketindeki Rolü ve Demokrasi Anlayışı / Ömer Burak Sert  Devrimci “Yön”den “Cumhuriyetçi Güven”e Kemalizmin Yorumları ve Uygulamaları (1960-1980) / Enes Bahadır Kızak Demokrasi ve Adem-i Merkeziyet / Charles Crozat Cemil Sena’nın Batı ve Demokrasi Üzerine Görüşleri: Garplıyla Şime ve Demokrasi / Bünyamin Tan</p>

<p>Eski Türk Devletlerinde Meclis ve Hakimiyetin Sınırları / Ali Ahmetbeyoğlu Kengeş’ten Vezarete Oğuzlarda Danışma / Yasin Usta Ali Suavî’nin Hürriyet ve Demokrasi Anlayışı / Dr. Necati<span class="excerpt-hellip"> […]</span></p>
