{"id":724209,"date":"2025-08-27T19:30:49","date_gmt":"2025-08-27T16:30:49","guid":{"rendered":"https:\/\/roveyayinevi.com.tr\/index.php\/urun\/erken-cumhuriyet-donemi-muzesine-ait-tarihi-bir-vesika-tokat-muzesi-defteri\/"},"modified":"2026-04-16T02:32:14","modified_gmt":"2026-04-15T23:32:14","slug":"erken-cumhuriyet-donemi-muzesine-ait-tarihi-bir-vesika-tokat-muzesi-defteri","status":"publish","type":"product","link":"https:\/\/roveyayinevi.com.tr\/index.php\/urun\/erken-cumhuriyet-donemi-muzesine-ait-tarihi-bir-vesika-tokat-muzesi-defteri\/","title":{"rendered":"Erken Cumhuriyet D\u00f6nemi M\u00fczesine Ait Tarihi Bir Vesika &#8211; Tokat M\u00fczesi Defteri"},"content":{"rendered":"<p>Kitapta, T\u00fcrkiye Cumhuriyeti\u2019nin 19301950\u2019li y\u0131llarda uygulanan k\u00fclt\u00fcr politikalar\u0131, m\u00fczecilik ve korumac\u0131l\u0131k anlay\u0131\u015f\u0131 a\u00e7\u0131s\u0131ndan ara\u015ft\u0131r\u0131lm\u0131\u015ft\u0131r. Tokat il merkezi ve m\u00fczesi \u00f6zelinde ele al\u0131nan defterin, d\u00f6nemin k\u00fclt\u00fcr ve sanat politikalar\u0131 ile olan ili\u015fkisini g\u00f6r\u00fcn\u00fcr k\u0131lmak i\u00e7in \u00f6ncelikle Cumhuriyet h\u00fck\u00fcmetlerinin e\u011fitim, eski eser, korumac\u0131l\u0131k, m\u00fczecilik ve tarih konular\u0131ndaki yakla\u015f\u0131m\u0131na, programlar\u0131na k\u0131saca de\u011finilmi\u015f, M\u00fcze defterinden yola \u00e7\u0131karak Erken Cumhuriyet d\u00f6nemi k\u00fclt\u00fcr politikalar\u0131, tarih alg\u0131s\u0131, m\u00fczecili\u011fe verilen \u00f6nem, \u00fclkenin k\u00fclt\u00fcrel ya\u015fam\u0131na y\u00f6n veren T\u00fcrk Ocaklar\u0131 ve Halkevleri\u2019nin m\u00fczecilik \u00e7al\u0131\u015fmalar\u0131na ve \u00f6zelde de Tokat Halkevi\u2019nin bu ba\u011flamda oynad\u0131\u011f\u0131 role, tarih ve m\u00fczecilik alan\u0131ndaki faaliyetlerine de\u011finilmi\u015f, Tokat M\u00fczesi\u2019nin kurulu\u015fu ve tarih\u00e7esi \u00fczerinde durulmu\u015ftur.   Kitab\u0131n ana konusunu m\u00fczecilik \u00e7al\u0131\u015fmalar\u0131n\u0131n ivme kazand\u0131\u011f\u0131 Erken Cumhuriyet d\u00f6neminde, Tokat M\u00fczesi ar\u015fivinde yer alan ancak g\u00fcn\u00fcm\u00fcze kadar yay\u0131mlanmam\u0131\u015f  Tokat M\u00fczesi defterinin   incelenmesi olu\u015fturmakt\u0131r. Tokat M\u00fczesi defteri, yaln\u0131z il merkezindeki eserleri de\u011fil, farkl\u0131 il\u00e7elerdeki ve mahallelerdeki mimari an\u0131tlarla ilgili saha \u00e7al\u0131\u015fmalar\u0131 ve de\u011ferlendirmeleri de kapsayan geni\u015f bir i\u00e7eri\u011fe sahiptir.  Kentin g\u00f6rkemli tarihine \u0131\u015f\u0131k tutan, sanat\u0131n\u0131n ve mimarisinin titizlikle kayda ge\u00e7irildi\u011fi Tokat M\u00fczesi defteri, d\u00f6nemin m\u00fczecilik \u00e7al\u0131\u015fmalar\u0131na dair ayr\u0131nt\u0131lar\u0131 bar\u0131nd\u0131rmas\u0131 bak\u0131m\u0131ndan \u00fczerinde \u00e7al\u0131\u015f\u0131lmas\u0131 gereken \u00f6nemli bir kaynakt\u0131r. <\/p>\n","protected":false},"excerpt":{"rendered":"<p>Kitapta, T\u00fcrkiye Cumhuriyeti\u2019nin 19301950\u2019li y\u0131llarda uygulanan k\u00fclt\u00fcr politikalar\u0131, m\u00fczecilik ve korumac\u0131l\u0131k anlay\u0131\u015f\u0131 a\u00e7\u0131s\u0131ndan ara\u015ft\u0131r\u0131lm\u0131\u015ft\u0131r. Tokat il merkezi ve m\u00fczesi \u00f6zelinde ele al\u0131nan defterin, d\u00f6nemin k\u00fclt\u00fcr ve<span class=\"excerpt-hellip\"> [\u2026]<\/span><\/p>\n","protected":false},"featured_media":0,"template":"","meta":{"_monsterinsights_skip_tracking":false,"_monsterinsights_sitenote_active":false,"_monsterinsights_sitenote_note":"","_monsterinsights_sitenote_category":0},"product_brand":[],"product_cat":[12408,14197],"product_tag":[],"class_list":{"0":"post-724209","1":"product","2":"type-product","3":"status-publish","5":"product_cat-sanat","6":"product_cat-sanat-tarihi","7":"pa_cilt-ciltsiz","8":"pa_tur-kitap","9":"pa_yayinevi-vekam-koc-universitesi-vehbi-koc-ankara-arastirmalari-uygulama-ve-arastirma-merkezi","10":"pa_yazar-cigdem-bilgen","12":"first","13":"instock","14":"sale","15":"shipping-taxable","16":"purchasable","17":"product-type-simple"},"_links":{"self":[{"href":"https:\/\/roveyayinevi.com.tr\/index.php\/wp-json\/wp\/v2\/product\/724209","targetHints":{"allow":["GET"]}}],"collection":[{"href":"https:\/\/roveyayinevi.com.tr\/index.php\/wp-json\/wp\/v2\/product"}],"about":[{"href":"https:\/\/roveyayinevi.com.tr\/index.php\/wp-json\/wp\/v2\/types\/product"}],"wp:attachment":[{"href":"https:\/\/roveyayinevi.com.tr\/index.php\/wp-json\/wp\/v2\/media?parent=724209"}],"wp:term":[{"taxonomy":"product_brand","embeddable":true,"href":"https:\/\/roveyayinevi.com.tr\/index.php\/wp-json\/wp\/v2\/product_brand?post=724209"},{"taxonomy":"product_cat","embeddable":true,"href":"https:\/\/roveyayinevi.com.tr\/index.php\/wp-json\/wp\/v2\/product_cat?post=724209"},{"taxonomy":"product_tag","embeddable":true,"href":"https:\/\/roveyayinevi.com.tr\/index.php\/wp-json\/wp\/v2\/product_tag?post=724209"}],"curies":[{"name":"wp","href":"https:\/\/api.w.org\/{rel}","templated":true}]}}