{"id":724206,"date":"2025-08-27T19:30:47","date_gmt":"2025-08-27T16:30:47","guid":{"rendered":"https:\/\/roveyayinevi.com.tr\/index.php\/urun\/dikkat-bu-kitapta-bolca-oyun-ve-kahkaha-var\/"},"modified":"2026-04-16T02:32:14","modified_gmt":"2026-04-15T23:32:14","slug":"dikkat-bu-kitapta-bolca-oyun-ve-kahkaha-var","status":"publish","type":"product","link":"https:\/\/roveyayinevi.com.tr\/index.php\/urun\/dikkat-bu-kitapta-bolca-oyun-ve-kahkaha-var\/","title":{"rendered":"Dikkat! Bu Kitapta Bolca Oyun ve Kahkaha Var"},"content":{"rendered":"<p>E\u011fitim ko\u00e7lu\u011fu, masal anlat\u0131c\u0131l\u0131\u011f\u0131, drama ile birlikte \u201cOrff Schulwerk\u201d yakla\u015f\u0131m\u0131yla m\u00fczikle hareket e\u011fitimini de ba\u015far\u0131yla bitirmi\u015f olan, \u201c\u00dcst\u00fcn Ba\u015far\u0131 \u00d6d\u00fcll\u00fc \u0130ngilizce \u00d6\u011fretmeni\u201d  Elif Duman, bu kitapta kendi ebeveynlik ser\u00fcveninden bilgileriyle sesleniyor. Oyuna dair, dil \u00f6\u011fretimine dair t\u00fcm bilgi ve birikimini c\u00f6mert\u00e7e payla\u015f\u0131rken i\u00e7ine bolca da kahkaha kat\u0131yor.   01 ya\u015ftan ilkokul \u00e7a\u011f\u0131 da dahil her ya\u015fa oyun \u00f6nerileri olan bu kitap evde bulabilece\u011finiz malzemelerle kendinizin ve \u00e7ocu\u011funuzun yarat\u0131c\u0131l\u0131\u011f\u0131n\u0131z\u0131 besleyen oyunlarla birlikte yazar\u0131n kendi ebeveynlik ve oyun ser\u00fcveninde ya\u015fad\u0131\u011f\u0131 g\u00fcld\u00fcren hik\u00e2yeleriyle dolu.   \u00dcstelik e\u011flenerek oyun oynamakla kalmayacak, oyunla \u00e7ocu\u011funuza \u0130ngilizce\u2019yi nas\u0131l \u00f6\u011fretebilece\u011finizin yollar\u0131n\u0131 da ke\u015ffedeceksiniz. Sadece bir ebeveynden di\u011fer ebeveyne de\u011fil, on be\u015f dakikas\u0131n\u0131 ay\u0131r\u0131p da \u00e7ocukla oyun oynarken \u00e7ocu\u011fun ruhuna dokunabilen herkese sesleniyor. Okurken \u00e7ocuk kahkahas\u0131 duyabilece\u011finiz bu kitapta oyun oynaman\u0131n incelikleri yok. Bu kitapta oyun oynaman\u0131n mutlulu\u011fu var. Oyun oynayan bir ailenin yayd\u0131\u011f\u0131 enerji var.   \u00c7ocuk oyunca\u011f\u0131n de\u011ferini onu mutlu edebilme derecesiyle hesaplar, fiyat\u0131yla de\u011fil. Bu y\u00fczden \u00e7ocu\u011funuzu bir pipetle bile mutlu olabilmeyi \u00f6\u011fretmenin en iyi yoludur oyunlar. <\/p>\n","protected":false},"excerpt":{"rendered":"<p>E\u011fitim ko\u00e7lu\u011fu, masal anlat\u0131c\u0131l\u0131\u011f\u0131, drama ile birlikte \u201cOrff Schulwerk\u201d yakla\u015f\u0131m\u0131yla m\u00fczikle hareket e\u011fitimini de ba\u015far\u0131yla bitirmi\u015f olan, \u201c\u00dcst\u00fcn Ba\u015far\u0131 \u00d6d\u00fcll\u00fc \u0130ngilizce \u00d6\u011fretmeni\u201d Elif Duman, bu kitapta<span class=\"excerpt-hellip\"> [\u2026]<\/span><\/p>\n","protected":false},"featured_media":0,"template":"","meta":{"_monsterinsights_skip_tracking":false,"_monsterinsights_sitenote_active":false,"_monsterinsights_sitenote_note":"","_monsterinsights_sitenote_category":0},"product_brand":[],"product_cat":[12679,12357],"product_tag":[],"class_list":{"0":"post-724206","1":"product","2":"type-product","3":"status-publish","5":"product_cat-cocuk-psikolojisi","6":"product_cat-psikoloji","7":"pa_cilt-ciltsiz","8":"pa_tur-kitap","9":"pa_yayinevi-muptela-yayinevi","10":"pa_yazar-elif-dumanli","12":"first","13":"instock","14":"sale","15":"shipping-taxable","16":"purchasable","17":"product-type-simple"},"_links":{"self":[{"href":"https:\/\/roveyayinevi.com.tr\/index.php\/wp-json\/wp\/v2\/product\/724206","targetHints":{"allow":["GET"]}}],"collection":[{"href":"https:\/\/roveyayinevi.com.tr\/index.php\/wp-json\/wp\/v2\/product"}],"about":[{"href":"https:\/\/roveyayinevi.com.tr\/index.php\/wp-json\/wp\/v2\/types\/product"}],"wp:attachment":[{"href":"https:\/\/roveyayinevi.com.tr\/index.php\/wp-json\/wp\/v2\/media?parent=724206"}],"wp:term":[{"taxonomy":"product_brand","embeddable":true,"href":"https:\/\/roveyayinevi.com.tr\/index.php\/wp-json\/wp\/v2\/product_brand?post=724206"},{"taxonomy":"product_cat","embeddable":true,"href":"https:\/\/roveyayinevi.com.tr\/index.php\/wp-json\/wp\/v2\/product_cat?post=724206"},{"taxonomy":"product_tag","embeddable":true,"href":"https:\/\/roveyayinevi.com.tr\/index.php\/wp-json\/wp\/v2\/product_tag?post=724206"}],"curies":[{"name":"wp","href":"https:\/\/api.w.org\/{rel}","templated":true}]}}