{"id":724197,"date":"2025-08-27T19:30:39","date_gmt":"2025-08-27T16:30:39","guid":{"rendered":"https:\/\/roveyayinevi.com.tr\/index.php\/urun\/genclerle-bas-basa-yapay-zeka\/"},"modified":"2026-04-16T02:32:14","modified_gmt":"2026-04-15T23:32:14","slug":"genclerle-bas-basa-yapay-zeka","status":"publish","type":"product","link":"https:\/\/roveyayinevi.com.tr\/index.php\/urun\/genclerle-bas-basa-yapay-zeka\/","title":{"rendered":"Gen\u00e7lerle Ba\u015f Ba\u015fa &#8211; Yapay Zeka"},"content":{"rendered":"<p>Yapay zek\u00e2 son y\u0131llarda (yeniden) pop\u00fclerlik kazanmas\u0131n\u0131 neye bor\u00e7lu? Makine \u00f6\u011frenmesi nas\u0131l ger\u00e7ekle\u015fiyor? \u0130nsanlar\u0131n yapt\u0131\u011f\u0131 her \u015feyi makinelere yapt\u0131rmak m\u00fcmk\u00fcn m\u00fc? Bunu istemeli miyiz? Google, Facebook, Amazon gibi \u015firketler yapay zek\u00e2y\u0131 hangi ama\u00e7larla kullan\u0131yor? Wikipedia\u2019n\u0131n fark\u0131 ne? Yapay zek\u00e2n\u0131n insanl\u0131\u011fa daha fazla yarar sa\u011flamas\u0131 i\u00e7in neler yap\u0131lmal\u0131? Kolektif zek\u00e2 neden \u00f6nemli? Erkin \u00d6zalp, bu kitab\u0131nda, yapay zek\u00e2 alan\u0131ndaki g\u00fcncel geli\u015fmeleri, yapay zek\u00e2 ile insan zek\u00e2s\u0131 aras\u0131ndaki farklar\u0131, teknoloji \u015firketlerinin tercihlerini ve yapay zek\u00e2n\u0131n gelece\u011fini ele al\u0131yor. Makine \u00e7evirisi, s\u00fcr\u00fcc\u00fcs\u00fcz otomobil teknolojileri, robotlar, botlar, ki\u015fisel bilgilerimizin toplanma ve kullan\u0131lma y\u00f6ntemleri, yeni \u00e7al\u0131\u015fma bi\u00e7imleri, teknolojik geli\u015fmelerin i\u015fsizli\u011fe yol a\u00e7mas\u0131n\u0131n nedenleri, evrensel temel gelir ve \u00e7al\u0131\u015fman\u0131n gelece\u011fi gibi konular \u00fczerinde de duran \u00d6zalp\u2019e g\u00f6re, insanlarla makineler aras\u0131ndaki ili\u015fkileri bug\u00fcnk\u00fcnden farkl\u0131 \u015fekillerde kurmak m\u00fcmk\u00fcn ve gerekli. Gen\u00e7lerle ba\u015f ba\u015fa vererek haz\u0131rlanm\u0131\u015f olan bu \u00e7al\u0131\u015fma, yapay zek\u00e2ya ilgi duyan her ya\u015ftan okura hitap ediyor. <\/p>\n","protected":false},"excerpt":{"rendered":"<p>Yapay zek\u00e2 son y\u0131llarda (yeniden) pop\u00fclerlik kazanmas\u0131n\u0131 neye bor\u00e7lu? Makine \u00f6\u011frenmesi nas\u0131l ger\u00e7ekle\u015fiyor? \u0130nsanlar\u0131n yapt\u0131\u011f\u0131 her \u015feyi makinelere yapt\u0131rmak m\u00fcmk\u00fcn m\u00fc? Bunu istemeli miyiz? Google, Facebook,<span class=\"excerpt-hellip\"> [\u2026]<\/span><\/p>\n","protected":false},"featured_media":0,"template":"","meta":{"_monsterinsights_skip_tracking":false,"_monsterinsights_sitenote_active":false,"_monsterinsights_sitenote_note":"","_monsterinsights_sitenote_category":0},"product_brand":[],"product_cat":[13005,37328],"product_tag":[],"class_list":{"0":"post-724197","1":"product","2":"type-product","3":"status-publish","5":"product_cat-bilim-muhendislik","6":"product_cat-diger-bilim-muhendislik","7":"pa_cilt-ciltsiz","8":"pa_tur-kitap","9":"pa_yayinevi-yordam-kitap","10":"pa_yazar-erkin-ozalp","12":"first","13":"instock","14":"sale","15":"shipping-taxable","16":"purchasable","17":"product-type-simple"},"_links":{"self":[{"href":"https:\/\/roveyayinevi.com.tr\/index.php\/wp-json\/wp\/v2\/product\/724197","targetHints":{"allow":["GET"]}}],"collection":[{"href":"https:\/\/roveyayinevi.com.tr\/index.php\/wp-json\/wp\/v2\/product"}],"about":[{"href":"https:\/\/roveyayinevi.com.tr\/index.php\/wp-json\/wp\/v2\/types\/product"}],"wp:attachment":[{"href":"https:\/\/roveyayinevi.com.tr\/index.php\/wp-json\/wp\/v2\/media?parent=724197"}],"wp:term":[{"taxonomy":"product_brand","embeddable":true,"href":"https:\/\/roveyayinevi.com.tr\/index.php\/wp-json\/wp\/v2\/product_brand?post=724197"},{"taxonomy":"product_cat","embeddable":true,"href":"https:\/\/roveyayinevi.com.tr\/index.php\/wp-json\/wp\/v2\/product_cat?post=724197"},{"taxonomy":"product_tag","embeddable":true,"href":"https:\/\/roveyayinevi.com.tr\/index.php\/wp-json\/wp\/v2\/product_tag?post=724197"}],"curies":[{"name":"wp","href":"https:\/\/api.w.org\/{rel}","templated":true}]}}