{"id":724185,"date":"2025-08-27T19:30:30","date_gmt":"2025-08-27T16:30:30","guid":{"rendered":"https:\/\/roveyayinevi.com.tr\/index.php\/urun\/icime-gunes-dogsa-biraz\/"},"modified":"2026-04-16T02:32:14","modified_gmt":"2026-04-15T23:32:14","slug":"icime-gunes-dogsa-biraz","status":"publish","type":"product","link":"https:\/\/roveyayinevi.com.tr\/index.php\/urun\/icime-gunes-dogsa-biraz\/","title":{"rendered":"\u0130\u00e7ime G\u00fcne\u015f Do\u011fsa Biraz"},"content":{"rendered":"<p>KADINDAN KADINA   Kad\u0131n var onurlu, Kad\u0131n var utanga\u00e7, Kad\u0131n var duygulu, Bir lokmaya muhta\u00e7.   Kad\u0131n var hakk\u0131n\u0131 arayan, Kad\u0131n var a\u011flayan, Kad\u0131n var ad\u0131n\u0131 soran, Kad\u0131n var \u00e7a\u011flayan.   Kad\u0131n var g\u00fcne\u015f gibi, Kad\u0131n var dopdolu, Kad\u0131n var g\u00f6nl\u00fcme e\u015f gibi, Kad\u0131n var mutluluk yolu.   Kad\u0131n var evdedir, Kad\u0131n var g\u00f6n\u00fclde, Kad\u0131n var g\u00f6revdedir, Kad\u0131n var e\u011fitimde.   Kad\u0131n var ila\u00e7 gibi, Her derde \u00e7aredir, Kad\u0131n var ta\u00e7 gibi, O hep ba\u015f \u00fcst\u00fcndedir. <\/p>\n","protected":false},"excerpt":{"rendered":"<p>KADINDAN KADINA Kad\u0131n var onurlu, Kad\u0131n var utanga\u00e7, Kad\u0131n var duygulu, Bir lokmaya muhta\u00e7. Kad\u0131n var hakk\u0131n\u0131 arayan, Kad\u0131n var a\u011flayan, Kad\u0131n var ad\u0131n\u0131 soran, Kad\u0131n<span class=\"excerpt-hellip\"> [\u2026]<\/span><\/p>\n","protected":false},"featured_media":0,"template":"","meta":{"_monsterinsights_skip_tracking":false,"_monsterinsights_sitenote_active":false,"_monsterinsights_sitenote_note":"","_monsterinsights_sitenote_category":0},"product_brand":[],"product_cat":[12291,12509],"product_tag":[],"class_list":{"0":"post-724185","1":"product","2":"type-product","3":"status-publish","5":"product_cat-edebiyat","6":"product_cat-siir","7":"pa_cilt-ciltsiz","8":"pa_tur-kitap","9":"pa_yayinevi-kuytu-yayinlari","10":"pa_yazar-mehmet-yilmaz","12":"first","13":"instock","14":"sale","15":"shipping-taxable","16":"purchasable","17":"product-type-simple"},"_links":{"self":[{"href":"https:\/\/roveyayinevi.com.tr\/index.php\/wp-json\/wp\/v2\/product\/724185","targetHints":{"allow":["GET"]}}],"collection":[{"href":"https:\/\/roveyayinevi.com.tr\/index.php\/wp-json\/wp\/v2\/product"}],"about":[{"href":"https:\/\/roveyayinevi.com.tr\/index.php\/wp-json\/wp\/v2\/types\/product"}],"wp:attachment":[{"href":"https:\/\/roveyayinevi.com.tr\/index.php\/wp-json\/wp\/v2\/media?parent=724185"}],"wp:term":[{"taxonomy":"product_brand","embeddable":true,"href":"https:\/\/roveyayinevi.com.tr\/index.php\/wp-json\/wp\/v2\/product_brand?post=724185"},{"taxonomy":"product_cat","embeddable":true,"href":"https:\/\/roveyayinevi.com.tr\/index.php\/wp-json\/wp\/v2\/product_cat?post=724185"},{"taxonomy":"product_tag","embeddable":true,"href":"https:\/\/roveyayinevi.com.tr\/index.php\/wp-json\/wp\/v2\/product_tag?post=724185"}],"curies":[{"name":"wp","href":"https:\/\/api.w.org\/{rel}","templated":true}]}}