{"id":724167,"date":"2025-08-27T19:30:17","date_gmt":"2025-08-27T16:30:17","guid":{"rendered":"https:\/\/roveyayinevi.com.tr\/index.php\/urun\/devridaim\/"},"modified":"2026-04-16T02:31:57","modified_gmt":"2026-04-15T23:31:57","slug":"devridaim","status":"publish","type":"product","link":"https:\/\/roveyayinevi.com.tr\/index.php\/urun\/devridaim\/","title":{"rendered":"Devridaim"},"content":{"rendered":"<p>Hayat deneme de\u011fil, bir\u00e7ok \u015fey denememize ra\u011fmen; hayat hik\u00e2ye de\u011fil, bir\u00e7ok \u015fey uydurmam\u0131za ra\u011fmen; hayat \u015fiir de\u011fil, bir\u00e7ok \u015fey hayal etmemize ra\u011fmen. Hayat\u0131n \u015fiirinin hik\u00e2yesinin denemesi devridaimdir; evet, devridaim.\u201d Latin Amerika edebiyat\u0131n\u0131n 20. y\u00fczy\u0131ldaki en de\u011ferli \u00fcslup deh\u00e2lar\u0131ndan biri olan Augusto Monterroso, ilk olarak 1972\u2019de Meksika\u2019da yay\u0131nlanan \u015faheseri Devridaim\u2019de yaln\u0131zlar\u0131, mutsuzlar\u0131, \u015fairleri, \u00e2\u015f\u0131klar\u0131, sokaklar\u0131, evleri, dertleri, sevin\u00e7leri bir araya topluyor ve bu hik\u00e2ye-deneme sentezinde, t\u00fcm yerelli\u011fi ve evrenselli\u011fiyle insana dair olan\u0131 g\u00f6z \u00f6n\u00fcne seriyor. Bu m\u00fctevaz\u0131 g\u00f6r\u00fcn\u00fcml\u00fc insan ansiklopedisi, Monterroso\u2019nun \u201cne kadar k\u0131sa, o kadar iyi\u201d anlay\u0131\u015f\u0131yla kaleme ald\u0131\u011f\u0131, y\u00fczlerce sayfal\u0131k romanlara bedel bir mikrokozmos\u2026 <\/p>\n","protected":false},"excerpt":{"rendered":"<p>Hayat deneme de\u011fil, bir\u00e7ok \u015fey denememize ra\u011fmen; hayat hik\u00e2ye de\u011fil, bir\u00e7ok \u015fey uydurmam\u0131za ra\u011fmen; hayat \u015fiir de\u011fil, bir\u00e7ok \u015fey hayal etmemize ra\u011fmen. Hayat\u0131n \u015fiirinin hik\u00e2yesinin denemesi<span class=\"excerpt-hellip\"> [\u2026]<\/span><\/p>\n","protected":false},"featured_media":0,"template":"","meta":{"_monsterinsights_skip_tracking":false,"_monsterinsights_sitenote_active":false,"_monsterinsights_sitenote_note":"","_monsterinsights_sitenote_category":0},"product_brand":[],"product_cat":[12777,12291],"product_tag":[],"class_list":{"0":"post-724167","1":"product","2":"type-product","3":"status-publish","5":"product_cat-deneme","6":"product_cat-edebiyat","7":"pa_cilt-ciltsiz","8":"pa_tur-kitap","9":"pa_yayinevi-vakifbank-kultur-yayinlari","10":"pa_yazar-augusto-monterroso","12":"first","13":"instock","14":"sale","15":"shipping-taxable","16":"purchasable","17":"product-type-simple"},"_links":{"self":[{"href":"https:\/\/roveyayinevi.com.tr\/index.php\/wp-json\/wp\/v2\/product\/724167","targetHints":{"allow":["GET"]}}],"collection":[{"href":"https:\/\/roveyayinevi.com.tr\/index.php\/wp-json\/wp\/v2\/product"}],"about":[{"href":"https:\/\/roveyayinevi.com.tr\/index.php\/wp-json\/wp\/v2\/types\/product"}],"wp:attachment":[{"href":"https:\/\/roveyayinevi.com.tr\/index.php\/wp-json\/wp\/v2\/media?parent=724167"}],"wp:term":[{"taxonomy":"product_brand","embeddable":true,"href":"https:\/\/roveyayinevi.com.tr\/index.php\/wp-json\/wp\/v2\/product_brand?post=724167"},{"taxonomy":"product_cat","embeddable":true,"href":"https:\/\/roveyayinevi.com.tr\/index.php\/wp-json\/wp\/v2\/product_cat?post=724167"},{"taxonomy":"product_tag","embeddable":true,"href":"https:\/\/roveyayinevi.com.tr\/index.php\/wp-json\/wp\/v2\/product_tag?post=724167"}],"curies":[{"name":"wp","href":"https:\/\/api.w.org\/{rel}","templated":true}]}}