{"id":724164,"date":"2025-08-27T19:30:15","date_gmt":"2025-08-27T16:30:15","guid":{"rendered":"https:\/\/roveyayinevi.com.tr\/index.php\/urun\/secme-siirler-2\/"},"modified":"2026-04-16T02:31:57","modified_gmt":"2026-04-15T23:31:57","slug":"secme-siirler-2","status":"publish","type":"product","link":"https:\/\/roveyayinevi.com.tr\/index.php\/urun\/secme-siirler-2\/","title":{"rendered":"Se\u00e7me \u015eiirler"},"content":{"rendered":"<p>\u0130ngiliz Romantizminin William Blake, William Wordsworth ve Lord Byron ile birlikte en de\u011ferli temsilcilerinden olan Percy Bysshe Shelley (1792-1822), k\u0131sa ve trajik ya\u015fam\u0131na birbirinden de\u011ferli eserler s\u0131\u011fd\u0131r\u0131rken, \u0130ngiliz ve Alman Romantizminin temalar\u0131n\u0131n yan\u0131 s\u0131ra Antik Yunan ve Yak\u0131ndo\u011fu\u2019nun k\u00fclt\u00fcrel birikiminden de yararlanm\u0131\u015ft\u0131r. Yumu\u015fak huylulu\u011fu ve melankolik tavr\u0131yla tipik bir 19. y\u00fczy\u0131l \u015fairi portresi \u00e7izen Shelley, genel olarak ya\u015fam, do\u011fa ve y\u00fcce fikri etraf\u0131nda toplanan eserleriyle, Matthew Arnold\u2019\u0131n tabiriyle, \u201c\u0131\u015f\u0131lt\u0131l\u0131 kanatlar\u0131n\u0131 bo\u015flukta bo\u015f yere \u00e7\u0131rpan g\u00fczel ve etkisiz bir melek\u201d gibidir. Ne var ki, Shelley\u2019nin sesi, konu \u00f6zg\u00fcrl\u00fck oldu\u011funda adeta bir g\u00f6kg\u00fcr\u00fclt\u00fcs\u00fcne d\u00f6n\u00fc\u015f\u00fcr. \u015eiirleri, \u00f6zellikle de \u201cAnar\u015finin Maskesi\u201d, d\u00fcnyan\u0131n en ilham verici hak savunusu eserlerinden biri kabul edilmi\u015f; 1940\u2019larda Gandhi arac\u0131l\u0131\u011f\u0131yla Hindistan\u2019\u0131n ba\u011f\u0131ms\u0131zl\u0131k m\u00fccadelesinde, 1989\u2019da \u00c7in\u2019in Tiananmen Meydan\u0131nda ve 2011\u2019de M\u0131s\u0131r\u2019\u0131n Tahrir Meydan\u0131nda \u00f6zg\u00fcrl\u00fck ve adalet taleplerinin ifadesi olmu\u015ftur. Shelley\u2019den yap\u0131lan bu k\u00fc\u00e7\u00fck \u015fiir se\u00e7kisi, \u015fair Volkan Hac\u0131o\u011flu\u2019nun \u00e7evirisiyle okurlar\u0131n\u0131 selaml\u0131yor. <\/p>\n","protected":false},"excerpt":{"rendered":"<p>\u0130ngiliz Romantizminin William Blake, William Wordsworth ve Lord Byron ile birlikte en de\u011ferli temsilcilerinden olan Percy Bysshe Shelley (1792-1822), k\u0131sa ve trajik ya\u015fam\u0131na birbirinden de\u011ferli eserler<span class=\"excerpt-hellip\"> [\u2026]<\/span><\/p>\n","protected":false},"featured_media":0,"template":"","meta":{"_monsterinsights_skip_tracking":false,"_monsterinsights_sitenote_active":false,"_monsterinsights_sitenote_note":"","_monsterinsights_sitenote_category":0},"product_brand":[],"product_cat":[12291,12509],"product_tag":[],"class_list":{"0":"post-724164","1":"product","2":"type-product","3":"status-publish","5":"product_cat-edebiyat","6":"product_cat-siir","7":"pa_cilt-ciltsiz","8":"pa_tur-kitap","9":"pa_yayinevi-vakifbank-kultur-yayinlari","10":"pa_yazar-percy-bysshe-shelley","12":"first","13":"instock","14":"sale","15":"shipping-taxable","16":"purchasable","17":"product-type-simple"},"_links":{"self":[{"href":"https:\/\/roveyayinevi.com.tr\/index.php\/wp-json\/wp\/v2\/product\/724164","targetHints":{"allow":["GET"]}}],"collection":[{"href":"https:\/\/roveyayinevi.com.tr\/index.php\/wp-json\/wp\/v2\/product"}],"about":[{"href":"https:\/\/roveyayinevi.com.tr\/index.php\/wp-json\/wp\/v2\/types\/product"}],"wp:attachment":[{"href":"https:\/\/roveyayinevi.com.tr\/index.php\/wp-json\/wp\/v2\/media?parent=724164"}],"wp:term":[{"taxonomy":"product_brand","embeddable":true,"href":"https:\/\/roveyayinevi.com.tr\/index.php\/wp-json\/wp\/v2\/product_brand?post=724164"},{"taxonomy":"product_cat","embeddable":true,"href":"https:\/\/roveyayinevi.com.tr\/index.php\/wp-json\/wp\/v2\/product_cat?post=724164"},{"taxonomy":"product_tag","embeddable":true,"href":"https:\/\/roveyayinevi.com.tr\/index.php\/wp-json\/wp\/v2\/product_tag?post=724164"}],"curies":[{"name":"wp","href":"https:\/\/api.w.org\/{rel}","templated":true}]}}