{"id":724162,"date":"2025-08-27T19:30:13","date_gmt":"2025-08-27T16:30:13","guid":{"rendered":"https:\/\/roveyayinevi.com.tr\/index.php\/urun\/yuregimdeki-sair\/"},"modified":"2026-04-16T02:31:57","modified_gmt":"2026-04-15T23:31:57","slug":"yuregimdeki-sair","status":"publish","type":"product","link":"https:\/\/roveyayinevi.com.tr\/index.php\/urun\/yuregimdeki-sair\/","title":{"rendered":"Y\u00fcre\u011fimdeki \u015eair"},"content":{"rendered":"<p>Ben g\u00fcneyin k\u0131z\u0131y\u0131m Ben do\u011funun kederiyim Ben ac\u0131n\u0131n kendisiyim Hep yorgundur bedenim Al\u0131n teridir yedi\u011fim ekme\u011fim. Ben do\u011funun k\u0131z\u0131y\u0131m Sab\u0131rdand\u0131r hamurum Sevgiye hasrettir y\u00fcre\u011fim K\u0131r\u0131k aynalardad\u0131r a\u011flayan g\u00f6zlerim K\u0131r\u0131k aynalarda sararan suretim. Ben g\u00fcneyin k\u0131z\u0131y\u0131m Asidir ruhum Yang\u0131n benim Kavga benim Su\u00e7 benim \u00c7\u00fcnk\u00fc ben g\u00fcneydo\u011fu k\u0131z\u0131y\u0131m. <\/p>\n","protected":false},"excerpt":{"rendered":"<p>Ben g\u00fcneyin k\u0131z\u0131y\u0131m Ben do\u011funun kederiyim Ben ac\u0131n\u0131n kendisiyim Hep yorgundur bedenim Al\u0131n teridir yedi\u011fim ekme\u011fim. Ben do\u011funun k\u0131z\u0131y\u0131m Sab\u0131rdand\u0131r hamurum Sevgiye hasrettir y\u00fcre\u011fim K\u0131r\u0131k aynalardad\u0131r<span class=\"excerpt-hellip\"> [\u2026]<\/span><\/p>\n","protected":false},"featured_media":0,"template":"","meta":{"_monsterinsights_skip_tracking":false,"_monsterinsights_sitenote_active":false,"_monsterinsights_sitenote_note":"","_monsterinsights_sitenote_category":0},"product_brand":[],"product_cat":[12291,12509],"product_tag":[],"class_list":{"0":"post-724162","1":"product","2":"type-product","3":"status-publish","5":"product_cat-edebiyat","6":"product_cat-siir","7":"pa_cilt-ciltsiz","8":"pa_tur-kitap","9":"pa_yayinevi-luna-yayinlari","10":"pa_yazar-yildiz-tokur","12":"first","13":"instock","14":"sale","15":"shipping-taxable","16":"purchasable","17":"product-type-simple"},"_links":{"self":[{"href":"https:\/\/roveyayinevi.com.tr\/index.php\/wp-json\/wp\/v2\/product\/724162","targetHints":{"allow":["GET"]}}],"collection":[{"href":"https:\/\/roveyayinevi.com.tr\/index.php\/wp-json\/wp\/v2\/product"}],"about":[{"href":"https:\/\/roveyayinevi.com.tr\/index.php\/wp-json\/wp\/v2\/types\/product"}],"wp:attachment":[{"href":"https:\/\/roveyayinevi.com.tr\/index.php\/wp-json\/wp\/v2\/media?parent=724162"}],"wp:term":[{"taxonomy":"product_brand","embeddable":true,"href":"https:\/\/roveyayinevi.com.tr\/index.php\/wp-json\/wp\/v2\/product_brand?post=724162"},{"taxonomy":"product_cat","embeddable":true,"href":"https:\/\/roveyayinevi.com.tr\/index.php\/wp-json\/wp\/v2\/product_cat?post=724162"},{"taxonomy":"product_tag","embeddable":true,"href":"https:\/\/roveyayinevi.com.tr\/index.php\/wp-json\/wp\/v2\/product_tag?post=724162"}],"curies":[{"name":"wp","href":"https:\/\/api.w.org\/{rel}","templated":true}]}}