{"id":724150,"date":"2025-08-27T19:30:04","date_gmt":"2025-08-27T16:30:04","guid":{"rendered":"https:\/\/roveyayinevi.com.tr\/index.php\/urun\/renkli-objeler-buyukler-icin-boyama\/"},"modified":"2026-04-16T02:31:57","modified_gmt":"2026-04-15T23:31:57","slug":"renkli-objeler-buyukler-icin-boyama","status":"publish","type":"product","link":"https:\/\/roveyayinevi.com.tr\/index.php\/urun\/renkli-objeler-buyukler-icin-boyama\/","title":{"rendered":"Renkli Objeler &amp; B\u00fcy\u00fckler \u0130\u00e7in Boyama"},"content":{"rendered":"<p>Renkli bir yolculu\u011fa \u00e7\u0131kmaya haz\u0131r m\u0131s\u0131n\u0131z?   Objeler, maharetli ellerinizde hayat buluyor. \u015eimdi boya kalemlerinizi elinize al\u0131n ve diledi\u011finiz sayfadan ba\u015flayarak hayallerinizi renk renk in\u015fa edin. Her sayfada kendiniz olmaya biraz daha yakla\u015facak, biraz daha huzur bulacaks\u0131n\u0131z. \u201cRenkli Objeler\u201d size yeni bir d\u00fcnyan\u0131n kap\u0131lar\u0131n\u0131 a\u00e7acak!   Huzur veren ve beynin motor becerilerini geli\u015ftiren boyama sanat\u0131 herkes i\u00e7in keyifli bir hobidir. Yeti\u015fkinler \u0130\u00e7in Boyama Serisi ile duygular\u0131n\u0131z boyalarla k\u00e2\u011f\u0131da yans\u0131yacak ve i\u00e7inizdeki sanat\u00e7\u0131 ki\u015fili\u011fi ke\u015ffe \u00e7\u0131kacaks\u0131n\u0131z. Yapaca\u011f\u0131n\u0131z yarat\u0131c\u0131 tasar\u0131mlar ile sadece i\u00e7inizdeki sanat\u00e7\u0131ya de\u011fil, i\u00e7sel huzura da ula\u015facaks\u0131n\u0131z. Vaktinizi keyifli h\u00e2le getirecek bir aktivite mi ar\u0131yorsunuz, teredd\u00fct etmeden masan\u0131zda boyama kitaplar\u0131na yer a\u00e7\u0131n ve hayal g\u00fcc\u00fcn\u00fcz\u00fc serbest b\u0131rak\u0131n! <\/p>\n","protected":false},"excerpt":{"rendered":"<p>Renkli bir yolculu\u011fa \u00e7\u0131kmaya haz\u0131r m\u0131s\u0131n\u0131z? Objeler, maharetli ellerinizde hayat buluyor. \u015eimdi boya kalemlerinizi elinize al\u0131n ve diledi\u011finiz sayfadan ba\u015flayarak hayallerinizi renk renk in\u015fa edin. Her<span class=\"excerpt-hellip\"> [\u2026]<\/span><\/p>\n","protected":false},"featured_media":0,"template":"","meta":{"_monsterinsights_skip_tracking":false,"_monsterinsights_sitenote_active":false,"_monsterinsights_sitenote_note":"","_monsterinsights_sitenote_category":0},"product_brand":[],"product_cat":[38511,15563],"product_tag":[],"class_list":{"0":"post-724150","1":"product","2":"type-product","3":"status-publish","5":"product_cat-buyukler-icin-boyama-mandala","6":"product_cat-hobi","7":"pa_cilt-ciltsiz","8":"pa_tur-kitap","9":"pa_yayinevi-dokuz-yayinlari","10":"pa_yazar-gizem-ulas","12":"first","13":"instock","14":"sale","15":"shipping-taxable","16":"purchasable","17":"product-type-simple"},"_links":{"self":[{"href":"https:\/\/roveyayinevi.com.tr\/index.php\/wp-json\/wp\/v2\/product\/724150","targetHints":{"allow":["GET"]}}],"collection":[{"href":"https:\/\/roveyayinevi.com.tr\/index.php\/wp-json\/wp\/v2\/product"}],"about":[{"href":"https:\/\/roveyayinevi.com.tr\/index.php\/wp-json\/wp\/v2\/types\/product"}],"wp:attachment":[{"href":"https:\/\/roveyayinevi.com.tr\/index.php\/wp-json\/wp\/v2\/media?parent=724150"}],"wp:term":[{"taxonomy":"product_brand","embeddable":true,"href":"https:\/\/roveyayinevi.com.tr\/index.php\/wp-json\/wp\/v2\/product_brand?post=724150"},{"taxonomy":"product_cat","embeddable":true,"href":"https:\/\/roveyayinevi.com.tr\/index.php\/wp-json\/wp\/v2\/product_cat?post=724150"},{"taxonomy":"product_tag","embeddable":true,"href":"https:\/\/roveyayinevi.com.tr\/index.php\/wp-json\/wp\/v2\/product_tag?post=724150"}],"curies":[{"name":"wp","href":"https:\/\/api.w.org\/{rel}","templated":true}]}}