{"id":724145,"date":"2025-08-27T19:30:00","date_gmt":"2025-08-27T16:30:00","guid":{"rendered":"https:\/\/roveyayinevi.com.tr\/index.php\/urun\/turk-milliyetciliginin-dogusu\/"},"modified":"2026-04-16T02:31:57","modified_gmt":"2026-04-15T23:31:57","slug":"turk-milliyetciliginin-dogusu","status":"publish","type":"product","link":"https:\/\/roveyayinevi.com.tr\/index.php\/urun\/turk-milliyetciliginin-dogusu\/","title":{"rendered":"T\u00fcrk Milliyet\u00e7ili\u011finin Do\u011fu\u015fu"},"content":{"rendered":"<p>T\u00fcrk milliyet\u00e7ili\u011fini Bat\u0131\u2019daki ideolojik ak\u0131mlardan farkl\u0131 olarak tamamen kendine \u00f6zg\u00fc tarihsel ko\u015fullar i\u00e7inde aramak gerekir. Yusuf Ak\u00e7ura\u2019n\u0131n tan\u0131mlamas\u0131yla T\u00fcrk milliyet\u00e7ili\u011fi ne Osmanl\u0131 burjuvazisi i\u00e7inde geli\u015fen T\u00fcrk burjuvazisinin bir \u00f6nerisi olarak ortaya \u00e7\u0131km\u0131\u015f ne de Osmanl\u0131 okullar\u0131nda \u00f6\u011fretilmi\u015ftir. T\u00fcrk milliyet\u00e7ili\u011fi, T\u00fcrkler hakk\u0131nda bilgi i\u00e7eren yabanc\u0131 eserlerden, Osmanl\u0131 Devleti i\u00e7inde ve etraf\u0131nda ya\u015fayan milletlerin faaliyetinden \u00f6\u011frenilmi\u015ftir. Osmanl\u0131 Devleti\u2019nde T\u00fcrk etnik grubu i\u00e7inde bir burjuvazi ortaya \u00e7\u0131kamad\u0131\u011f\u0131 i\u00e7in, \u0130ttihat ve Terakki ile birlikte kapitalizmin geli\u015fmesinde devlet \u00f6nemli bir rol\u00fc \u00fcstlenmek durumunda kalm\u0131\u015f ve milliyet\u00e7ilik asker-sivil-ayd\u0131n kadrolarda geni\u015f bir zemin bulabilmi\u015ftir. Ve T\u00fcrk milliyet\u00e7ili\u011fi Osmanl\u0131 \u0130mparatorlu\u011fu\u2019nu olu\u015fturan milletler aras\u0131nda en son ortaya \u00e7\u0131kabilmi\u015ftir.   Ali Engin Oba, Osmanl\u0131 devlet ve millet sisteminin kapsaml\u0131 bir resmini sunmakta, \u00f6ncelikle i\u00e7 dinamiklere yer vermektedir. Son y\u00fczy\u0131la gelindi\u011finde ise imparatorlukta bamba\u015fka hareketlilik ve \u00e7\u00f6z\u00fcl\u00fc\u015fler, tepki ve yank\u0131lar s\u00f6z konusudur. S\u0131rbistan, Yunanistan, Romanya, Bulgaristan ve Arnavutluk\u2019un ba\u011f\u0131ms\u0131zl\u0131k s\u00fcre\u00e7leri, Balkan Sava\u015flar\u0131 ve Rumeli\u2019nin kayb\u0131, Panslavizmin T\u00fcrk ayd\u0131nlar\u0131 \u00fczerindeki etkisi, Turanc\u0131l\u0131k ak\u0131m\u0131 ve T\u00fcrkoloji alan\u0131ndaki ilm\u00ee geli\u015fmeler T\u00fcrk Milliyet\u00e7ili\u011fini haz\u0131rlayan belli ba\u015fl\u0131 sebepler aras\u0131ndad\u0131r. Ayr\u0131ca kitapta Ak\u00e7urao\u011flu Yusuf, A\u011fao\u011flu Ahmet, H\u00fcseyinzade Ali Bey, \u0130smail Gasp\u0131ral\u0131, Ziya G\u00f6kalp gibi bu ak\u0131m\u0131n kurucu isimleri \u00fczerinde durulmakta, Terc\u00fcman Gazetesi, Gen\u00e7 Kalemler, T\u00fcrk Ocaklar\u0131 ve T\u00fcrk Yurdu gibi dergi ve kurumlar ayr\u0131nt\u0131l\u0131 bir \u015fekilde tahlil edilmektedir. <\/p>\n","protected":false},"excerpt":{"rendered":"<p>T\u00fcrk milliyet\u00e7ili\u011fini Bat\u0131\u2019daki ideolojik ak\u0131mlardan farkl\u0131 olarak tamamen kendine \u00f6zg\u00fc tarihsel ko\u015fullar i\u00e7inde aramak gerekir. Yusuf Ak\u00e7ura\u2019n\u0131n tan\u0131mlamas\u0131yla T\u00fcrk milliyet\u00e7ili\u011fi ne Osmanl\u0131 burjuvazisi i\u00e7inde geli\u015fen T\u00fcrk<span class=\"excerpt-hellip\"> [\u2026]<\/span><\/p>\n","protected":false},"featured_media":0,"template":"","meta":{"_monsterinsights_skip_tracking":false,"_monsterinsights_sitenote_active":false,"_monsterinsights_sitenote_note":"","_monsterinsights_sitenote_category":0},"product_brand":[],"product_cat":[12304,13650],"product_tag":[],"class_list":{"0":"post-724145","1":"product","2":"type-product","3":"status-publish","5":"product_cat-tarih","6":"product_cat-turk-tarihi-arastirmalari","7":"pa_cilt-ciltsiz","8":"pa_tur-kitap","9":"pa_yayinevi-dogu-bati-yayinlari","10":"pa_yazar-ali-engin-oba","12":"first","13":"instock","14":"sale","15":"shipping-taxable","16":"purchasable","17":"product-type-simple"},"_links":{"self":[{"href":"https:\/\/roveyayinevi.com.tr\/index.php\/wp-json\/wp\/v2\/product\/724145","targetHints":{"allow":["GET"]}}],"collection":[{"href":"https:\/\/roveyayinevi.com.tr\/index.php\/wp-json\/wp\/v2\/product"}],"about":[{"href":"https:\/\/roveyayinevi.com.tr\/index.php\/wp-json\/wp\/v2\/types\/product"}],"wp:attachment":[{"href":"https:\/\/roveyayinevi.com.tr\/index.php\/wp-json\/wp\/v2\/media?parent=724145"}],"wp:term":[{"taxonomy":"product_brand","embeddable":true,"href":"https:\/\/roveyayinevi.com.tr\/index.php\/wp-json\/wp\/v2\/product_brand?post=724145"},{"taxonomy":"product_cat","embeddable":true,"href":"https:\/\/roveyayinevi.com.tr\/index.php\/wp-json\/wp\/v2\/product_cat?post=724145"},{"taxonomy":"product_tag","embeddable":true,"href":"https:\/\/roveyayinevi.com.tr\/index.php\/wp-json\/wp\/v2\/product_tag?post=724145"}],"curies":[{"name":"wp","href":"https:\/\/api.w.org\/{rel}","templated":true}]}}