{"id":724141,"date":"2025-08-27T19:29:57","date_gmt":"2025-08-27T16:29:57","guid":{"rendered":"https:\/\/roveyayinevi.com.tr\/index.php\/urun\/karanlik-yazilar\/"},"modified":"2026-04-16T02:31:56","modified_gmt":"2026-04-15T23:31:56","slug":"karanlik-yazilar","status":"publish","type":"product","link":"https:\/\/roveyayinevi.com.tr\/index.php\/urun\/karanlik-yazilar\/","title":{"rendered":"Karanl\u0131k Yaz\u0131lar"},"content":{"rendered":"<p>\u201cMary Shelley her \u015feyin ge\u00e7icili\u011finin hep fark\u0131ndayd\u0131.\u201d \u2013Muriel Spark   Mary Shelley\u2019nin \u00f6l\u00fcm ve \u00f6tesine dair s\u00f6yleyecekleri, hen\u00fcz yirmi ya\u015f\u0131ndayken yay\u0131mlanan Frankenstein\u2019la s\u0131n\u0131rl\u0131 de\u011fildi. Jeannette Winterson\u2019a gen\u00e7li\u011finde yazmas\u0131 i\u00e7in umut veren bu yazar\u0131n makaleleri ve \u00f6yk\u00fclerinden olu\u015fan Karanl\u0131k Yaz\u0131lar, elli \u00fc\u00e7 ya\u015f\u0131nda beyin t\u00fcm\u00f6r\u00fc nedeniyle hayat\u0131n\u0131 kaybeden, ya\u015fad\u0131\u011f\u0131 d\u00f6neme g\u00f6re radikal olan siyasi g\u00f6r\u00fc\u015fleriyle tan\u0131nan bir edebiyat devinin zihninin onu nerelere g\u00f6t\u00fcrd\u00fc\u011f\u00fcn\u00fc g\u00f6zler \u00f6n\u00fcne seriyor.   \u00d6l\u00fcms\u00fczl\u00fc\u011f\u00fcn deva olamayaca\u011f\u0131 ac\u0131lar, \u00f6l\u00fcm\u00fcnden y\u00fczy\u0131llar sonra uyananlar, hayalet hik\u00e2yelerinin cazibesi, do\u011fan\u0131n kuvvetlerine h\u00fckmeden bir c\u00fcceyle yap\u0131lan tehlikeli bir anla\u015fma, bakt\u0131\u011f\u0131 ki\u015finin i\u00e7ini deh\u015fetle dolduran kem g\u00f6zler, vazife mi a\u015fk m\u0131 sorusuna cevap aranan bir r\u00fcya\u2026 Mary Shelley diyeceklerini f\u0131rt\u0131nal\u0131 bir sahilde usul usul anlat\u0131yor sanki ve onu dinlememek m\u00fcmk\u00fcn de\u011fil.   D\u00fcnya bir lahit, g\u00f6ky\u00fcz\u00fc bir yeralt\u0131 mezar\u0131, biz ise y\u00fcr\u00fcyen \u00f6l\u00fcleriz\u2026 <\/p>\n","protected":false},"excerpt":{"rendered":"<p>\u201cMary Shelley her \u015feyin ge\u00e7icili\u011finin hep fark\u0131ndayd\u0131.\u201d \u2013Muriel Spark Mary Shelley\u2019nin \u00f6l\u00fcm ve \u00f6tesine dair s\u00f6yleyecekleri, hen\u00fcz yirmi ya\u015f\u0131ndayken yay\u0131mlanan Frankenstein\u2019la s\u0131n\u0131rl\u0131 de\u011fildi. Jeannette Winterson\u2019a gen\u00e7li\u011finde<span class=\"excerpt-hellip\"> [\u2026]<\/span><\/p>\n","protected":false},"featured_media":0,"template":"","meta":{"_monsterinsights_skip_tracking":false,"_monsterinsights_sitenote_active":false,"_monsterinsights_sitenote_note":"","_monsterinsights_sitenote_category":0},"product_brand":[],"product_cat":[12291,17033],"product_tag":[],"class_list":{"0":"post-724141","1":"product","2":"type-product","3":"status-publish","5":"product_cat-edebiyat","6":"product_cat-korku-gerilim","7":"pa_cilt-ciltsiz","8":"pa_tur-kitap","9":"pa_yayinevi-ithaki-yayinlari","10":"pa_yazar-mary-shelley","12":"first","13":"instock","14":"sale","15":"shipping-taxable","16":"purchasable","17":"product-type-simple"},"_links":{"self":[{"href":"https:\/\/roveyayinevi.com.tr\/index.php\/wp-json\/wp\/v2\/product\/724141","targetHints":{"allow":["GET"]}}],"collection":[{"href":"https:\/\/roveyayinevi.com.tr\/index.php\/wp-json\/wp\/v2\/product"}],"about":[{"href":"https:\/\/roveyayinevi.com.tr\/index.php\/wp-json\/wp\/v2\/types\/product"}],"wp:attachment":[{"href":"https:\/\/roveyayinevi.com.tr\/index.php\/wp-json\/wp\/v2\/media?parent=724141"}],"wp:term":[{"taxonomy":"product_brand","embeddable":true,"href":"https:\/\/roveyayinevi.com.tr\/index.php\/wp-json\/wp\/v2\/product_brand?post=724141"},{"taxonomy":"product_cat","embeddable":true,"href":"https:\/\/roveyayinevi.com.tr\/index.php\/wp-json\/wp\/v2\/product_cat?post=724141"},{"taxonomy":"product_tag","embeddable":true,"href":"https:\/\/roveyayinevi.com.tr\/index.php\/wp-json\/wp\/v2\/product_tag?post=724141"}],"curies":[{"name":"wp","href":"https:\/\/api.w.org\/{rel}","templated":true}]}}