{"id":724140,"date":"2025-08-27T19:29:56","date_gmt":"2025-08-27T16:29:56","guid":{"rendered":"https:\/\/roveyayinevi.com.tr\/index.php\/urun\/uzlastiricinin-pencesi\/"},"modified":"2026-04-16T02:31:56","modified_gmt":"2026-04-15T23:31:56","slug":"uzlastiricinin-pencesi","status":"publish","type":"product","link":"https:\/\/roveyayinevi.com.tr\/index.php\/urun\/uzlastiricinin-pencesi\/","title":{"rendered":"Uzla\u015ft\u0131r\u0131c\u0131n\u0131n Pen\u00e7esi"},"content":{"rendered":"<p>\u201cWolfe\u2019tan \u00e7ok \u015fey \u00f6\u011frendim. Muazzam bir yazar, yazd\u0131\u011f\u0131m\u0131z t\u00fcrde eserler veren sanat\u00e7\u0131lar aras\u0131nda en iyilerinden. Yeni G\u00fcne\u015f Kitab\u0131 da t\u00fcm zamanlar\u0131n en \u00f6nemli bilimsel fantazi epiklerinden.\u201d \u2013George R. R. Martin   \u201cGe\u00e7ti\u011fimiz y\u00fczy\u0131l\u0131n en iyi bilimkurgu roman\u0131.\u201d \u2013Neil Gaiman     Nebula En \u0130yi Roman \u00d6d\u00fcl\u00fc Locus En \u0130yi Fantazi Roman\u0131 \u00d6d\u00fcl\u00fc   \u201cKALIBIMIZIN DI\u015eINA \u00c7IKAMAMAMIZ, H\u00c2L\u00c2 YEG\u00c2NE AFFED\u0130LMEZ G\u00dcNAHIMIZDIR.\u201d   Bilimkurgunun Melville\u2019i olarak bilinen Gene Wolfe, spek\u00fclatif edebiyat\u0131n s\u0131n\u0131rlar\u0131n\u0131 zorlayan, fantaziden bilim ve bilimden de fantazi \u00e7\u0131karmay\u0131 ba\u015faran, t\u00fcr\u00fcn her alan\u0131nda e\u015fit muazzaml\u0131kta eserler veren ender yazarlardan biri. Wolfe\u2019un dilin ve t\u00fcr\u00fcn imk\u00e2nlar\u0131n\u0131 sonuna kadar kulland\u0131\u011f\u0131, bilimkurgunun Ulysess\u2019i olarak da an\u0131lan Yeni G\u00fcne\u015f Kitab\u0131\u2019n\u0131n ikinci cildi Uzla\u015ft\u0131r\u0131c\u0131n\u0131n Pen\u00e7esi de en az ilki kadar esrarengiz.   G\u00fcn\u00fcm\u00fczden y\u00fcz binlerce y\u0131l sonras\u0131. Ancak \u00f6yle bir gelecek ki ge\u00e7mi\u015ften fark\u0131 yok. Bug\u00fcne ait k\u00fclt\u00fcr ve olaylar art\u0131k bir an\u0131 bile de\u011fil. Gezegen, beklenmedik ve gizemli bi\u00e7imlerde de\u011fi\u015fimler ge\u00e7irmi\u015f. G\u00fcne\u015f\u2019in \u00f6mr\u00fcn\u00fcn sonu gelmi\u015f, s\u00f6nmekte.   \u0130\u015fkenceci Severian\u2019\u0131n, s\u00fcrg\u00fcn edildi\u011fi Thrax \u015fehrine yolculu\u011fu devam ediyor. Severian\u2019\u0131n yan\u0131nda, kadim bir nesne de var art\u0131k. Kimi zaman iyile\u015ftiren, kimi zaman sadece c\u0131l\u0131z bir \u0131\u015f\u0131k yayan Pen\u00e7e.   Severian k\u0131l\u0131c\u0131 Terminus Est kadar keskin bir \u00e7izginin \u00fczerinde kaderini anlamaya \u00e7al\u0131\u015f\u0131rken, sadakatini isteyen kuvvetlerin aras\u0131ndan is karas\u0131 peleriniyle ge\u00e7ip gidecek. \u00d6n\u00fcne maymunsu canl\u0131lar \u00e7\u0131kacak, sonunda bir ba\u015fkas\u0131n\u0131n hat\u0131ralar\u0131n\u0131 t\u00fcketti\u011fi bir ayine kat\u0131lacak ve ba\u015fka \u00e2lemleri g\u00f6steren bir kitap konacak \u00f6n\u00fcne. G\u00fcne\u015f elbet bir g\u00fcn \u00f6lecek. Ve Yeni G\u00fcne\u015f elbet bir g\u00fcn do\u011facak.   Uzla\u015ft\u0131r\u0131c\u0131n\u0131n Pen\u00e7esi, a\u00e7\u0131\u011fa \u00e7\u0131kard\u0131\u011f\u0131 kadar saklayan \u0131\u015f\u0131\u011f\u0131n kitab\u0131. <\/p>\n","protected":false},"excerpt":{"rendered":"<p>\u201cWolfe\u2019tan \u00e7ok \u015fey \u00f6\u011frendim. Muazzam bir yazar, yazd\u0131\u011f\u0131m\u0131z t\u00fcrde eserler veren sanat\u00e7\u0131lar aras\u0131nda en iyilerinden. Yeni G\u00fcne\u015f Kitab\u0131 da t\u00fcm zamanlar\u0131n en \u00f6nemli bilimsel fantazi epiklerinden.\u201d<span class=\"excerpt-hellip\"> [\u2026]<\/span><\/p>\n","protected":false},"featured_media":0,"template":"","meta":{"_monsterinsights_skip_tracking":false,"_monsterinsights_sitenote_active":false,"_monsterinsights_sitenote_note":"","_monsterinsights_sitenote_category":0},"product_brand":[],"product_cat":[12540,12291],"product_tag":[],"class_list":{"0":"post-724140","1":"product","2":"type-product","3":"status-publish","5":"product_cat-bilim-kurgu","6":"product_cat-edebiyat","7":"pa_cilt-ciltsiz","8":"pa_tur-kitap","9":"pa_yayinevi-ithaki-yayinlari","10":"pa_yazar-gene-wolfe","12":"first","13":"instock","14":"sale","15":"shipping-taxable","16":"purchasable","17":"product-type-simple"},"_links":{"self":[{"href":"https:\/\/roveyayinevi.com.tr\/index.php\/wp-json\/wp\/v2\/product\/724140","targetHints":{"allow":["GET"]}}],"collection":[{"href":"https:\/\/roveyayinevi.com.tr\/index.php\/wp-json\/wp\/v2\/product"}],"about":[{"href":"https:\/\/roveyayinevi.com.tr\/index.php\/wp-json\/wp\/v2\/types\/product"}],"wp:attachment":[{"href":"https:\/\/roveyayinevi.com.tr\/index.php\/wp-json\/wp\/v2\/media?parent=724140"}],"wp:term":[{"taxonomy":"product_brand","embeddable":true,"href":"https:\/\/roveyayinevi.com.tr\/index.php\/wp-json\/wp\/v2\/product_brand?post=724140"},{"taxonomy":"product_cat","embeddable":true,"href":"https:\/\/roveyayinevi.com.tr\/index.php\/wp-json\/wp\/v2\/product_cat?post=724140"},{"taxonomy":"product_tag","embeddable":true,"href":"https:\/\/roveyayinevi.com.tr\/index.php\/wp-json\/wp\/v2\/product_tag?post=724140"}],"curies":[{"name":"wp","href":"https:\/\/api.w.org\/{rel}","templated":true}]}}