{"id":724105,"date":"2025-08-27T19:29:31","date_gmt":"2025-08-27T16:29:31","guid":{"rendered":"https:\/\/roveyayinevi.com.tr\/index.php\/urun\/liderlik-ve-motivasyon\/"},"modified":"2026-04-12T02:38:01","modified_gmt":"2026-04-11T23:38:01","slug":"liderlik-ve-motivasyon","status":"publish","type":"product","link":"https:\/\/roveyayinevi.com.tr\/index.php\/urun\/liderlik-ve-motivasyon\/","title":{"rendered":"Liderlik ve Motivasyon"},"content":{"rendered":"<p>Ki\u015fisel Geli\u015fim kitaplar\u0131 serimizin elinizde bulunan \u00fc\u00e7\u00fcnc\u00fcs\u00fcnde L\u0130DERL\u0130K ve MOT\u0130VASYON konusunu inceliyoruz. Bu kitab\u0131n a\u011f\u0131rl\u0131kl\u0131 b\u00f6l\u00fcm\u00fcn\u00fc L\u0130DERL\u0130K konusu olu\u015fturuyor. Liderlik ile ilgili b\u00f6l\u00fcmde de do\u011fal olarak lider tan\u0131m\u0131na, lider \u00f6zelliklerine ve liderli\u011fi bilinen \u00f6rnek ki\u015filere yer veriliyor ama t\u00fcm bu anlat\u0131mlar\u0131n temel amac\u0131, bu bilgileri harekete ge\u00e7irerek i\u00e7inizdeki lideri ke\u015ffedip, ortaya \u00e7\u0131karman\u0131za yard\u0131mc\u0131 olmakt\u0131r. Bu kitab\u0131, kendi liderlik \u00f6zelliklerini ke\u015ffedip geli\u015ftirerek, hayata dair motivasyonunu y\u00fckseltmi\u015f insanlar\u0131 g\u00f6n\u00fcl huzuru i\u00e7erisinde okuman\u0131z dileklerimle\u2026 <\/p>\n","protected":false},"excerpt":{"rendered":"<p>Ki\u015fisel Geli\u015fim kitaplar\u0131 serimizin elinizde bulunan \u00fc\u00e7\u00fcnc\u00fcs\u00fcnde L\u0130DERL\u0130K ve MOT\u0130VASYON konusunu inceliyoruz. Bu kitab\u0131n a\u011f\u0131rl\u0131kl\u0131 b\u00f6l\u00fcm\u00fcn\u00fc L\u0130DERL\u0130K konusu olu\u015fturuyor. Liderlik ile ilgili b\u00f6l\u00fcmde de do\u011fal olarak<span class=\"excerpt-hellip\"> [\u2026]<\/span><\/p>\n","protected":false},"featured_media":0,"template":"","meta":{"_monsterinsights_skip_tracking":false,"_monsterinsights_sitenote_active":false,"_monsterinsights_sitenote_note":"","_monsterinsights_sitenote_category":0},"product_brand":[],"product_cat":[12364,12376],"product_tag":[],"class_list":{"0":"post-724105","1":"product","2":"type-product","3":"status-publish","5":"product_cat-genel-konular","6":"product_cat-kisisel-gelisim","7":"pa_cilt-ciltsiz","8":"pa_tur-kitap","9":"pa_yayinevi-ayata-kitap","10":"pa_yazar-feyzullah-budak","12":"first","13":"instock","14":"sale","15":"shipping-taxable","16":"purchasable","17":"product-type-simple"},"_links":{"self":[{"href":"https:\/\/roveyayinevi.com.tr\/index.php\/wp-json\/wp\/v2\/product\/724105","targetHints":{"allow":["GET"]}}],"collection":[{"href":"https:\/\/roveyayinevi.com.tr\/index.php\/wp-json\/wp\/v2\/product"}],"about":[{"href":"https:\/\/roveyayinevi.com.tr\/index.php\/wp-json\/wp\/v2\/types\/product"}],"wp:attachment":[{"href":"https:\/\/roveyayinevi.com.tr\/index.php\/wp-json\/wp\/v2\/media?parent=724105"}],"wp:term":[{"taxonomy":"product_brand","embeddable":true,"href":"https:\/\/roveyayinevi.com.tr\/index.php\/wp-json\/wp\/v2\/product_brand?post=724105"},{"taxonomy":"product_cat","embeddable":true,"href":"https:\/\/roveyayinevi.com.tr\/index.php\/wp-json\/wp\/v2\/product_cat?post=724105"},{"taxonomy":"product_tag","embeddable":true,"href":"https:\/\/roveyayinevi.com.tr\/index.php\/wp-json\/wp\/v2\/product_tag?post=724105"}],"curies":[{"name":"wp","href":"https:\/\/api.w.org\/{rel}","templated":true}]}}