{"id":724103,"date":"2025-08-27T19:29:29","date_gmt":"2025-08-27T16:29:29","guid":{"rendered":"https:\/\/roveyayinevi.com.tr\/index.php\/urun\/idil-ural-kurultayi\/"},"modified":"2026-04-16T02:31:56","modified_gmt":"2026-04-15T23:31:56","slug":"idil-ural-kurultayi","status":"publish","type":"product","link":"https:\/\/roveyayinevi.com.tr\/index.php\/urun\/idil-ural-kurultayi\/","title":{"rendered":"\u0130dil \u2013 Ural Kurultay\u0131"},"content":{"rendered":"<p>Eserde, \u0130kinci D\u00fcnya sava\u015f\u0131 y\u0131llar\u0131nda Hitler\u2019in himayesinde 6 Ekim 1942 tarihinde olu\u015fan \u0130dilUral Lejyonunca 35 Mart 1944\u2019te Almanya&#8217;n\u0131n Greifswald \u015fehrinde ger\u00e7ekle\u015fen \u0130dilUral Kurultay\u0131 kaleme al\u0131nm\u0131\u015ft\u0131r. Bu tarihi kurultaya \u0130dilUral halklar\u0131 Tatar, Ba\u015fkurt, \u00c7uva\u015f, Mari, Mordvinler ba\u015fta olmak \u00fczere \u00fcst d\u00fczey Alman yetkililer, Do\u011fu Bakanl\u0131\u011f\u0131 ad\u0131na prof. Von Mende ve K\u0131r\u0131m Tatar, T\u00fcrkistan ve Azerbaycan olmak \u00fczere T\u00fcrk D\u00fcnyas\u0131 temsilcileri de i\u015ftirak etmi\u015ftir. \u201cMilli Ba\u011f\u0131ms\u0131zl\u0131k \u0130\u00e7in M\u00fccadeleye\u201d \u015fiar\u0131 alt\u0131nda ger\u00e7ekle\u015fen kurultay\u0131n g\u00fcndemi 4 ana ba\u015fl\u0131ktan olu\u015fmu\u015ftur. \u0130lk olarak T\u00fcrkTatar halk\u0131n\u0131n milli te\u015fkilat\u0131n\u0131n ba\u015fkan\u0131 \u015eafi Almas \u201cBir Milletin G\u00fcc\u00fc \u2013 Ortak Arzuda, Ortak Yolda \u0130lerlemektedir\u201d ba\u015fl\u0131kl\u0131 konu\u015fma yapm\u0131\u015ft\u0131r. Daha sonra Almas\u2019\u0131n nutku \u00fczerine mill\u00ee, dini, ekonomik, e\u011fitim, propaganda gibi konular de\u011ferlendirilmi\u015ftir. Kurultay\u2019da \u0130dilUral b\u00f6lgesinin d\u00fcn\u00fc ve bug\u00fcn\u00fc konu\u015fulmu\u015f, gelecekte yap\u0131lacaklar karara ba\u011flanm\u0131\u015ft\u0131r. Kurultay&#8217;da konu\u015fulanlar ve al\u0131nan kararlar \u0130dilUral halk\u0131 i\u00e7in bug\u00fcn de \u00f6nemli ve hayatidir. \u0130dilUral T\u00fcrklerinin milli ba\u011f\u0131ms\u0131zl\u0131k m\u00fccadelesinde \u00f6nemli bir yeri olan bu kurultay T\u00fcrkiye&#8217;de bug\u00fcne kadar ara\u015ft\u0131r\u0131lmam\u0131\u015ft\u0131r. 1944 \u0130dilUral Kurultay\u0131n\u0131n tam metni ilk kez kitapta okurlar\u0131n be\u011fenisine sunulmaktad\u0131r. S\u00f6z konusu kurultay yaln\u0131z \u0130dilUral b\u00f6lgesi T\u00fcrkleri bak\u0131m\u0131ndan de\u011fil genel T\u00fcrk tarihinin de \u00f6nemli bir par\u00e7as\u0131d\u0131r. <\/p>\n","protected":false},"excerpt":{"rendered":"<p>Eserde, \u0130kinci D\u00fcnya sava\u015f\u0131 y\u0131llar\u0131nda Hitler\u2019in himayesinde 6 Ekim 1942 tarihinde olu\u015fan \u0130dilUral Lejyonunca 35 Mart 1944\u2019te Almanya&#8217;n\u0131n Greifswald \u015fehrinde ger\u00e7ekle\u015fen \u0130dilUral Kurultay\u0131 kaleme al\u0131nm\u0131\u015ft\u0131r. Bu<span class=\"excerpt-hellip\"> [\u2026]<\/span><\/p>\n","protected":false},"featured_media":0,"template":"","meta":{"_monsterinsights_skip_tracking":false,"_monsterinsights_sitenote_active":false,"_monsterinsights_sitenote_note":"","_monsterinsights_sitenote_category":0},"product_brand":[],"product_cat":[12370,12304],"product_tag":[],"class_list":{"0":"post-724103","1":"product","2":"type-product","3":"status-publish","5":"product_cat-arastirma-inceleme","6":"product_cat-tarih","7":"pa_cilt-ciltsiz","8":"pa_tur-kitap","9":"pa_yayinevi-hitabevi-yayinlari","10":"pa_yazar-roza-kurban","12":"first","13":"instock","14":"sale","15":"shipping-taxable","16":"purchasable","17":"product-type-simple"},"_links":{"self":[{"href":"https:\/\/roveyayinevi.com.tr\/index.php\/wp-json\/wp\/v2\/product\/724103","targetHints":{"allow":["GET"]}}],"collection":[{"href":"https:\/\/roveyayinevi.com.tr\/index.php\/wp-json\/wp\/v2\/product"}],"about":[{"href":"https:\/\/roveyayinevi.com.tr\/index.php\/wp-json\/wp\/v2\/types\/product"}],"wp:attachment":[{"href":"https:\/\/roveyayinevi.com.tr\/index.php\/wp-json\/wp\/v2\/media?parent=724103"}],"wp:term":[{"taxonomy":"product_brand","embeddable":true,"href":"https:\/\/roveyayinevi.com.tr\/index.php\/wp-json\/wp\/v2\/product_brand?post=724103"},{"taxonomy":"product_cat","embeddable":true,"href":"https:\/\/roveyayinevi.com.tr\/index.php\/wp-json\/wp\/v2\/product_cat?post=724103"},{"taxonomy":"product_tag","embeddable":true,"href":"https:\/\/roveyayinevi.com.tr\/index.php\/wp-json\/wp\/v2\/product_tag?post=724103"}],"curies":[{"name":"wp","href":"https:\/\/api.w.org\/{rel}","templated":true}]}}