{"id":724097,"date":"2025-08-27T19:29:26","date_gmt":"2025-08-27T16:29:26","guid":{"rendered":"https:\/\/roveyayinevi.com.tr\/index.php\/urun\/katilimci-demokrasi-trakyada-yerel-katilim-pratikleri\/"},"modified":"2026-04-16T02:31:56","modified_gmt":"2026-04-15T23:31:56","slug":"katilimci-demokrasi-trakyada-yerel-katilim-pratikleri","status":"publish","type":"product","link":"https:\/\/roveyayinevi.com.tr\/index.php\/urun\/katilimci-demokrasi-trakyada-yerel-katilim-pratikleri\/","title":{"rendered":"Kat\u0131l\u0131mc\u0131 Demokrasi : Trakya&#8217;da Yerel Kat\u0131l\u0131m Pratikleri"},"content":{"rendered":"<p>Kat\u0131l\u0131mc\u0131 Demokrasi : Trakya&#8217;da Yerel Kat\u0131l\u0131m Pratikleri<\/p>\n","protected":false},"excerpt":{"rendered":"<p>Kat\u0131l\u0131mc\u0131 Demokrasi : Trakya&#8217;da Yerel Kat\u0131l\u0131m Pratikleri<\/p>\n","protected":false},"featured_media":0,"template":"","meta":{"_monsterinsights_skip_tracking":false,"_monsterinsights_sitenote_active":false,"_monsterinsights_sitenote_note":"","_monsterinsights_sitenote_category":0},"product_brand":[],"product_cat":[12767,12324],"product_tag":[],"class_list":{"0":"post-724097","1":"product","2":"type-product","3":"status-publish","5":"product_cat-kentlesme-modernlesme","6":"product_cat-sosyoloji","7":"pa_cilt-ciltsiz","8":"pa_tur-kitap","9":"pa_yayinevi-gazi-kitabevi","10":"pa_yazar-miray-ozden","12":"first","13":"instock","14":"sale","15":"shipping-taxable","16":"purchasable","17":"product-type-simple"},"_links":{"self":[{"href":"https:\/\/roveyayinevi.com.tr\/index.php\/wp-json\/wp\/v2\/product\/724097","targetHints":{"allow":["GET"]}}],"collection":[{"href":"https:\/\/roveyayinevi.com.tr\/index.php\/wp-json\/wp\/v2\/product"}],"about":[{"href":"https:\/\/roveyayinevi.com.tr\/index.php\/wp-json\/wp\/v2\/types\/product"}],"wp:attachment":[{"href":"https:\/\/roveyayinevi.com.tr\/index.php\/wp-json\/wp\/v2\/media?parent=724097"}],"wp:term":[{"taxonomy":"product_brand","embeddable":true,"href":"https:\/\/roveyayinevi.com.tr\/index.php\/wp-json\/wp\/v2\/product_brand?post=724097"},{"taxonomy":"product_cat","embeddable":true,"href":"https:\/\/roveyayinevi.com.tr\/index.php\/wp-json\/wp\/v2\/product_cat?post=724097"},{"taxonomy":"product_tag","embeddable":true,"href":"https:\/\/roveyayinevi.com.tr\/index.php\/wp-json\/wp\/v2\/product_tag?post=724097"}],"curies":[{"name":"wp","href":"https:\/\/api.w.org\/{rel}","templated":true}]}}