{"id":724081,"date":"2025-08-27T19:29:14","date_gmt":"2025-08-27T16:29:14","guid":{"rendered":"https:\/\/roveyayinevi.com.tr\/index.php\/urun\/cokus-ve-yukselis-ciltli\/"},"modified":"2026-04-03T02:38:18","modified_gmt":"2026-04-02T23:38:18","slug":"cokus-ve-yukselis-ciltli","status":"publish","type":"product","link":"https:\/\/roveyayinevi.com.tr\/index.php\/urun\/cokus-ve-yukselis-ciltli\/","title":{"rendered":"\u00c7\u00f6k\u00fc\u015f ve Y\u00fckseli\u015f (Ciltli)"},"content":{"rendered":"<p>Ba\u015fkent d\u00fc\u015ft\u00fc. Karanl\u0131klar Efendisi g\u00f6lgeden taht\u0131nda h\u00fck\u00fcm s\u00fcrmekte. \u00dclkenin kaderiyse; g\u00fcc\u00fcn\u00fc yitirmi\u015f bir G\u00fcne\u015fin El\u00e7isi, g\u00f6zden d\u00fc\u015fm\u00fc\u015f bir avc\u0131 ve b\u00fcy\u00fck kay\u0131plar vermi\u015f bir ordudan geriye kalanlar\u0131n elinde. Alina, Karanl\u0131klar Efendisi\u2019nin s\u0131rlar\u0131n\u0131 \u00e7\u00f6zmeye ba\u015flad\u0131\u011f\u0131nda, payla\u015ft\u0131klar\u0131 ba\u011f hakk\u0131ndaki fikrini sonsuza dek de\u011fi\u015ftirecek bir ge\u00e7mi\u015fi ke\u015ffedecektir. Ate\u015fku\u015fu, \u00fclkesini y\u0131k\u0131mdan kurtaracak tek anahtar gibi g\u00f6r\u00fcnmektedir. \u015eimdi Alina her zaman u\u011fruna sava\u015ft\u0131\u011f\u0131 gelece\u011fe mal olacak bir se\u00e7imle kar\u015f\u0131 kar\u015f\u0131yad\u0131r.Yorumlar\u201cSerinin \u00fc\u00e7\u00fcnc\u00fc kitab\u0131 \u00c7\u00f6k\u00fc\u015f ve Y\u00fckseli\u015f\u2019te, uzun s\u00fcre ak\u0131llardan \u00e7\u0131kmayacak ve nefes kesen bir sona imza at\u0131lm\u0131\u015f. Kesinlikle ola\u011fan\u00fcst\u00fc.\u201dAmazon\u201cEntrika ve heyecan\u0131n h\u0131z kesmedi\u011fi efsanevi bir final.\u201dKirkus Reviews\u201cBardugo serinin takip\u00e7ilerini kesinlikle hayal k\u0131r\u0131kl\u0131\u011f\u0131na u\u011fratmayacak bir fantastik ser\u00fcvenle daha kar\u015f\u0131m\u0131zda.\u201dLos Angeles Times<\/p>\n","protected":false},"excerpt":{"rendered":"<p>Ba\u015fkent d\u00fc\u015ft\u00fc. Karanl\u0131klar Efendisi g\u00f6lgeden taht\u0131nda h\u00fck\u00fcm s\u00fcrmekte. \u00dclkenin kaderiyse; g\u00fcc\u00fcn\u00fc yitirmi\u015f bir G\u00fcne\u015fin El\u00e7isi, g\u00f6zden d\u00fc\u015fm\u00fc\u015f bir avc\u0131 ve b\u00fcy\u00fck kay\u0131plar vermi\u015f bir ordudan geriye<span class=\"excerpt-hellip\"> [\u2026]<\/span><\/p>\n","protected":false},"featured_media":0,"template":"","meta":{"_monsterinsights_skip_tracking":false,"_monsterinsights_sitenote_active":false,"_monsterinsights_sitenote_note":"","_monsterinsights_sitenote_category":0},"product_brand":[],"product_cat":[12291,12711],"product_tag":[],"class_list":{"0":"post-724081","1":"product","2":"type-product","3":"status-publish","5":"product_cat-edebiyat","6":"product_cat-roman-oyku","7":"pa_cilt-ciltli","8":"pa_tur-kitap","9":"pa_yayinevi-marti-yayinlari","10":"pa_yazar-leigh-bardugo","12":"first","13":"instock","14":"sale","15":"shipping-taxable","16":"purchasable","17":"product-type-simple"},"_links":{"self":[{"href":"https:\/\/roveyayinevi.com.tr\/index.php\/wp-json\/wp\/v2\/product\/724081","targetHints":{"allow":["GET"]}}],"collection":[{"href":"https:\/\/roveyayinevi.com.tr\/index.php\/wp-json\/wp\/v2\/product"}],"about":[{"href":"https:\/\/roveyayinevi.com.tr\/index.php\/wp-json\/wp\/v2\/types\/product"}],"wp:attachment":[{"href":"https:\/\/roveyayinevi.com.tr\/index.php\/wp-json\/wp\/v2\/media?parent=724081"}],"wp:term":[{"taxonomy":"product_brand","embeddable":true,"href":"https:\/\/roveyayinevi.com.tr\/index.php\/wp-json\/wp\/v2\/product_brand?post=724081"},{"taxonomy":"product_cat","embeddable":true,"href":"https:\/\/roveyayinevi.com.tr\/index.php\/wp-json\/wp\/v2\/product_cat?post=724081"},{"taxonomy":"product_tag","embeddable":true,"href":"https:\/\/roveyayinevi.com.tr\/index.php\/wp-json\/wp\/v2\/product_tag?post=724081"}],"curies":[{"name":"wp","href":"https:\/\/api.w.org\/{rel}","templated":true}]}}