{"id":724077,"date":"2025-08-27T19:29:11","date_gmt":"2025-08-27T16:29:11","guid":{"rendered":"https:\/\/roveyayinevi.com.tr\/index.php\/urun\/das-spannungsgeladene-zusammenspiel-von-zivilgesellschaft-und-staat-in-der-turkei\/"},"modified":"2026-04-16T02:31:55","modified_gmt":"2026-04-15T23:31:55","slug":"das-spannungsgeladene-zusammenspiel-von-zivilgesellschaft-und-staat-in-der-turkei","status":"publish","type":"product","link":"https:\/\/roveyayinevi.com.tr\/index.php\/urun\/das-spannungsgeladene-zusammenspiel-von-zivilgesellschaft-und-staat-in-der-turkei\/","title":{"rendered":"Das spannungsgeladene Zusammenspiel von Zivilgesellschaft und Staat in der T\u00fcrkei"},"content":{"rendered":"<p>Die Osmanische Gesellschaft hatte in der klassischen Zeit eigene gesellschaftliche Institutionen, die teils auf nach\u00f6stlichen und teils auf nomadischen turkmenischen administrativen Prinzipien basierten. In diesem Buch wird \u00fcber die Funktionen und die soziale Rolle diese Institutionen berichtet.Die Ideologie der Jungt\u00fcrken wurde von den Managern der t\u00fcrkischen Republik herzlich begr\u00fc\u00dft und so wurden das Konzept und die Mentalit\u00e4t des Positivismus angenommen. In diesem Hinblick kann man davon ausgehen, die Republik ist keine Durchbrechung in kulturellen Hinsicht und entspricht auch Staatsr\u00e4son.Das Fehlen eines signifikanten Fortschritts im Hinblick auf die Mitgliedschaft zur EU und die geopolitische Lage der T\u00fcrkei \u00fcben einen negativen Einfluss auf die t\u00fcrkische Zivilgesellschaft.Dieses Buch untersucht die Beziehungen zwischen Staat und Gesellschaft der t\u00fcrkischen Gesellschaft von gestern auf heute. Dabei stellt sich heraus, dass soziale Mentalit\u00e4t sehr wichtig ist.<\/p>\n","protected":false},"excerpt":{"rendered":"<p>Die Osmanische Gesellschaft hatte in der klassischen Zeit eigene gesellschaftliche Institutionen, die teils auf nach\u00f6stlichen und teils auf nomadischen turkmenischen administrativen Prinzipien basierten. In diesem Buch<span class=\"excerpt-hellip\"> [\u2026]<\/span><\/p>\n","protected":false},"featured_media":0,"template":"","meta":{"_monsterinsights_skip_tracking":false,"_monsterinsights_sitenote_active":false,"_monsterinsights_sitenote_note":"","_monsterinsights_sitenote_category":0},"product_brand":[],"product_cat":[15350,17602],"product_tag":[],"class_list":{"0":"post-724077","1":"product","2":"type-product","3":"status-publish","5":"product_cat-hukuk","6":"product_cat-hukuk-uzerine","7":"pa_cilt-ciltsiz","8":"pa_tur-kitap","9":"pa_yayinevi-astana-yayinlari","10":"pa_yazar-ilyas-dogan","12":"first","13":"instock","14":"sale","15":"shipping-taxable","16":"purchasable","17":"product-type-simple"},"_links":{"self":[{"href":"https:\/\/roveyayinevi.com.tr\/index.php\/wp-json\/wp\/v2\/product\/724077","targetHints":{"allow":["GET"]}}],"collection":[{"href":"https:\/\/roveyayinevi.com.tr\/index.php\/wp-json\/wp\/v2\/product"}],"about":[{"href":"https:\/\/roveyayinevi.com.tr\/index.php\/wp-json\/wp\/v2\/types\/product"}],"wp:attachment":[{"href":"https:\/\/roveyayinevi.com.tr\/index.php\/wp-json\/wp\/v2\/media?parent=724077"}],"wp:term":[{"taxonomy":"product_brand","embeddable":true,"href":"https:\/\/roveyayinevi.com.tr\/index.php\/wp-json\/wp\/v2\/product_brand?post=724077"},{"taxonomy":"product_cat","embeddable":true,"href":"https:\/\/roveyayinevi.com.tr\/index.php\/wp-json\/wp\/v2\/product_cat?post=724077"},{"taxonomy":"product_tag","embeddable":true,"href":"https:\/\/roveyayinevi.com.tr\/index.php\/wp-json\/wp\/v2\/product_tag?post=724077"}],"curies":[{"name":"wp","href":"https:\/\/api.w.org\/{rel}","templated":true}]}}