{"id":724066,"date":"2025-08-27T19:29:03","date_gmt":"2025-08-27T16:29:03","guid":{"rendered":"https:\/\/roveyayinevi.com.tr\/index.php\/urun\/kesifler-sezgi-sans-ve-kararlilik-oykuleri\/"},"modified":"2026-04-16T02:31:55","modified_gmt":"2026-04-15T23:31:55","slug":"kesifler-sezgi-sans-ve-kararlilik-oykuleri","status":"publish","type":"product","link":"https:\/\/roveyayinevi.com.tr\/index.php\/urun\/kesifler-sezgi-sans-ve-kararlilik-oykuleri\/","title":{"rendered":"Ke\u015fifler &#8211; Sezgi \u015eans ve Kararl\u0131l\u0131k \u00d6yk\u00fcleri"},"content":{"rendered":"<p>Parmak izinin ke\u015ffi, kan dola\u015f\u0131m\u0131n\u0131n, yer\u00e7ekiminin, a\u015f\u0131n\u0131n, elektri\u011fin, radyoaktivitenin ke\u015ffi\u2026 hepsi insanl\u0131\u011f\u0131n y\u00f6n\u00fcn\u00fc de\u011fi\u015ftirdi.Peki, co\u011frafyadan fizi\u011fe pek \u00e7ok dalda \u00e7al\u0131\u015fan bilim insan\u0131, doktor, arkeolog ve k\u00e2\u015fifler hangi g\u00fc\u00e7l\u00fc isteklerle bu ke\u015fifleri yapt\u0131lar? Onlar\u0131 harekete ge\u00e7iren ilk parlak fikir neydi, hangi a\u015famalarda zorland\u0131lar, ke\u015fiflerini nas\u0131l ba\u015far\u0131yla sonu\u00e7land\u0131rd\u0131lar?D\u00fcnyay\u0131 de\u011fi\u015ftiren 16 ke\u015ffin ilgi \u00e7ekici hik\u00e2yelerini yal\u0131n ve e\u011flenceli bir dille anlatan Ke\u015fifler kitab\u0131, 10 ya\u015f ve \u00fczeri okurlar\u0131 hem bilgilendiriyor hem de onlara ilham veriyor.<\/p>\n","protected":false},"excerpt":{"rendered":"<p>Parmak izinin ke\u015ffi, kan dola\u015f\u0131m\u0131n\u0131n, yer\u00e7ekiminin, a\u015f\u0131n\u0131n, elektri\u011fin, radyoaktivitenin ke\u015ffi\u2026 hepsi insanl\u0131\u011f\u0131n y\u00f6n\u00fcn\u00fc de\u011fi\u015ftirdi.Peki, co\u011frafyadan fizi\u011fe pek \u00e7ok dalda \u00e7al\u0131\u015fan bilim insan\u0131, doktor, arkeolog ve k\u00e2\u015fifler<span class=\"excerpt-hellip\"> [\u2026]<\/span><\/p>\n","protected":false},"featured_media":0,"template":"","meta":{"_monsterinsights_skip_tracking":false,"_monsterinsights_sitenote_active":false,"_monsterinsights_sitenote_note":"","_monsterinsights_sitenote_category":0},"product_brand":[],"product_cat":[13829,12274],"product_tag":[],"class_list":{"0":"post-724066","1":"product","2":"type-product","3":"status-publish","5":"product_cat-bilimsel-kitaplar","6":"product_cat-cocuk-ve-genclik-kitaplari","7":"pa_cilt-ciltsiz","8":"pa_tur-kitap","9":"pa_yayinevi-redhouse-kidz-yayinlari","10":"pa_yazar-christian-hill","12":"first","13":"instock","14":"sale","15":"shipping-taxable","16":"purchasable","17":"product-type-simple"},"_links":{"self":[{"href":"https:\/\/roveyayinevi.com.tr\/index.php\/wp-json\/wp\/v2\/product\/724066","targetHints":{"allow":["GET"]}}],"collection":[{"href":"https:\/\/roveyayinevi.com.tr\/index.php\/wp-json\/wp\/v2\/product"}],"about":[{"href":"https:\/\/roveyayinevi.com.tr\/index.php\/wp-json\/wp\/v2\/types\/product"}],"wp:attachment":[{"href":"https:\/\/roveyayinevi.com.tr\/index.php\/wp-json\/wp\/v2\/media?parent=724066"}],"wp:term":[{"taxonomy":"product_brand","embeddable":true,"href":"https:\/\/roveyayinevi.com.tr\/index.php\/wp-json\/wp\/v2\/product_brand?post=724066"},{"taxonomy":"product_cat","embeddable":true,"href":"https:\/\/roveyayinevi.com.tr\/index.php\/wp-json\/wp\/v2\/product_cat?post=724066"},{"taxonomy":"product_tag","embeddable":true,"href":"https:\/\/roveyayinevi.com.tr\/index.php\/wp-json\/wp\/v2\/product_tag?post=724066"}],"curies":[{"name":"wp","href":"https:\/\/api.w.org\/{rel}","templated":true}]}}