{"id":724054,"date":"2025-08-27T19:28:54","date_gmt":"2025-08-27T16:28:54","guid":{"rendered":"https:\/\/roveyayinevi.com.tr\/index.php\/urun\/a-rebours\/"},"modified":"2026-04-16T02:31:55","modified_gmt":"2026-04-15T23:31:55","slug":"a-rebours","status":"publish","type":"product","link":"https:\/\/roveyayinevi.com.tr\/index.php\/urun\/a-rebours\/","title":{"rendered":"A Rebours"},"content":{"rendered":"<p>\u00c9tant l\u2019un des plus remarquable \u00e9crivains naturalistes de son \u00e9poque, Huysmans est aussi accept\u00e9 le nom qui d\u00e9clare la finition de cette tendance avec son \u0153uvre \u00c0 rebours. \u00c0 travers le personnage de son h\u00e9ros, des Esseintes, il tourne le dos \u00e0 la soci\u00e9t\u00e9 et \u00e9clare les traces d\u2019un monde propice \u00e0 la pratique de l\u00b4extr\u00eame conscience de soi.<\/p>\n","protected":false},"excerpt":{"rendered":"<p>\u00c9tant l\u2019un des plus remarquable \u00e9crivains naturalistes de son \u00e9poque, Huysmans est aussi accept\u00e9 le nom qui d\u00e9clare la finition de cette tendance avec son \u0153uvre<span class=\"excerpt-hellip\"> [\u2026]<\/span><\/p>\n","protected":false},"featured_media":0,"template":"","meta":{"_monsterinsights_skip_tracking":false,"_monsterinsights_sitenote_active":false,"_monsterinsights_sitenote_note":"","_monsterinsights_sitenote_category":0},"product_brand":[],"product_cat":[12472],"product_tag":[],"class_list":{"0":"post-724054","1":"product","2":"type-product","3":"status-publish","5":"product_cat-yabanci-dilde-kitaplar","6":"pa_cilt-ciltsiz","7":"pa_tur-kitap","8":"pa_yayinevi-ideal-kultur-yayincilik","9":"pa_yazar-joris-karl-huysmans","11":"first","12":"instock","13":"sale","14":"shipping-taxable","15":"purchasable","16":"product-type-simple"},"_links":{"self":[{"href":"https:\/\/roveyayinevi.com.tr\/index.php\/wp-json\/wp\/v2\/product\/724054","targetHints":{"allow":["GET"]}}],"collection":[{"href":"https:\/\/roveyayinevi.com.tr\/index.php\/wp-json\/wp\/v2\/product"}],"about":[{"href":"https:\/\/roveyayinevi.com.tr\/index.php\/wp-json\/wp\/v2\/types\/product"}],"wp:attachment":[{"href":"https:\/\/roveyayinevi.com.tr\/index.php\/wp-json\/wp\/v2\/media?parent=724054"}],"wp:term":[{"taxonomy":"product_brand","embeddable":true,"href":"https:\/\/roveyayinevi.com.tr\/index.php\/wp-json\/wp\/v2\/product_brand?post=724054"},{"taxonomy":"product_cat","embeddable":true,"href":"https:\/\/roveyayinevi.com.tr\/index.php\/wp-json\/wp\/v2\/product_cat?post=724054"},{"taxonomy":"product_tag","embeddable":true,"href":"https:\/\/roveyayinevi.com.tr\/index.php\/wp-json\/wp\/v2\/product_tag?post=724054"}],"curies":[{"name":"wp","href":"https:\/\/api.w.org\/{rel}","templated":true}]}}