{"id":724040,"date":"2025-08-27T19:28:46","date_gmt":"2025-08-27T16:28:46","guid":{"rendered":"https:\/\/roveyayinevi.com.tr\/index.php\/urun\/ucurumlar\/"},"modified":"2026-03-13T02:32:34","modified_gmt":"2026-03-12T23:32:34","slug":"ucurumlar","status":"publish","type":"product","link":"https:\/\/roveyayinevi.com.tr\/index.php\/urun\/ucurumlar\/","title":{"rendered":"U\u00e7urumlar"},"content":{"rendered":"<p>Kuyular\u0131n yaln\u0131zl\u0131\u011f\u0131ndan geldim ben. Sadeliklerin en sadesi olan ve g\u0131rtla\u011f\u0131nda bir h\u0131r\u0131lt\u0131 olan, yutkunurken ruhundan bir p\u0131ht\u0131 kopan insan. Nas\u0131l kalabal\u0131k olur insan yaln\u0131zken? Yaln\u0131zl\u0131k bir u\u00e7urumsa, kalabal\u0131klar atlamakt\u0131r o u\u00e7urumdan. U\u00e7urum kalabal\u0131k yaln\u0131zl\u0131\u011f\u0131d\u0131r insan\u0131n\u2026<\/p>\n","protected":false},"excerpt":{"rendered":"<p>Kuyular\u0131n yaln\u0131zl\u0131\u011f\u0131ndan geldim ben. Sadeliklerin en sadesi olan ve g\u0131rtla\u011f\u0131nda bir h\u0131r\u0131lt\u0131 olan, yutkunurken ruhundan bir p\u0131ht\u0131 kopan insan. Nas\u0131l kalabal\u0131k olur insan yaln\u0131zken? Yaln\u0131zl\u0131k bir<span class=\"excerpt-hellip\"> [\u2026]<\/span><\/p>\n","protected":false},"featured_media":0,"template":"","meta":{"_monsterinsights_skip_tracking":false,"_monsterinsights_sitenote_active":false,"_monsterinsights_sitenote_note":"","_monsterinsights_sitenote_category":0},"product_brand":[],"product_cat":[12777,12291],"product_tag":[],"class_list":{"0":"post-724040","1":"product","2":"type-product","3":"status-publish","5":"product_cat-deneme","6":"product_cat-edebiyat","7":"pa_cilt-ciltsiz","8":"pa_tur-kitap","9":"pa_yayinevi-kirmizi-cati-yayinlari","10":"pa_yazar-ismail-kir","12":"first","13":"instock","14":"sale","15":"shipping-taxable","16":"purchasable","17":"product-type-simple"},"_links":{"self":[{"href":"https:\/\/roveyayinevi.com.tr\/index.php\/wp-json\/wp\/v2\/product\/724040","targetHints":{"allow":["GET"]}}],"collection":[{"href":"https:\/\/roveyayinevi.com.tr\/index.php\/wp-json\/wp\/v2\/product"}],"about":[{"href":"https:\/\/roveyayinevi.com.tr\/index.php\/wp-json\/wp\/v2\/types\/product"}],"wp:attachment":[{"href":"https:\/\/roveyayinevi.com.tr\/index.php\/wp-json\/wp\/v2\/media?parent=724040"}],"wp:term":[{"taxonomy":"product_brand","embeddable":true,"href":"https:\/\/roveyayinevi.com.tr\/index.php\/wp-json\/wp\/v2\/product_brand?post=724040"},{"taxonomy":"product_cat","embeddable":true,"href":"https:\/\/roveyayinevi.com.tr\/index.php\/wp-json\/wp\/v2\/product_cat?post=724040"},{"taxonomy":"product_tag","embeddable":true,"href":"https:\/\/roveyayinevi.com.tr\/index.php\/wp-json\/wp\/v2\/product_tag?post=724040"}],"curies":[{"name":"wp","href":"https:\/\/api.w.org\/{rel}","templated":true}]}}