{"id":724038,"date":"2025-08-27T19:28:44","date_gmt":"2025-08-27T16:28:44","guid":{"rendered":"https:\/\/roveyayinevi.com.tr\/index.php\/urun\/inovasyon-yonetimi\/"},"modified":"2026-04-16T02:31:54","modified_gmt":"2026-04-15T23:31:54","slug":"inovasyon-yonetimi","status":"publish","type":"product","link":"https:\/\/roveyayinevi.com.tr\/index.php\/urun\/inovasyon-yonetimi\/","title":{"rendered":"\u0130novasyon Y\u00f6netimi"},"content":{"rendered":"<p>\u0130\u00e7indekiler   1.      \u0130naktif \u00f6rg\u00fct k\u00fclt\u00fct\u00fc 2.      \u0130nsan kaynaklar\u0131 y\u00f6netiminin inovasyona etkileri 3.      G\u00fc\u00e7lendirici liderli\u011fin inovasyona etkileri 4.      Pozitif psikolojik bir kaynak olarak Psikolojik sermeye ve yenilik\u00e7i i\u015f davran\u0131\u015f\u0131 ile ili\u015fkisi 5.      \u0130\u00e7 giri\u015fimcilik ve inovasyon 6.      \u00d6rg\u00fctsel duygusal haf\u0131za ve giri\u015fimcilik ili\u015fkisinde inovayonun \u00f6nemi 7.      \u0130novasyon s\u00fcreci 8.      Yeni \u00fcr\u00fcn geli\u015ftirme y\u00f6netimi ve inovasyon ili\u015fkisi 9.      \u0130novasyon ve kalite ili\u015fkisi 10.  Outsourcing stratejilerinin inovasyona etkisi 11.  Tar\u0131m i\u015fletmelerinde \u00f6rg\u00fctsel yap\u0131n\u0131n inovasyona etkileri 12.  \u0130\u015fletmelerde bilgi teknolojileri ve inovasyon 13.  \u0130novasyon ve lojistik sekt\u00f6r\u00fc: Lojistik 4.0. 14.  Marka y\u00f6netiminde inovatif perspektifin \u00f6nemi <\/p>\n","protected":false},"excerpt":{"rendered":"<p>\u0130\u00e7indekiler 1. \u0130naktif \u00f6rg\u00fct k\u00fclt\u00fct\u00fc 2. \u0130nsan kaynaklar\u0131 y\u00f6netiminin inovasyona etkileri 3. G\u00fc\u00e7lendirici liderli\u011fin inovasyona etkileri 4. Pozitif psikolojik bir kaynak olarak Psikolojik sermeye ve yenilik\u00e7i<span class=\"excerpt-hellip\"> [\u2026]<\/span><\/p>\n","protected":false},"featured_media":0,"template":"","meta":{"_monsterinsights_skip_tracking":false,"_monsterinsights_sitenote_active":false,"_monsterinsights_sitenote_note":"","_monsterinsights_sitenote_category":0},"product_brand":[],"product_cat":[13043,17492],"product_tag":[],"class_list":{"0":"post-724038","1":"product","2":"type-product","3":"status-publish","5":"product_cat-ekonomi","6":"product_cat-pazarlama-satis-reklam","7":"pa_cilt-ciltsiz","8":"pa_tur-kitap","9":"pa_yayinevi-gazi-kitabevi","10":"pa_yazar-kolektif","12":"first","13":"instock","14":"sale","15":"shipping-taxable","16":"purchasable","17":"product-type-simple"},"_links":{"self":[{"href":"https:\/\/roveyayinevi.com.tr\/index.php\/wp-json\/wp\/v2\/product\/724038","targetHints":{"allow":["GET"]}}],"collection":[{"href":"https:\/\/roveyayinevi.com.tr\/index.php\/wp-json\/wp\/v2\/product"}],"about":[{"href":"https:\/\/roveyayinevi.com.tr\/index.php\/wp-json\/wp\/v2\/types\/product"}],"wp:attachment":[{"href":"https:\/\/roveyayinevi.com.tr\/index.php\/wp-json\/wp\/v2\/media?parent=724038"}],"wp:term":[{"taxonomy":"product_brand","embeddable":true,"href":"https:\/\/roveyayinevi.com.tr\/index.php\/wp-json\/wp\/v2\/product_brand?post=724038"},{"taxonomy":"product_cat","embeddable":true,"href":"https:\/\/roveyayinevi.com.tr\/index.php\/wp-json\/wp\/v2\/product_cat?post=724038"},{"taxonomy":"product_tag","embeddable":true,"href":"https:\/\/roveyayinevi.com.tr\/index.php\/wp-json\/wp\/v2\/product_tag?post=724038"}],"curies":[{"name":"wp","href":"https:\/\/api.w.org\/{rel}","templated":true}]}}